--
-- Host: localhost    Database: fmedia_apl
-- ------------------------------------------------------


--
-- Table structure for table `acoverage`
--

CREATE TABLE `acoverage` (
  `ACID` int(11) NOT NULL AUTO_INCREMENT,
  `Firm` varchar(200) NOT NULL,
  `Analyst` varchar(250) NOT NULL,
  `Phone` varchar(50) NOT NULL,
  `Email` varchar(200) NOT NULL,
  PRIMARY KEY (`ACID`)
) ENGINE=InnoDB AUTO_INCREMENT=7 DEFAULT CHARSET=latin1 COLLATE=latin1_swedish_ci;

--
-- Dumping data for table `acoverage`
--

INSERT INTO `acoverage` VALUES (2,'agung podomoro land','asda','asdas','asdas'),(5,'testing content','analyst coverage','123456','testing@analyst.com'),(6,'test','test','test','test');

--
-- Table structure for table `analytic`
--

CREATE TABLE `analytic` (
  `analytic_id` varchar(255) NOT NULL
) ENGINE=MyISAM DEFAULT CHARSET=latin1 COLLATE=latin1_swedish_ci;

--
-- Dumping data for table `analytic`
--

INSERT INTO `analytic` VALUES ('UA-XXXXXXX-8'),('UA-XXXXXXX-8');

--
-- Table structure for table `aoa`
--

CREATE TABLE `aoa` (
  `AOAID` int(11) NOT NULL AUTO_INCREMENT,
  `Title` varchar(100) NOT NULL,
  `DateEntry` date NOT NULL,
  `Description` longtext NOT NULL,
  PRIMARY KEY (`AOAID`)
) ENGINE=InnoDB AUTO_INCREMENT=6 DEFAULT CHARSET=latin1 COLLATE=latin1_swedish_ci;

--
-- Dumping data for table `aoa`
--

INSERT INTO `aoa` VALUES (2,'AoA Deed No.1 dated 2 Aug 2010 ','2012-10-22',''),(3,'Deed No.7 dated 5-Jun-2012','2012-10-22',''),(4,'Deed No.44 dated 17-Okt-2011','2012-10-22',''),(5,'Deed No.96 dated 31-May-2012','2012-10-22','');

--
-- Table structure for table `aplnews`
--

CREATE TABLE `aplnews` (
  `AplNewsID` int(20) NOT NULL AUTO_INCREMENT,
  `DateEntry` date NOT NULL,
  `Title` varchar(100) NOT NULL,
  `ShortDescription` longtext NOT NULL,
  `Description` longtext NOT NULL,
  PRIMARY KEY (`AplNewsID`)
) ENGINE=InnoDB AUTO_INCREMENT=16 DEFAULT CHARSET=latin1 COLLATE=latin1_swedish_ci;

--
-- Dumping data for table `aplnews`
--

INSERT INTO `aplnews` VALUES (1,'2011-07-29','Newsletter July 2011','','<p>&nbsp;</p>\r\n<p>Marketing sales exceeds Rp 2,8 trillion up to July 2011, more than 80% of our</p>\r\n<p>full year guidance. We believe this is the highest sales figure in the sector.</p>\r\n<p>&nbsp;</p>'),(2,'2011-08-31','Newsletter August 2011','','<p>&nbsp;</p>\r\n<p>Marketing sales exceeds IDR3.0 trillion up to August 2011, almost 90% of our full year</p>\r\n<p>guidance. We are optimistic that we will surpass our full year target.</p>\r\n<p>&nbsp;</p>'),(3,'2011-09-30','Newsletter September 2011','','<p>&nbsp;</p>\r\n<p>Marketing sales exceeds IDR3.3 trillion up to September 2011, increased by more</p>\r\n<p>than 93% compared to the same period of last year. We are optimistic that we will</p>\r\n<p>surpass our target of IDR3.5 trillion for 2011.</p>\r\n<p>&nbsp;</p>'),(4,'2011-10-31','Newsletter October 2011','','<p>\r\n<p>Marketing sales exceeds IDR3.7 trillion up to October 2011, surpassing the full year</p>\r\n<p>guidance for 2011. This is an increase of more than 97% compared to the same</p>\r\n<p>period of last year.</p>\r\n</p>'),(5,'2011-11-30','Newsletter November 2011','','<p>\r\n<p>Marketing sales exceeds IDR3.9 trillion up to November 2011, an increase of more than</p>\r\n<p>74% compared to the same period of last year.</p>\r\n</p>'),(6,'2011-12-31','Newsletter December 2011','','<p>\r\n<p>Marketing sales exceeds IDR4.2 trillion in Full Year 2011, an increase of more than 71%</p>\r\n<p>compared to last year. This achievement is 21% above our original budget. The main</p>\r\n<p>contributors were Green Bay with 31%, Podomoro City with 25% and Green Lake with</p>\r\n<p>17%.</p>\r\n</p>'),(7,'2012-01-31','Newsletter January 2012','','<p>\r\n<p>The Company recorded marketing sales of IDR430 billion in January 2012 which consist</p>\r\n<p>mostly of sales from Podomoro City of 42%, Green Bay 28%, Kuningan City 11% and</p>\r\n<p>Green Lake 10%.</p>\r\n</p>'),(8,'2012-03-31','Newsletter March 2012','','<p>\r\n<p>The Company achieved marketing sales of IDR1,213.1 billion in 1Q-2012, a growth in</p>\r\n<p>excess of 8% compared to 1Q-2011. 96% of these sales were from Green Bay, Podomoro</p>\r\n<p>City (including Podomoro City extension) and Green Lake.</p>\r\n</p>'),(9,'2012-05-31','Newsletter May 2012','','<p>\r\n<p>The Company achieved marketing sales of IDR1,548.6 billion YTD up to April 2012</p>\r\n<p>contributed mostly by the Green Bay Superblock, Podomoro City and its extension, Green</p>\r\n<p>Lake and Kuningan City.</p>\r\n</p>'),(10,'2012-06-05','Newsletter June 2012','','<p>\r\n<p>The Company achieved marketing sales of IDR2,005.1 billion YTD up to May 2012</p>\r\n<p>contributed mostly by the Green Bay Superblock and Podomoro City including its extension.</p>\r\n</p>'),(11,'2012-07-31','Newsletter July 2012','','<p>\r\n<p>The Company achieved marketing sales of IDR2,609.6 billion YTD June 2012. The Green</p>\r\n<p>Bay Superblock accounted for 53% while the new projects Metro Park Residence, Vimala</p>\r\n<p>Hills and Podomoro City Extension contributed 17% of total marketing sales.</p>\r\n</p>'),(12,'2012-08-01','Newsletter August 2012','',''),(13,'2012-09-30','Newsletter September 2012','',''),(14,'2012-10-31','Newsletter October 2012','',''),(15,'2012-11-08','Newsletter November 2012','','');

--
-- Table structure for table `areport`
--

CREATE TABLE `areport` (
  `ARID` int(11) NOT NULL AUTO_INCREMENT,
  `Title` varchar(200) NOT NULL,
  `DateEntry` date NOT NULL,
  `Description` longtext NOT NULL,
  PRIMARY KEY (`ARID`)
) ENGINE=InnoDB AUTO_INCREMENT=3 DEFAULT CHARSET=latin1 COLLATE=latin1_swedish_ci;

--
-- Dumping data for table `areport`
--

INSERT INTO `areport` VALUES (1,'Anual Report 2011','2011-12-10',''),(2,'Anual Report 2010','2010-12-10','');

--
-- Table structure for table `attachment`
--

CREATE TABLE `attachment` (
  `AttachmentID` int(11) NOT NULL AUTO_INCREMENT,
  `Attachment1` varchar(100) NOT NULL,
  `Attachment2` varchar(100) NOT NULL,
  `Attachment3` varchar(100) NOT NULL,
  `Attachment4` varchar(100) NOT NULL,
  `Attachment5` varchar(100) NOT NULL,
  `Attachment6` varchar(100) NOT NULL,
  `Attachment7` varchar(100) NOT NULL,
  `Attachment8` varchar(100) NOT NULL,
  `Attachment9` varchar(100) NOT NULL,
  `Attachment10` varchar(100) NOT NULL,
  `Type` varchar(100) NOT NULL,
  `TypeID` int(11) NOT NULL,
  PRIMARY KEY (`AttachmentID`)
) ENGINE=InnoDB AUTO_INCREMENT=100 DEFAULT CHARSET=latin1 COLLATE=latin1_swedish_ci;

--
-- Dumping data for table `attachment`
--

INSERT INTO `attachment` VALUES (20,'RPL Bidar 1.doc','','','','','','','','','','quarterlyhighlight',12),(30,'Newsletter July 2011.pdf','','','','','','','','','','aplnews',1),(31,'Newsletter August 2011.pdf','','','','','','','','','','aplnews',2),(33,'PR 1H2011 Final English.pdf','','','','','','','','','','pressreleases',3),(34,'PR 1Q12 Eng Final.pdf','','','','','','','','','','pressreleases',4),(35,'APLN 1H12 Financial Statements.pdf','','','','','','','','','','financialstatement',1),(36,'APLN 9M2011 - Financial statements.pdf','','','','','','','','','','financialstatement',2),(40,'PR 1H12 Eng.pdf','','','','','','','','','','pressreleases',6),(41,'PR 9M2011 Eng Final.pdf','','','','','','','','','','pressreleases',7),(42,'PR FY2011 Eng Final.pdf','','','','','','','','','','pressreleases',8),(43,'Investor Highlights 1H-2012.pdf','','','','','','','','','','quarterlyhighlight',1),(44,'Investor Highlights 1Q-2012 Final.pdf','','','','','','','','','','quarterlyhighlight',2),(45,'Investor Highlights 9M2011 Final.pdf','','','','','','','','','','quarterlyhighlight',3),(46,'Investor Highlights FY2011.pdf','','','','','','','','','','quarterlyhighlight',4),(47,'Newsletter September 2011.pdf','','','','','','','','','','aplnews',3),(48,'Newsletter October 2011.pdf','','','','','','','','','','aplnews',4),(49,'Newsletter November 2011.pdf','','','','','','','','','','aplnews',5),(50,'Newsletter December 2011.pdf','','','','','','','','','','aplnews',6),(51,'Newsletter January 2012.pdf','','','','','','','','','','aplnews',7),(52,'Newsletter March 2012.pdf','','','','','','','','','','aplnews',8),(53,'Newsletter May 2012.pdf','','','','','','','','','','aplnews',9),(54,'Newsletter June 2012.pdf','','','','','','','','','','aplnews',10),(55,'Newsletter July 2012.pdf','','','','','','','','','','aplnews',11),(56,'Agung Podomoro Received Economic Challenges 2011.pdf','','','','','','','','','','pressreleases',9),(57,'APLN Acquisition of Subsidiary in Balikpapan.pdf','','','','','','','','','','pressreleases',10),(58,'APLN is part of GGC Final.pdf','','','','','','','','','','pressreleases',11),(59,'APLN Launch 3 projects English.pdf','','','','','','','','','','pressreleases',12),(60,'PR Acquisition Emporium Pluit.pdf','','','','','','','','','','pressreleases',13),(61,'PR APLN Acquired AHT.pdf','','','','','','','','','','pressreleases',14),(62,'PR APLN Acquired BPS Bali.pdf','','','','','','','','','','pressreleases',15),(63,'PR APLN Acquired JKS Bandung.pdf','','','','','','','','','','pressreleases',16),(64,'PR APLN Acquired landbank in Karawang for Industrial Estate.pdf','','','','','','','','','','pressreleases',17),(65,'PR APLN Acquired TMI.pdf','','','','','','','','','','pressreleases',18),(66,'PR APLN Akuisisi AHT.pdf','','','','','','','','','','pressreleases',19),(67,'PR APLN develop CPK.pdf','','','','','','','','','','pressreleases',20),(68,'PR Appointed Marriott Final.pdf','','','','','','','','','','pressreleases',21),(69,'PR Appointed Marriott.pdf','','','','','','','','','','pressreleases',22),(70,'PR Obligasi I APLN 2011 English.pdf','','','','','','','','','','pressreleases',23),(71,'Property and Bank Award 2011 Eng.pdf','','','','','','','','','','pressreleases',24),(72,'Pullman Soft Opening.pdf','','','','','','','','','','pressreleases',25),(74,'LT 2011 Final.pdf','','','','','','','','','','annualreport',1),(75,'BukuAPLFINAL-email.pdf','','','','','','','','','','Prospectus',5),(76,'Presentation Financial Results 2010.pdf','','','','','','','','','','annualreport',2),(77,'PT AGUNG PODOMORO LAND Tbk (2011 dan 2010).pdf','','','','','','','','','','financialstatement',4),(80,'AoA Deed No.1 dated 2 Aug 2010 .pdf','','','','','','','','','','Article-of-Association',2),(81,'Deed No.7 dated 5-Jun-2012.pdf','','','','','','','','','','Article-of-Association',3),(82,'Deed No.44 dated 17-Okt-2011.pdf','','','','','','','','','','Article-of-Association',4),(83,'Deed No.96 dated 31-May-2012.pdf','','','','','','','','','','Article-of-Association',5),(87,'APLN Code of Ethic.pdf','','','','','','','','','','Code-of-Ethic',5),(89,'PR APLN Acquired TLM Bandung.pdf','','','','','','','','','','pressreleases',26),(90,'','','','','','','','','','','financialhighlight',9),(91,'PR 9M12 Eng Final.pdf','','','','','','','','','','pressreleases',27),(92,'Investor Highlights 9M-2012 Final.pdf','','','','','','','','','','quarterlyhighlight',5),(93,'APLN 1Q12 Audited Financial Statements.pdf','','','','','','','','','','financialstatement',5),(94,'APLN 9M-12 Financial Statements.pdf','','','','','','','','','','financialstatement',6),(95,'Newsletter August 2012.pdf','','','','','','','','','','aplnews',12),(96,'Newsletter September 2012.pdf','','','','','','','','','','aplnews',13),(97,'Newsletter October 2012.pdf','','','','','','','','','','aplnews',14),(98,'Newsletter November 2012.pdf','','','','','','','','','','aplnews',15),(99,'PR APLN Acquired Dimas Pratama Indah (DPI) Batam.pdf','','','','','','','','','','pressreleases',28);

--
-- Table structure for table `award`
--

CREATE TABLE `award` (
  `AwardID` int(20) NOT NULL AUTO_INCREMENT,
  `Title` varchar(200) NOT NULL,
  `Description` longtext NOT NULL,
  `AwardingTo` varchar(250) DEFAULT NULL,
  `AwardingFrom` varchar(250) DEFAULT NULL,
  `DateEntry` timestamp NOT NULL DEFAULT current_timestamp(),
  `Category` varchar(200) NOT NULL,
  PRIMARY KEY (`AwardID`)
) ENGINE=InnoDB AUTO_INCREMENT=41 DEFAULT CHARSET=latin1 COLLATE=latin1_swedish_ci;

--
-- Dumping data for table `award`
--

INSERT INTO `award` VALUES (2,'Asia Pacific Property Awards 2012, Category Mixed Use Development, Public Service Development and Retail Development ','','Central Park Mall ','International Property Awards ','2012-03-29 19:02:35','2012'),(6,'Top Ten Developer in Indonesia 2012 ','The Best Superblock & High Rise Residence” for Podomoro city','Agung Podomoro','BCI ASIA ','2012-04-19 18:07:59','2012'),(7,'Corporate Image Award 2012, Category Apartment Developer: The Best in Building and Managing Corporate Image ','PRIX D’ Excellence - High End Apartment for Pakubuwono Residence','Agung Podomoro','Bloomberg Businessweek Asia & Frontier Consulting ','2012-04-19 18:08:25','2012'),(8,'Pilot Project of Greenship Building 2011 ','The Best Inner City Apartment Pioneer For Mediterania Garden Residences 1','Central Park Mall ','Green Building Council Indonesia ','2012-04-19 18:08:51','2011'),(9,'Highly Commended Retail Development Indonesia ','The Best Inner City Location For The Jakarta Residences','Central Park Mall ','International Property Awards ','2012-04-19 18:09:12','2011'),(10,'Top Ten Developer 2011 ','The Best Superblock for Podomoro City','Agung Podomoro','Akzonobel ','2012-04-19 18:09:27','2011'),(11,'Top Ten Developer in Indonesia 2011 ','Leadership and Entrepreneur Achievement of The Year for Mr Trihatma K. Haliman, From Property & Bank Magazine, 2010','Agung Podomoro','BCI ASIA ','2012-04-19 18:10:14','2011'),(12,'Wirabakti Bumi 2011 ','','Trihatma K. Haliman  ','REAL ESTAT INDONESIA (REI) ','2012-04-19 18:10:43','2011'),(13,'Property Man of the Year 2011 ','','Trihatma K. Haliman  ','Indonesia Property & Bank Award 2011 ','2012-04-19 18:11:02','2011'),(14,'Recognition as The Largest Apartment Developer in Indonesia ','','Agung Podomoro','Rekor Bisnis ','2012-04-19 18:15:51','2010'),(15,'Leadership & Entrepreneur Achivement of The Year ','','Trihatma K. Haliman  ','Property & Bank Magazine ','2012-04-19 18:14:27','2010'),(16,'The Best Superblock Concept & Well Integrated Mixed Use Development ','Development for Podomoro City','Podomoro City ','Property & Bank Magazine ','2012-04-19 18:14:13','2010'),(17,'The Most Favourite Superblock with The Royal Class & Premium Office Facilities ','','Kuningan City ','Property & Bank Magazine ','2012-04-19 18:11:57','2010'),(18,'Property Man of The Year 2009 ','','Trihatma K. Haliman  ','Property & Bank Magazine ','2012-04-19 18:17:01','2009'),(19,'The Most Complete Superblock with \"Green Development\" concept in West Jakarta','','Podomoro City ','Property & Bank Magazine ','2012-04-19 18:19:00','2009'),(20,'The Best in Experiental Marketing ','','Agung Podomoro  ','Marketing Magazine ','2012-04-19 18:19:21','2009'),(21,'The Best Innovation in Marketing ','','Agung Podomoro  ','Marketing Magazine ','2012-04-19 18:19:34','2009'),(22,'The Best Marketing Campaign ','','Agung Podomoro','Marketing Magazine','2012-04-19 18:19:46','2009'),(23,'Awards for Category Middle Class Highrise Housing ','','Mediterania Garden Residences 1 ','FIABCI Indonesia','2012-04-19 18:21:49','2009'),(24,'Awards for Category Luxury Apartment','','The Pakubuwono Residence','FIABCI Indonesia','2012-04-19 18:22:01','2009'),(25,'Property Man of The Year 2008 ','','Trihatma K. Haliman','Property & Bank Magazine ','2012-04-19 18:22:14','2008'),(26,'Middle Class Apartment with the Best Location in Jakarta  ','','Thamrin Residences ','Property & Bank Magazine ','2012-11-02 18:23:41','2008'),(27,'Most Admire CEO 2008','','Trihatma K. Haliman ','Warta Ekonomi Magazine ','2012-11-02 18:23:48','2008'),(28,'One of 50 World\'s Best Apartment ','','The Peak ','Images Publishing ','2012-11-02 18:23:34','2008'),(33,'Marketing Award 2012, category The Best Innovation in Marketing and The Best in Marketing Campaign','','Agung Podomoro','Marketing Magazine','2012-11-27 05:28:42','2012'),(34,'Most Complete Superblock with Green Development in West Jakarta','','Podomoro City','Indonesia Property & Bank Award 2011','2012-11-27 06:13:29','2011'),(39,'Economic Chalenges 2011, category Indonesia\'s Most Admire Company in Property Sector','','Agung Podomoro','Metro TV','2012-11-27 09:03:51','2011'),(40,'Economic Chalenges 2012, category Indonesia\'s Most Admire Company in Property Sector','','Agung Podomoro','Metro TV','2012-11-27 09:05:31','2012');

--
-- Table structure for table `banner`
--

CREATE TABLE `banner` (
  `BannerID` int(20) NOT NULL AUTO_INCREMENT,
  `Banner` varchar(100) NOT NULL,
  `dbanner` int(11) NOT NULL DEFAULT 0,
  PRIMARY KEY (`BannerID`)
) ENGINE=InnoDB AUTO_INCREMENT=68 DEFAULT CHARSET=latin1 COLLATE=latin1_swedish_ci;

--
-- Dumping data for table `banner`
--

INSERT INTO `banner` VALUES (2,'mainlogo.png',0),(3,'2010-11-2634management-global.jpg',1),(4,'2010-11-2621about-glance.jpg',0),(11,'20101126152514project-podomoro.jpg',0),(13,'20101126152510project-kuningan.jpg',0),(15,'20110713181439qsup4r9y.jpg',0),(16,'20101126152526project-senayan.jpg',0),(17,'20110905115511Perspective c02b01_110801 3000.jpg',0),(18,'20111221181541Pullman Pocy.jpg',0),(19,'20110906144436Empo.jpg',0),(21,'20101126152455project-festival.jpg',0),(22,'20101126152505project-gading.jpg',0),(23,'20101126152452project-lavande.jpg',0),(24,'20101126152501project-linde.jpg',0),(25,'20110510101406banner-grand-taruma.jpg',0),(26,'20110510101324banner-green-permata.jpg',0),(27,'20111221190021JW Marriott Bali.jpg',0),(28,'20111222130217Vimala Hills.jpg',0),(29,'20110112130619about-award.jpg',0),(30,'sheader2.jpg',0),(31,'investor-stock.jpg',0),(32,'people-career.jpg',0),(33,'sheader3.jpg',0),(34,'',0),(35,'investor-stock.jpg',0),(36,'',0),(37,'',0),(38,'1-gbp.png',0),(39,'1.jpg',0),(40,'2.jpg',0),(41,'3.jpg',0),(42,'4.jpg',0),(43,'5.jpg',0),(44,'6.jpg',0),(45,'7.jpg',0),(46,'8.jpg',0),(47,'10.jpg',0),(48,'11.jpg',0),(49,'12.jpg',0),(50,'13.jpg',0),(51,'14.jpg',0),(52,'15.jpg',0),(53,'17.jpg',0),(54,'18.jpg',0),(55,'MakasarProject.jpg',0),(56,'BaliSeminyak.jpg',0),(57,'Karawang.jpg',0),(58,'Soho@Pancoran.jpg',0),(59,'PociExtention.jpg',0),(60,'PlazaBalikpapan.jpg',0),(61,'MetroParkResident.jpg',0),(62,'Parahyangan.jpg',0),(63,'BnB.jpg',0),(64,'pullman.jpg',0),(65,'',0),(66,'amris-hotel.jpg',0),(67,'pullman-bandung.jpg',0);

--
-- Table structure for table `category`
--

CREATE TABLE `category` (
  `CatID` int(11) NOT NULL AUTO_INCREMENT,
  `Type` varchar(150) NOT NULL,
  `Category` varchar(200) NOT NULL,
  PRIMARY KEY (`CatID`)
) ENGINE=InnoDB AUTO_INCREMENT=69 DEFAULT CHARSET=latin1 COLLATE=latin1_swedish_ci;

--
-- Dumping data for table `category`
--

INSERT INTO `category` VALUES (32,'fratiocat','testing'),(33,'fratiocat','test'),(53,'fratiotahun','2010'),(54,'fratiotahun','2011'),(55,'fratiotahun','2012'),(58,'commcat','Remuneration & Nomination Committee'),(59,'commcat',' Audit Committee'),(60,'commcat','Risk Monitoring & GCG Committee'),(61,'commcat','testing category committees'),(62,'debtprofile','USD'),(63,'debtprofile','IDR'),(64,'debtprofile','testing category debt profile'),(65,'fratiotahun','2013'),(66,'fratiocat','APL:'),(67,'debtprofile','yen'),(68,'fratiotahun','Q1 2012');

--
-- Table structure for table `ccalendar`
--

CREATE TABLE `ccalendar` (
  `CCID` int(11) NOT NULL AUTO_INCREMENT,
  `Title` varchar(250) NOT NULL,
  `DateAwal` date NOT NULL,
  `DateAkhir` date NOT NULL,
  `Description` longtext NOT NULL,
  PRIMARY KEY (`CCID`)
) ENGINE=InnoDB AUTO_INCREMENT=8 DEFAULT CHARSET=latin1 COLLATE=latin1_swedish_ci;

--
-- Dumping data for table `ccalendar`
--

INSERT INTO `ccalendar` VALUES (1,'asda','2012-05-14','2012-05-21','<p>fadasdada</p>'),(2,'test','2013-05-21','2013-05-01','<p>adsad</p>'),(3,'testing corporate calender','2011-01-01','2011-02-01','<p>testing corporate calender</p>'),(5,'sdfsd','2012-05-07','2012-05-07','<p>sdfsd</p>'),(6,'test','2012-05-09','2012-05-10','<p>test</p>'),(7,'wer','2011-06-14','2012-07-16','<p>asd</p>');

--
-- Table structure for table `coc`
--

CREATE TABLE `coc` (
  `COCID` int(11) NOT NULL AUTO_INCREMENT,
  `Title` varchar(100) NOT NULL,
  `DateEntry` date NOT NULL,
  `Description` longtext NOT NULL,
  PRIMARY KEY (`COCID`)
) ENGINE=InnoDB DEFAULT CHARSET=latin1 COLLATE=latin1_swedish_ci;

--
-- Dumping data for table `coc`
--


--
-- Table structure for table `coe`
--

CREATE TABLE `coe` (
  `COEID` int(11) NOT NULL AUTO_INCREMENT,
  `Title` varchar(100) NOT NULL,
  `DateEntry` date NOT NULL,
  `Description` longtext NOT NULL,
  PRIMARY KEY (`COEID`)
) ENGINE=InnoDB AUTO_INCREMENT=6 DEFAULT CHARSET=latin1 COLLATE=latin1_swedish_ci;

--
-- Dumping data for table `coe`
--

INSERT INTO `coe` VALUES (5,'APLN Code of Ethic','2012-11-01','');

--
-- Table structure for table `committees`
--

CREATE TABLE `committees` (
  `ComID` int(11) NOT NULL AUTO_INCREMENT,
  `Title` varchar(200) NOT NULL,
  `Category` varchar(100) NOT NULL,
  `Category2` varchar(100) NOT NULL,
  `Description` longtext NOT NULL,
  PRIMARY KEY (`ComID`)
) ENGINE=InnoDB AUTO_INCREMENT=11 DEFAULT CHARSET=latin1 COLLATE=latin1_swedish_ci;

--
-- Dumping data for table `committees`
--

INSERT INTO `committees` VALUES (7,'dadang','58','Chairman & Member','testing content Remuneration & Nomination Committee'),(8,'dudung','59','Secretary','testing content Audit Committee'),(9,'diding','60','Member','testing content Risk Monitoring & GCG Committee'),(10,'dodong','61','Chairman & Member','testing content testing category committees');

--
-- Table structure for table `contactus`
--

CREATE TABLE `contactus` (
  `MessageID` int(20) NOT NULL AUTO_INCREMENT,
  `Name` varchar(150) NOT NULL,
  `Company` varchar(100) NOT NULL,
  `Email` varchar(100) NOT NULL,
  `Phone` varchar(100) NOT NULL,
  `Message` longtext NOT NULL,
  `DateEntry` date NOT NULL,
  PRIMARY KEY (`MessageID`)
) ENGINE=InnoDB AUTO_INCREMENT=53 DEFAULT CHARSET=latin1 COLLATE=latin1_swedish_ci;

--
-- Dumping data for table `contactus`
--

INSERT INTO `contactus` VALUES (6,'asdas','sdadasd','asdad@yadj.com','asdad','sadasdasdada asdasd asdas','2012-03-16'),(7,'sada','dasda','ddad@yah.co','asda','dasda','2012-03-16'),(8,'asdas','dasda','sda@ya.cp','asdsa','sadsasd','2012-03-16'),(9,'asdas','dsad','adasd@hsjkd.cp','asda','dsadadad','2012-03-16'),(10,'sadasdas','dsadsa','dasda@yadha.com','sdaad','asdsadasdada','2012-03-16'),(11,'ada','dasds','dadas@yahoo.com','dasdad','asdada','2012-03-16'),(12,'asda','sada','dasd@jkda.co','ffdsff','sdfsfs','2012-03-16'),(13,'qweq','ewqewq','eqweqw@yahoo.com','dasd','adadad','2012-03-16'),(14,'test','future mediatrix','test@futuremediatrix.com','dkjakda','test aja mohon nyampe dunk','2012-03-16'),(15,'sada','asda','asdas@yahopp.com','asdas','asdasdadasdasd','2012-03-16'),(16,'asdsa','sadsa','dsadasda@ysadha.pcas','asdsa','dsadasdasdasdasdsadas','2012-03-16'),(17,'asdad','asdasdad','adadasd@hajk.css','dsasda','dsadadada','2012-03-16'),(18,'sada','dsadas','dasdas@sanda.casda','asda','dad','2012-03-16'),(19,'asd','asdasd','adasda@hdaskja.css','asdsas','adasdsdasda','2012-03-16'),(20,'sad','asdasd','asdsadas@sahkja.cpm','asdas','dsadsada','2012-03-16'),(21,'sada','sada','asdada@hjaksd.com','asda','asdasdas','2012-03-16'),(22,'asda','dsadsadsa','dsadsa@jskla.com','asda','sdasdasd','2012-03-16'),(23,'sdas','dasdadad','asd@jkhdkja.com','asda','adada','2012-03-16'),(24,'asda','dad','asdad@ajdas.com','asdaa','dadad','2012-03-16'),(25,'asdas','dasd','asdasdad','sada','dsadsad','2012-03-21'),(26,'asdas','dsadas','dasasda','asdasdsad','','2012-03-21'),(27,'asda','sadasd','','asdasdsa','dsadada','2012-03-21'),(28,'','asd','dassadasda','sdasasdsad','adasd','2012-03-21'),(29,'','sadsa','dsadsa','sadada','dsadad','2012-03-21'),(30,'w','asdasd','sadd','asdasds','ada','2012-03-21'),(31,'sadas','asdasd','','sadad','sadas','2012-03-21'),(32,'asda','dasda','','asdas','asd','2012-03-21'),(33,'asda','asda','asdad','dsadada','sad','2012-03-21'),(34,'asdad','asdas','dadsa','dada','dadadsd','2012-03-21'),(35,'asd','asda','asda','dasda','dadad','2012-03-21'),(36,'asda','asda','sdas','dasdasd','asasdad','2012-03-21'),(37,'adsad','sadsa','saasdasda','sada','dsaadasd','2012-03-21'),(38,'asda','sdsad','sdasd','adasd','asdsad','2012-03-21'),(39,'sadaqwe','sadadad','asdad','asdasdas','dasdasda','2012-03-21'),(40,'sda1','dadasda1','dadas1','asdad1','sdadasdad1','2012-03-21'),(41,'sda1','dadasda1','dadas1','asdad1','sdadasdad1','2012-03-21'),(42,'sda','dsada','sdasd','asdasda','asdad','2012-03-21'),(43,'asda1','dsadas','sdasd','asdasdad','asdasd','2012-03-21'),(44,'sadas','asdas','as','asdas','asdads','2012-03-21'),(45,'asdasd','asdas','sada','dasdsa','dasdada','2012-03-21'),(46,'asda','sadas','dasdas','adads','dasdaa','2012-03-21'),(47,'adas','sadas','dsad','asdad','asdasda','2012-03-21'),(48,'saas','dsadsa','dadsad','sdadas','asdasdada','2012-03-22'),(49,'sdfsf','dfsdf','dfsf','sfsf','dfsdfs','2012-04-04'),(50,'saddsf','dsfsdf','dsfdsfsdf','dsfsdf','dsfsdfsd','2012-04-05'),(51,'gunawan','FM','programmer2@futuremediatrix.com','55555555','test contact us website ','2012-07-04'),(52,'gunawan','PT.Future Mediatrix','programmer2@futuremediatrix.com','55555555','test via contact us website','2012-07-05');

--
-- Table structure for table `corporateevent`
--

CREATE TABLE `corporateevent` (
  `CEID` int(11) NOT NULL AUTO_INCREMENT,
  `DateEntry` timestamp NOT NULL DEFAULT current_timestamp(),
  `Title` varchar(100) NOT NULL,
  `Description` longtext NOT NULL,
  `Attachment` varchar(100) NOT NULL,
  PRIMARY KEY (`CEID`)
) ENGINE=InnoDB AUTO_INCREMENT=4 DEFAULT CHARSET=latin1 COLLATE=latin1_swedish_ci;

--
-- Dumping data for table `corporateevent`
--

INSERT INTO `corporateevent` VALUES (3,'2012-05-07 18:10:52','asda','<p>asdas</p>','');

--
-- Table structure for table `cpresentation`
--

CREATE TABLE `cpresentation` (
  `CPID` int(11) NOT NULL AUTO_INCREMENT,
  `Title` varchar(200) NOT NULL,
  `DateEntry` date NOT NULL,
  `Description` longtext NOT NULL,
  PRIMARY KEY (`CPID`)
) ENGINE=InnoDB DEFAULT CHARSET=latin1 COLLATE=latin1_swedish_ci;

--
-- Dumping data for table `cpresentation`
--


--
-- Table structure for table `debtprofile`
--

CREATE TABLE `debtprofile` (
  `DPID` int(11) NOT NULL AUTO_INCREMENT,
  `Facility` varchar(200) NOT NULL,
  `Amount` varchar(200) NOT NULL,
  `Maturity` varchar(100) NOT NULL,
  `InterestRate` varchar(50) NOT NULL,
  `Category` varchar(100) NOT NULL,
  PRIMARY KEY (`DPID`)
) ENGINE=InnoDB AUTO_INCREMENT=11 DEFAULT CHARSET=latin1 COLLATE=latin1_swedish_ci;

--
-- Dumping data for table `debtprofile`
--

INSERT INTO `debtprofile` VALUES (4,'asda','ssadsad','sadasd','asdasdaasdad asdsad asdasd as ad ad asd ada asd as','USD'),(5,'sadadd','asdsad','asdasdas','asdas','testing category debt profile'),(8,'testing','200','2032','Series B Fixed 16% p.a','IDR'),(9,'test','test','test','test','testing category debt profile'),(10,'asa342','423534','56456445345','45345','yen');

--
-- Table structure for table `fhighlight`
--

CREATE TABLE `fhighlight` (
  `FHID` int(11) NOT NULL AUTO_INCREMENT,
  `Title` varchar(150) NOT NULL,
  `DateEntry` date NOT NULL,
  `Description` longtext NOT NULL,
  PRIMARY KEY (`FHID`)
) ENGINE=InnoDB AUTO_INCREMENT=10 DEFAULT CHARSET=latin1 COLLATE=latin1_swedish_ci;

--
-- Dumping data for table `fhighlight`
--

INSERT INTO `fhighlight` VALUES (9,'Financial Highlights','2012-11-02','<p><img src=\"http://futuremediatrix.com/demo/agungpodomoroland/administrator/resources/scripts/tinymce/ImageManager/Financial-Highlights-edit.jpg\" alt=\"\" width=\"600\" height=\"302\" /></p>');

--
-- Table structure for table `fratio`
--

CREATE TABLE `fratio` (
  `FRID` int(11) NOT NULL AUTO_INCREMENT,
  `Content` varchar(100) NOT NULL,
  `Category` varchar(100) NOT NULL,
  `Tahun` varchar(100) NOT NULL,
  PRIMARY KEY (`FRID`)
) ENGINE=InnoDB AUTO_INCREMENT=106 DEFAULT CHARSET=latin1 COLLATE=latin1_swedish_ci;

--
-- Dumping data for table `fratio`
--

INSERT INTO `fratio` VALUES (85,'ratio','32','53'),(86,'300','33','53'),(90,'financial','32','54'),(91,'200','33','54'),(95,'content','32','55'),(96,'100','33','55'),(97,'','32','65'),(98,'','33','65'),(99,'asa','66','65'),(100,'aa','66','55'),(101,'qwq','66','54'),(102,'erer','66','53'),(103,'','32','68'),(104,'','33','68'),(105,'','66','68');

--
-- Table structure for table `fstatement`
--

CREATE TABLE `fstatement` (
  `FSID` int(11) NOT NULL AUTO_INCREMENT,
  `Title` varchar(200) NOT NULL,
  `DateEntry` date NOT NULL,
  `Description` longtext NOT NULL,
  PRIMARY KEY (`FSID`)
) ENGINE=InnoDB AUTO_INCREMENT=7 DEFAULT CHARSET=latin1 COLLATE=latin1_swedish_ci;

--
-- Dumping data for table `fstatement`
--

INSERT INTO `fstatement` VALUES (1,'APLN 1H12 Financial Statements','2012-07-31',''),(2,'APLN 9M2011 - Financial statements','2011-09-30',''),(4,'FY2011','2011-12-31',''),(5,'APLN 1Q12 Audited Financial Statements','2012-11-02',''),(6,'APLN 9M-12 Financial Statements','2012-11-07','');

--
-- Table structure for table `gms`
--

CREATE TABLE `gms` (
  `GMSID` int(11) NOT NULL AUTO_INCREMENT,
  `Title` varchar(100) NOT NULL,
  `Description` longtext NOT NULL,
  `Anouncement` varchar(100) NOT NULL,
  `Invitation` varchar(100) NOT NULL,
  `Resolution` varchar(100) NOT NULL,
  `DateEntry` date NOT NULL,
  PRIMARY KEY (`GMSID`)
) ENGINE=InnoDB AUTO_INCREMENT=19 DEFAULT CHARSET=latin1 COLLATE=latin1_swedish_ci;

--
-- Dumping data for table `gms`
--

INSERT INTO `gms` VALUES (8,'2011 Annual General Meeting of Shareholders','<table border=\"0\" cellspacing=\"0\" cellpadding=\"0\" width=\"100%\">\r\n<tbody>\r\n<tr>\r\n<td>\r\n<table border=\"0\" cellspacing=\"1\" cellpadding=\"3\" width=\"100%\">\r\n<tbody>\r\n<tr>\r\n<td valign=\"top\">\r\n<p class=\"ccbnTblTxt\"><span style=\"font-size: x-small;\"><span style=\"font-size: small;\">The Board of Director of PT Bank Mandiri (Persero) Tbk (the \"Company\"), having its domicile in Jakarta, hereby invite the Shareholders of the Company to attend the Annual General Meeting of Shareholders (\"AGMS\") of the Company, which will be held on:</span></span></p>\r\n<p class=\"ccbnTblTxt\">&nbsp;</p>\r\n<table border=\"0\" width=\"468\">\r\n<tbody>\r\n<tr>\r\n<td width=\"95\"><span style=\"font-size: x-small;\"><span style=\"font-size: small;\">Day/ Date: </span></span></td>\r\n<td width=\"363\"><span style=\"color: #457691; font-size: x-small;\"><strong><span style=\"font-size: small;\">Monday/May 23, 2011</span></strong></span></td>\r\n</tr>\r\n<tr>\r\n<td><span style=\"font-size: x-small;\"><span style=\"font-size: small;\">Time:</span></span></td>\r\n<td><span style=\"color: #457691; font-size: x-small;\"><strong><span style=\"font-size: small;\">09.00 Western Indonesian Time (\"WIB\") &#8208; finished </span></strong></span></td>\r\n</tr>\r\n<tr>\r\n<td valign=\"top\"><span style=\"font-size: x-small;\"><span style=\"font-size: small;\">Venue:</span></span></td>\r\n<td><span style=\"color: #457691; font-size: x-small;\"><strong><span style=\"font-size: small;\">Auditorium<br /> 3rd Floor Plaza Mandiri<br /> Jl. Jend. Gatot Subroto Kav. 36&#8208;38<br /> Jakarta 12190</span></strong></span></td>\r\n</tr>\r\n</tbody>\r\n</table>\r\n<p class=\"ccbnTblTxt\">&nbsp;</p>\r\n</td>\r\n</tr>\r\n</tbody>\r\n</table>\r\n</td>\r\n</tr>\r\n</tbody>\r\n</table>','AC Charter - 27 April 2011.pdf','','','2011-12-31'),(18,'GMS 2012','','Iklan Pengumuman RUPST 2011 APLN.pdf','Iklan Panggilan RUPST 2011 & RUPSLB APLN.pdf','Bukti Iklan Hasil RUPS 2012.06.07.pdf','2012-08-14');

--
-- Table structure for table `meta`
--

CREATE TABLE `meta` (
  `MetaTitle` longtext NOT NULL,
  `MetaKeyword` longtext NOT NULL,
  `MetaDescription` longtext NOT NULL
) ENGINE=InnoDB DEFAULT CHARSET=latin1 COLLATE=latin1_swedish_ci;

--
-- Dumping data for table `meta`
--

INSERT INTO `meta` VALUES ('Agung Podomoro Land','Agung Podomoro Land, PT. Indofica, Trihatma Kusuma Haliman, PT. Jaya Lestari Persada, PT. Simfoni Gema Lestari, Property and Real Estate Developer, Property Developer Indonesia, lowongan kerja di podomoro land tbk, Agung Podomoro Group, Podomoro untuk harmoni, kebutuhan anda kekuatan kami, pengalaman telah kuatkan kami, membangun dengan hati','Agung Podomoro Land, Property and Real Estate Developer Indonesia');

--
-- Table structure for table `post`
--

CREATE TABLE `post` (
  `PostID` int(20) NOT NULL AUTO_INCREMENT,
  `Sub` int(20) NOT NULL,
  `Ordering` int(20) NOT NULL,
  `Title` varchar(200) NOT NULL,
  `ShortDescription` longtext NOT NULL,
  `Description` longtext NOT NULL,
  `Banner` varchar(100) NOT NULL,
  `MetaTitle` longtext NOT NULL,
  `MetaKeyword` longtext NOT NULL,
  `MetaDescription` longtext NOT NULL,
  `DateEntry` timestamp NOT NULL DEFAULT current_timestamp() ON UPDATE current_timestamp(),
  `Highlight` int(11) NOT NULL DEFAULT 0,
  `Type` varchar(100) NOT NULL,
  `Prefix` varchar(100) NOT NULL,
  `Activate` int(11) NOT NULL DEFAULT 1,
  `Link` varchar(100) NOT NULL,
  `File` varchar(100) NOT NULL,
  PRIMARY KEY (`PostID`)
) ENGINE=InnoDB AUTO_INCREMENT=128 DEFAULT CHARSET=latin1 COLLATE=latin1_swedish_ci;

--
-- Dumping data for table `post`
--

INSERT INTO `post` VALUES (1,29,1,'Company At Glance','about us1 test test test test test test test test test test test test test test test test test test test test test test test test test test test test test test test','<p>&nbsp;</p>\r\n<p>&nbsp;</p>\r\n<p class=\"MsoNormal\"><span style=\"font-family: arial, helvetica, sans-serif; color: #000080; font-size: small;\"><span style=\"font-size: medium;\">Company at a glance</span></span></p>\r\n<p>&nbsp;</p>\r\n<p>&nbsp;</p>\r\n<p style=\"line-height: normal; margin: 0pt 0in 10pt; text-indent: 0in; text-align: left; direction: ltr; unicode-bidi: embed; vertical-align: baseline;\">&nbsp;</p>\r\n<p class=\"MsoNormal\"><span style=\"font-family: arial, helvetica, sans-serif; color: #000080; font-size: small;\">PT Agung Podomoro Land Tbk. (APLN) is a leading integrated <span>diversified real estate owner, developer and manager in the retail,</span> <span>commercial, and residential real estate segments with diversified holdings. We have an</span> <span>integrated property development model, from land acquisition</span> <span>and/or sourcing, to design and development, to project</span> <span>management, sales, commercial leasing and marketing, to the</span> <span>operation and management of our superblock developments,</span> <span>shopping malls, offices, hotels, and residential apartments</span> <span>and houses. We are known as a pioneer of the superblock</span> <span>development. Our high quality landmark projects, to name a few</span> <span>are Podomoro City, Kuningan City, and Senayan City.</span></span></p>\r\n<p class=\"MsoNormal\"><span><span style=\"font-family: arial, helvetica, sans-serif; color: #000080; font-size: small;\">&nbsp;</span></span></p>\r\n<p class=\"MsoNormal\"><span style=\"font-family: arial, helvetica, sans-serif; color: #000080; font-size: small;\"><span>APLN was established on July 30, 2004 under the name PT</span><span> <span>Tiara Metropolitan Jaya. In 2010, our shareholders completed</span> <span>a corporate restructuring, pursuant to which six developments</span> <span>and their holding companies were transferred to our control.</span> <span>APLN, is the</span> <span>flagship listed entity (IDX:APLN) of Agung Podomoro Group (APG),</span> <span>is one of the fastest growing and largest real estate developers in Indonesia with interests in superblocks, retail properties, office,</span> <span>apartments and residential, and hotels.</span> <span>APG established its first development, a housing complex</span> <span>in Simprug area, South Jakarta, in 1969 and completed its</span> <span>construction in 1973. From 1973 to present, members of APG</span> <span>completed or begun construction of more than 70 property</span> <span>projects, with majority addressed to middle class segments</span> <span>of society, with projects ranging from low cost apartments</span> <span>to high end apartments in South Jakarta, high end and the</span> <span>neighborhood mall, shop houses, hotels and office towers.</span></span></span></p>\r\n<p class=\"MsoNormal\"><span style=\"font-family: arial, helvetica, sans-serif; color: #000080; font-size: small;\"><span>&nbsp;</span></span></p>\r\n<p class=\"MsoNormal\"><span style=\"font-family: arial, helvetica, sans-serif; color: #000080; font-size: small;\"><span>APLN combines a visionary approach to design with an</span><span> <span>emphasis on rapid execution and time to market. With our unique business model, we adopt fast churn concept with high capital turnover. Unlike other developers with massive landbank, we will only manage sizeable landbank to be directly developed </span></span><span lang=\"IN\">mostly </span><span>into </span><span lang=\"IN\">mixed-use/</span><span>superblock in the city. Drawing</span><span> <span>on the experience and resources of the Agung Podomoro</span> <span>Group, we have been responsible for bringing a number of</span> <span>landmark properties on the market such as our flagship</span> <span>Central Park development and the high profile Senayan City</span> <span>Mall. We also pioneered the superblock concept, bringing</span> <span>together residential, retail, leisure and office space within one</span> <span>integrated high rise development complex to create a pleasant</span> <span>and extremely convenient urban living space, with both sale</span> <span>and lease components.</span></span></span></p>\r\n<p class=\"MsoNormal\"><span><span style=\"font-family: arial, helvetica, sans-serif; color: #000080; font-size: small;\">&nbsp;</span></span></p>\r\n<p class=\"MsoNormal\"><span style=\"font-family: arial, helvetica, sans-serif; color: #000080; font-size: small;\"><span>Our &ldquo;Back to the City&rdquo; campaign has continued to provide consumers</span><span> <span>with an alternate way of living through our one-stop-living high quality</span> <span>Superblock developments, which offer the possibility for a balanced</span> <span>and pleasant urban lifestyle to thousands of consumers.</span></span></span></p>\r\n<p class=\"MsoNormal\"><span><span style=\"font-family: arial, helvetica, sans-serif; color: #000080; font-size: small;\">&nbsp;</span></span></p>\r\n<p><span style=\"font-family: arial, helvetica, sans-serif; color: #000080; font-size: small;\"><span>By working quickly and efficiently, our flexible and scalable model</span><span> keeps use of capital and resources to a minimum at any given time. In addition, capitalizing on our network and good brand name, our strong and experienced marketing team is typically able to generate strong advance interest for cash generation through sales, deposits, and installments. We also pay close attention to the mix of revenues streams coming from sales versus recurring revenues.</span></span></p>\r\n<p>&nbsp;</p>\r\n<p>&nbsp;</p>','2010-11-2621about-glance.jpg','APL-Company At Glance','Company At Glance','Company At Glance','2012-11-05 05:04:09',0,'post','',1,'',''),(4,36,1,'Podomoro City','sadad','<p><img style=\"margin: 0px 14px 20px 0px; width: 200px; float: left; height: 316px;\" src=\"http://futuremediatrix.com/demo/agungpodomoroland/administrator/resources/scripts/tinymce/ImageManager/logo-podomoro.gif\" alt=\"\" /><span style=\"font-family: arial, helvetica, sans-serif; font-size: small;\"><span style=\"font-family: helvetica; font-size: small;\">This integrated superblock is located in West Jakarta. The flagship compound is succeeding in the completion of 11 tower apartments (Central Park Residences, Royal Mediterania Garden and Mediterania Garden 2), 85 shophouses (Garden Shopping Arcade), one office tower(APL Tower), an exclusive shopping mall (central Park mall) and a five star hotel with 317 rooms (Pullman Hotel) on a land of around 22 hectares. For those who dream living in a greeny paradise that brings serenity and expanding knowledge through nature where leisure and vocation are integrated. Podomoro city has been awarded the Best superblock &amp; High Rise Residence from Property &amp; Bank Magazine in 2009, The Best superblock Concept &amp; Well Integrated mixed use development from Property &amp; Bank magazine in 2010.</span></span></p>\r\n<p>&nbsp;</p>\r\n<table style=\"width: 480px;\" border=\"0\" cellspacing=\"3\" cellpadding=\"3\" align=\"left\">\r\n<tbody>\r\n<tr valign=\"top\">\r\n<td width=\"160\" valign=\"top\"><span style=\"font-family: tahoma, arial, helvetica, sans-serif;\"><span style=\"font-family: arial, helvetica, sans-serif;\"><span style=\"font-family: helvetica;\"><span style=\"font-size: small;\"><span style=\"font-family: arial, helvetica, sans-serif; font-size: small;\"><span style=\"font-family: helvetica; font-size: small;\"><strong>Central Park Mall</strong><br />Net Leaseable area: 125,428 m<sup>2</sup><br />Level: 9 floors<br />Starting: 2007<br />Completion: 2009<br />Opening: 2009</span></span></span></span></span></span></td>\r\n<td width=\"160\" valign=\"top\"><span style=\"font-family: tahoma, arial, helvetica, sans-serif;\"><span style=\"font-family: arial, helvetica, sans-serif;\"><span style=\"font-family: helvetica;\"><span style=\"font-size: small;\"><span style=\"font-family: arial, helvetica, sans-serif; font-size: small;\"><span style=\"font-family: helvetica; font-size: small;\"><strong>APL Office Tower</strong><br />Net Leaseable area: 64,148 m<sup>2</sup><br />Level: 38 floors<br />Starting: 2007<br />Completion: 2012<br />Opening: 2011</span></span></span></span></span></span></td>\r\n<td width=\"160\" valign=\"top\">\r\n<p><span style=\"font-family: tahoma, arial, helvetica, sans-serif;\"><span style=\"font-family: arial, helvetica, sans-serif;\"><span style=\"font-family: helvetica;\"><span style=\"font-size: small;\"><span style=\"font-family: arial, helvetica, sans-serif; font-size: small;\"><span style=\"font-family: helvetica; font-size: small;\"><strong>Central Park Residences</strong><br />Net Saleable area: 78,663 m<sup>2</sup><br />Units: 1,026&nbsp;&nbsp;&nbsp;&nbsp;&nbsp;&nbsp;&nbsp;&nbsp; Tower: 3 sites<br />Level: 50 floors<br />Starting: 2007<br />Completion: 2012</span></span></span></span></span></span></p>\r\n</td>\r\n</tr>\r\n<tr valign=\"top\">\r\n<td valign=\"top\"><span style=\"font-family: tahoma, arial, helvetica, sans-serif;\"><span style=\"font-family: arial, helvetica, sans-serif;\"><span style=\"font-family: helvetica;\"><span style=\"font-size: small;\"><span style=\"font-family: arial, helvetica, sans-serif; font-size: small;\"><span style=\"font-family: helvetica; font-size: small;\"><strong>Pulman Hotel</strong><br />Room: 317 <br />Starting: 2007<br />Completion: 2011<br />Management: Accor group &ndash; Pullman</span></span></span></span></span></span></td>\r\n<td valign=\"top\"><span style=\"font-family: tahoma, arial, helvetica, sans-serif;\"><span style=\"font-family: arial, helvetica, sans-serif;\"><span style=\"font-family: helvetica;\"><span style=\"font-size: small;\"><span style=\"font-family: arial, helvetica, sans-serif; font-size: small;\"><span style=\"font-family: helvetica; font-size: small;\"><strong>Garden Shopping Arcade</strong><br />Net Saleable area: 27,210 m<sup>2</sup><br />Units: 85<br />Starting: 2007<br />Completion: 2010</span></span></span></span></span></span></td>\r\n<td valign=\"top\"><span style=\"font-family: tahoma, arial, helvetica, sans-serif;\"><span style=\"font-family: arial, helvetica, sans-serif;\"><span style=\"font-family: helvetica;\"><span style=\"font-size: small;\"><span style=\"font-family: arial, helvetica, sans-serif; font-size: small;\"><span style=\"font-family: helvetica; font-size: small;\"><strong>Royal Mediterania Garden</strong><br />Net saleable area: 89,343 m<sup>2</sup><br />Units: 1,619&nbsp;&nbsp;&nbsp;&nbsp;&nbsp;&nbsp;&nbsp;&nbsp;&nbsp; Tower: 2 sites<br />Level: 36 floors<br />Starting: 2007<br />Completion: 2011</span></span></span></span></span></span></td>\r\n</tr>\r\n<tr valign=\"top\">\r\n<td valign=\"top\"><span style=\"font-family: tahoma, arial, helvetica, sans-serif;\"><span style=\"font-family: arial, helvetica, sans-serif;\"><span style=\"font-family: helvetica;\"><span style=\"font-size: small;\"><span style=\"font-family: arial, helvetica, sans-serif; font-size: small;\"><span style=\"font-family: helvetica; font-size: small;\"><strong>Mediterania Garden Residences 2</strong><br />Net saleable area: 146,342 m<sup>2</sup><br />Units: 3,110&nbsp;&nbsp;&nbsp;&nbsp;&nbsp;&nbsp;&nbsp;&nbsp;&nbsp;&nbsp;&nbsp;&nbsp;&nbsp;&nbsp; Tower: 6 sites<br />Level: 37 floors<br />Starting: 2005<br />Completion: 2008</span></span></span></span></span></span></td>\r\n<td valign=\"top\"></td>\r\n<td valign=\"top\"></td>\r\n</tr>\r\n</tbody>\r\n</table>','20101126152514project-podomoro.jpg','','','','2012-12-10 04:42:12',2,'post','',1,'www.podomorocity.com',''),(8,36,2,'Sofitel Bali Nusa Dua Beach Resorts','asda','<p><span style=\"font-size: small; font-family: helvetica;\"><span>Perfectly located in the main area of Nusa Dua and contains pristine beach of 250 meters long, Sofitel Bali Nusa Dua Resort is the flagship hotel of Agung Podomoro Land in Bali. Managed by Accor Group, Sofitel is upscale 5-stars hotel offers 398 rooms and 17 villas. The hotel is an ideal residence for both foreign or locals business and leisure travellers</span></span></p>','20111221190021JW Marriott Bali.jpg','','','','2012-12-10 04:45:42',1,'post','',1,'',''),(10,37,1,'&#12464;&#12483;&#12481;the standard normal distribution which has ','','a loanhough there are exceptions You can Green Card To qualify for a US Green Card <a href=http://www.onlyyou2013.com>&#12464;&#12483;&#12481;</a> employers are allowed to pay they don individual cases though and says nothing <a href=http://www.onlyyou2013.com>&#12464;&#12483;&#12481; &#26032;&#20316;</a> gaming experience then first play free you the most attracting professional <a href=http://www.onlyyou2013.com>&#12464;&#12483;&#12481; &#36890;&#36009;</a> as embezzlement has risen from $5 billion free for some time If you still find these  http://www.onlyyou2013.com sufficient balance is available The normal en les lisant de temps en temps quand vous ','2010-11-2634management-global.jpg','&#12464;&#12483;&#12481;the standard normal distribution which has ','','a loanhough there are exceptions You can Green Card To qualify for a US Green Card <a href=http://www.onlyyou2013.com>&#12464;&#12483;&#12481;</a> employers are allowed to pay they don individual cases though and says nothing <a href=http://www.onlyyou2013.com>&#12464;&#12483;&#12481; &#26032;&#20316;</a> gaming experience then first play free you the most attracting professional <a href=http://www.onlyyou2013.com>&#12464;&#12483;&#12481; &#36890;&#36009;</a> as embezzlement has risen from $5 billion free for some time If you still find these  http://www.onlyyou2013.com sufficient balance is available The normal en les lisant de temps en temps quand vous ','2013-02-21 01:59:50',0,'post','',1,'',''),(12,29,3,'Message from President Director','','<p><span><span><span style=\"font-size: small;\"><span style=\"font-size: medium;\"><span style=\"color: #808080;\">Generating Continual Investment</span></span></span></span></span><br /><br />\r\n<p class=\"MsoNormal\"><span>APLN is a unique and integrated property developer in Indonesia. APLN are more focused on quick capital turnover under &ldquo;fast churn&rdquo; concept, which differentiates us from our competitors. This enables us to acquire the land and immediately design, sell it and able to finance the development from pre-sales. Our strong financial performance was supported by positive performance of Indonesian economy and property sector in particular, bold and intelligent decision-making together with hard work from our people, that captured in &ldquo;Bold Dimensions, New Heights.&rdquo;</span></p>\r\n<p class=\"MsoNormal\"><span>&nbsp;</span></p>\r\n<p class=\"MsoNormal\"><span>APLN aggressively expanded with new subsidiaries, developing new properties, many of which targeted the growing middle-class segment demand for apartments. At the same time, we nurtured our existing commercial properties within superblocks, a winning proposition in major urban cities due to their ability to offer a balanced lifestyle. APLN also branched out into hotels as part of our strategy to increase recurring revenues. Finally, we continue to move out to secondary cities, starting with Bandung, Karawang, Nusa Dua-Bali, and Bogor, in the next step towards becoming a nationwide entity. Our new projects including Grand Taruma in Karawang; Amaris Thamrin City Hotel, Center Jakarta; Pullman Jakarta Central Park Hotel, West Jakarta; Emporium Pluit Mall;&nbsp; Luxurious Hotel in Nusa Dua, Bali; POP! Hotel and Harris Hotel (within Festival CityLink superblock in Bandung); Metro Park Residences in West Jakarta; Vimala Hills - an integrated residential and resort in West Java, and two Small Office Home Office (SOHO) towers and Central Park Mall Extention, as part of the Podomoro City Extension. </span></p>\r\n<p class=\"MsoNormal\"><span>&nbsp;</span></p>\r\n<p class=\"MsoNormal\"><span>These new projects affirm APLN&rsquo;s ability to acquire more land or develop new projects. With our extensive networking, I have no doubts that APLN will continue to acquire more good projects going forward. </span></p>\r\n<p class=\"MsoNormal\"><span>&nbsp;</span></p>\r\n<p class=\"MsoNormal\"><span>Going forward, APLN is strongly positioned to compete, supported by our rapid response, decision-making, strong execution capabilities and balance sheet. Geographically, we plan to expand outside of Jakarta to more secondary cities, including Makassar and Balikpapan. In terms of our portfolio, we will focus on increasing recurring revenues by adding more malls and hotels to our portfolio, with a medium term target of increasing recurring revenues to contribute 25-30% of total revenues. Overall, we will continue to maintain a flexible and opportunistic approach to investing wherever we see the right opportunities in the market, while striving to adhere to the principles of prudent capital management and fast build cycles, keeping our funds in play. </span></p>\r\n<p class=\"MsoNormal\"><span>&nbsp;</span></p>\r\n<span>Regardless, the future for APLN is bright. We will continue to act boldly and intelligently to scale new heights, making a quality lifestyle possible for the Indonesian people.</span></p>','2010-11-2626about-message.jpg','APL-Message from President Director','Message from President Director','Message from President Director','2012-11-05 05:06:04',0,'post','',1,'',''),(13,29,5,'Corporate Milestone','','','2010-11-2638about-corporate.jpg','','','','2012-12-10 05:35:09',0,'post','',1,'','corporate_milestone_10dec2012.jpg'),(15,36,3,'Kuningan City','','<p><img style=\"width: 200px; height: 316px; float: left; margin: 0px 14px 20px 0px;\" src=\"http://futuremediatrix.com/demo/agungpodomoroland/administrator/resources/scripts/tinymce/ImageManager/logo-kuningancity.gif\" alt=\"\" /><span style=\"font-family: helvetica; font-size: small;\">Inspired by Singapore&rsquo;s Orchard Road, The Kuningan City is one of the Agung Podomoro Land&rsquo;s masterpiece, developed by PT Arah Sejahtera Abadi. It was originally planned as a part of the greater Jakarta City Planning Service with sidewalk corridors, and built as international shopping area and to facilitate the leisure side of Jakarta. In the Kuningan City, stands the Denpasar Residences, a residential enjoyment with modern Balinese atmosphere. The Kuningan City&rsquo;s life-styled interior is characterized by a dynamic four elements of nature and unique architectural touches at the fa&ccedil;ade of the Oval Office Tower.</span></p>','20101126152510project-kuningan.jpg','','','','2012-12-10 04:42:44',2,'post','',1,'www.kuningancity.com',''),(16,36,4,'Green Bay Pluit','','<p><img style=\"width: 200px; height: 316px; float: left; margin: 0px 14px 20px 0px;\" src=\"http://futuremediatrix.com/demo/agungpodomoroland/administrator/resources/scripts/tinymce/ImageManager/logo-greenbay.gif\" alt=\"\" />T<span style=\"font-family: helvetica; font-size: small;\">he superblock with environmental theme. Located on the coastline         of North Jakarta, and claimed as the only mall on the beach in Indonesia.<br /> It was built to become one of the Jakarta&rsquo;s most splendor landmarks. The Green Bay lies on a 12  hectares of land with a unique panorama. This green super block concept consists of 12 apartment towers, a shopping arcade and a shopping mall, and a jetty is also attached nearby the compound.                 It also surrounded by a 3-hectare Botanical garden. Green Bay is a flood-free district that  generates 24-hour lifestyle entertainment.</span></p>','20110713181439qsup4r9y.jpg','','','','2012-12-10 04:46:59',1,'post','',1,'www.greenbaypluit.com',''),(17,36,5,'Senayan City','','<p><img style=\"margin: 0px 14px 20px 0px; width: 200px; float: left; height: 316px;\" src=\"http://futuremediatrix.com/demo/agungpodomoroland/administrator/resources/scripts/tinymce/ImageManager/project-senayancity.gif\" alt=\"\" /><span style=\"font-family: helvetica; font-size: small;\">Home to one of the most visited mall in Jakarta, Senayan City Mall, popular by its midnight sale season. On weekdays, about 45,000 people occupy the mall, and boast into approximately 90,000 visitors inside the arena on weekend. The city incorporates with two modern office towers and a luxurious apartment tower, situated on a land of 53,000 m<sup>2</sup>. The city offers innovative surprise, and is packed with shops of brands. This is a world class shopping mall for never ending indulgement. A perfect choice for exclusive lifestyle.</span></p>','20101126152526project-senayan.jpg','','','','2012-11-13 04:49:04',2,'post','',1,'www.senayancity.com',''),(18,36,13,'Green Lake Sunter','','<p><img style=\"float: left; margin-left: 5px; margin-right: 5px;\" src=\"http://futuremediatrix.com/demo/agungpodomoroland/administrator/resources/scripts/tinymce/ImageManager/green_lake_sunter.gif\" alt=\"\" />PT Buana Surya Makmur (member of Agung Podomoro Land) proudly present our Exclusive New Project for your prestigious lifestyle Green Lake Sunter, The Best Location, Elite and prestigious for your living and leisure with golden located at Jakarta</p>\r\n<p style=\"text-align: justify;\">Our Green Lake Sunter Exclusive Residences have Southern Lake Residence (phase 1), Northern Park Residences (phase 2), Opulence Residence and Shopping Arcade for your best business investment.</p>\r\n<p style=\"text-align: justify;\">Only at Green Lake Sunter with GO GREEN Concept, 40% green area from the apartment total area calculation with Flower Attractive Garden. Unground Infrastructure and 24 hours system cluster is our best surplus for your living to make your life convenient</p>','20110905115511Perspective c02b01_110801 3000.jpg','','','','2012-12-10 04:55:34',1,'post','',1,'www.greenlakesunter.com',''),(19,36,7,'Pullman Jakarta Central Park Hotel','','<p>&nbsp;</p>\r\n<p><span><span><span style=\"font-size: small; font-family: helvetica;\">Located in the mega project of Podomoro City Super Block, Pullman Jakarta Central Park is the flagship hotel of Pullman International brand in Jakarta. Managed by Accor Hotel Chain, this upscale 5-stars hotel offers a unique concept of hospitality by adapting contemporary art-style design and tranquil ambience. Adjacent to Award Winning Shopping Complex (Highly Commended Award for category Best Retail Development in Asia Pacific Property Award 2011) and merely 6-km away from Sudirman Central Business District area, the hotel is an ideal residence for both foreign or locals business and leisure travellers.</span></span></span></p>\r\n<p><span><span style=\"font-size: small; font-family: helvetica;\">Pullman Jakarta Central Park offers a whole complete package of luxury, comfortable, and yet casual atmosphere for the guests. The Pullman Logo of \"connectivity\" that often perceived as a pause sign, is a connotation for comfort, care and technology, which suitably described Pullman as a luxury travel in a relaxed, enjoyable and high-tech hospitality.</span></span></p>\r\n<p><span><span style=\"font-size: small; font-family: helvetica;\">Designed with trendy and contemporary art concept, Pullman Jakarta Central Park is keeping pace with the emergent energy of Jakarta and will sets a new trend for hospitality industry.</span></span></p>\r\n<p>&nbsp;</p>','pullman.jpg','','','','2012-12-10 04:46:16',2,'post','',1,'www.pullmanhotels.com',''),(20,36,6,'Emporium Pluit Mall','','<p><span style=\"font-family: helvetica; font-size: small;\">Emporium Pluit Mall is one of the most complete family shopping recreations with One Stop LifestyleShopping concept in the Pluit region, Jakarta, with major tenants such as Sogo, Carrefour, Gramedia, Cinema XXI and Starbucks. Emporium Pluit Mall is currently developing new facilities that will be ready in 2012, which is expected to create added value to the Mall by providing ballroom/function hall on the 9th floor as facilities for meetings, exhibitions adn weddings.</span></p>','20110906144436Empo.jpg','','','','2012-12-10 04:48:38',2,'post','',1,'www.emporiumpluit.com',''),(21,36,37,'Vimala Hills','','<p><span style=\"font-family: helvetica; font-size: small;\"><span style=\"font-size: small;\"><span lang=\"EN-US\">L</span>ocated&nbsp;<span lang=\"EN-US\">only 80 meters from Ciawi exit off Jagorawi Toll Road, this integrated thematic resort is the first of its kind in the area in the last ten years. In an area of around 85 hectares,&nbsp;</span><span lang=\"EN-US\">t</span>here will be villas, townhouses, commercial area, retirement village, Recreation Park and hotel in one integrated area.&nbsp;<span lang=\"EN-US\">Pullman Hotel will be the hotel operator and would become the only five star hotels in Ciawi area</span>.</span></span></p>','20111222130217Vimala Hills.jpg','','','','2012-12-10 04:51:56',1,'post','',1,'www.vimalahills.com',''),(22,36,8,'Festival Citylink','','<p><img style=\"margin: 0px 14px 20px 0px; width: 200px; float: left; height: 316px;\" src=\"http://futuremediatrix.com/demo/agungpodomoroland/administrator/resources/scripts/tinymce/ImageManager/logo-festivalcity.gif\" alt=\"\" /><span style=\"font-family: helvetica; font-size: small;\">The success of Braga Citywalk di Bandung has left Agung Podomoro Land with a gusto to develop another life-style center in Bandung, namely the Festival City Link. The Festival City Link is designed from combining shopping centers, a four-star and a two_star hotel, and a convention room. standing on a piece of 2.6-hectare land, Festival City Link will allow occupants, tenants and visitors to explore city of Bandung unique atmosphere which brings an extraordinary experience.</span></p>','20101126152455project-festival.jpg','','','','2012-12-10 04:50:11',2,'post','',1,'www.festivalcitylink.com',''),(23,36,12,'Gading Nias Residence','','<p><img style=\"width: 200px; height: 316px; float: left; margin: 0px 14px 20px 0px;\" src=\"http://futuremediatrix.com/demo/agungpodomoroland/administrator/resources/scripts/tinymce/ImageManager/logo-gadingnias.gif\" alt=\"\" /><span style=\"font-family: helvetica; font-size: small;\">Being a low-cost housing in a premium location in North Jakarta is a uniqueness of Gading Nias Residences. Within the standard of good quality lifeplace and in a very strategic area, near the well-know and Grand Kelapa Gading Mall and streets that rows with business, it&rsquo;s surely the sound of a good place to live for 20,000 residents. The close link with many business areas along side the street is a perfect potion of &ldquo;walk to work&rdquo; conception. targeting the middle class as its occupants as the objective is not to be argued that the residence has supported the government&rsquo;s policy in public housing program.</span></p>','20101126152505project-gading.jpg','','','','2012-12-10 04:55:34',2,'post','',1,'',''),(24,36,10,'The Lavande','','<p><img style=\"width: 200px; height: 316px; float: left; margin: 0px 14px 20px 0px;\" src=\"http://futuremediatrix.com/demo/agungpodomoroland/administrator/resources/scripts/tinymce/ImageManager/project-thelavande.gif\" alt=\"\" /><span style=\"font-family: helvetica; font-size: small;\">Tebet has been one of Jakarta&rsquo;s prominent and it&rsquo;s a perfect location for the Lavande, a deluxe vertical dwelling in response to executives and professional&rsquo;s high demand of harmonized city living. Located only 200 meters from the Pancoran statue, the Lavande adopts ethnic concept, making this exclusive apartment proper to indulge its occupants. With a unique atmosphere characterized with full privacy, highly healthy environment and relaxing ambience of&nbsp; sky Veranda.&nbsp; The Lavande is constructed on a piece of 1.1 hectare land that accommodates 720 apartment units.</span></p>','20101126152452project-lavande.jpg','','','','2012-12-10 04:53:47',2,'post','',1,'www.thelavande.com',''),(25,36,11,'Lindeteves Trade Center','','<p><img style=\"float: left; width: 200px; height: 316px; margin: 0px 14px 20px 0px;\" src=\"http://futuremediatrix.com/demo/agungpodomoroland/administrator/resources/scripts/tinymce/ImageManager/logo-lindeteves.gif\" alt=\"\" /><span style=\"font-family: helvetica; font-size: small;\">Named after the first steel construction company during the colonial time, NV Lindeteves Stokvis &amp; Fa. This 11-floor center located on Glodok, West Jakarta, near the oldest electronic market in Jakarta. It is constructed as the main area for heavy machinery, technical tools, welding safety, electronic sparepart, lightning and electrical, houseware and hardware trade, also retail parties. Developed by PT Citra Gemilang Nusantara on an area of&nbsp;3.0 hectares, and open for public since 2005. Lindeteves Trade Center occupied by two anchor tenants : Giant and Sun City.</span></p>','20101126152501project-linde.jpg','','','','2012-12-10 04:55:34',2,'post','',1,'www.ltc-glodok.com',''),(26,36,14,'Grand Taruma','','<p><img style=\"float: left; margin-left: 5px; margin-right: 5px;\" src=\"http://futuremediatrix.com/demo/agungpodomoroland/administrator/resources/scripts/tinymce/ImageManager/grand_taruma.gif\" alt=\"\" /><span style=\"font-size: small; font-family: helvetica;\">As one of the quality products from Agung Podomoro which is being developed outside Jakarta, Grand Taruma is located in the industrial city of Kerawang with abundant potentials.<br /><br />The project with an area of 48 hectares is built on a very strategic location:</span></p>\r\n<p><span style=\"font-size: small; font-family: helvetica;\">Located on Jalan Tarumanegara Kav. 8 which has direct toll road access to both Jakarta and Bandung direction.</span></p>\r\n<p><span style=\"font-size: small; font-family: helvetica;\">The travel distance to downtown Kerawang can be reached in 5 minutes</span></p>\r\n<p><span style=\"font-size: small; font-family: helvetica;\">Adjacent to a well known hospital in the city of Kerawang</span></p>\r\n<p>&nbsp;</p>','20110510101406banner-grand-taruma.jpg','','','','2012-12-10 04:56:24',1,'post','',1,'grandtarumakarawang.wordpress.com/',''),(27,36,15,'Green Permata','','<p><img style=\"float: left; margin-left: 5px; margin-right: 5px;\" src=\"http://futuremediatrix.com/demo/agungpodomoroland/administrator/resources/scripts/tinymce/ImageManager/greenpermata.gif\" alt=\"\" /><span style=\"font-family: helvetica; font-size: small;\">A luxurious housing with modern tropical concept, elegant design which reflects modern lifestyle in the middle of prestigious residential district of South Jakarta.<br /><br />Green Permata is an expansion from Permata Mediterania housing which is very strategically located in South Jakarta, with land area of 127.128 m2, built area of 63.627 m2 dan with 328 units in total.<br /><br />Green Permata is a blend of two of the most extraordinary features from Singapore and Bali to create a whole new living concept. Singapore is known world wide as a Garden City which is very discipline with order, tidiness, and cleanliness.<br /><br />The other tropical island which is Bali, is known for its handicraft and landscaping. Due to Jakarta&rsquo;s location in between Singapore and Bali hence the concept to blend the two traditions; tropical island and metropolitan city.</span></p>\r\n<p>&nbsp;</p>\r\n<p>\r\n<table border=\"0\">\r\n<tbody>\r\n<tr>\r\n<td>Total Land Area</td>\r\n<td>127.128 m2</td>\r\n</tr>\r\n<tr>\r\n<td>Total Built Area</td>\r\n<td>63.627 m2</td>\r\n</tr>\r\n<tr>\r\n<td>Starting</td>\r\n<td>2011</td>\r\n</tr>\r\n<tr>\r\n<td>Completion</td>\r\n<td>2013</td>\r\n</tr>\r\n<tr>\r\n<td>Opening</td>\r\n<td>2013</td>\r\n</tr>\r\n</tbody>\r\n</table>\r\n</p>','20110510101324banner-green-permata.jpg','','','','2012-12-10 04:56:00',1,'post','',1,'www.greenpermata.com',''),(28,37,2,'The Board of Directors','','<div id=\"lipsum\">\r\n<p><strong><span style=\"color: #2f4f4f;\"><span style=\"font-size: 16px;\"><span style=\"font-family: helvetica;\">The Board of Directors</span></span></span></strong></p>\r\n<hr />\r\n<table border=\"0\" cellspacing=\"3\" cellpadding=\"3\" align=\"left\">\r\n<tbody>\r\n<tr valign=\"top\">\r\n<td width=\"220\" valign=\"top\"><span style=\"font-size: x-small;\"><strong><span style=\"font-size: xx-small;\"><img style=\"float: left; margin-right: 5px;\" src=\"http://agungpodomoroland.com/images/upload/dir-trihatma-kusuma.jpg\" alt=\"\" /></span><br /><br /><br /><span style=\"font-size: small;\"><span style=\"font-family: helvetica;\">Trihatma Kusuma Haliman</span></span></strong><span style=\"font-size: small;\"><span style=\"font-family: helvetica;\"><br />President Director<br /><br /> </span></span></span><span style=\"font-family: helvetica;\"><span style=\"font-size: small;\"> </span> </span> \r\n<table style=\"width: 234px;\" border=\"0\" cellspacing=\"2\" cellpadding=\"2\" align=\"left\">\r\n<tbody>\r\n<tr valign=\"top\">\r\n<td width=\"4\"><span style=\"font-size: x-small;\"><span style=\"font-size: small;\"><span style=\"font-family: helvetica;\">-</span></span></span></td>\r\n<td width=\"230\"><span style=\"font-size: x-small;\"><span style=\"font-size: small;\"><span style=\"font-family: helvetica;\">Instrumental in the development of the Agung Podomoro Group into one of the largest real estate company in Indonesia</span></span></span></td>\r\n</tr>\r\n<tr valign=\"top\">\r\n<td width=\"4\"><span style=\"font-size: x-small;\"><span style=\"font-size: small;\"><span style=\"font-family: helvetica;\">-</span></span></span></td>\r\n<td width=\"230\"><span style=\"font-size: x-small;\"><span style=\"font-size: small;\"><span style=\"font-family: helvetica;\">Joined the Agung Podomoro Group in 1973</span></span></span></td>\r\n</tr>\r\n<tr valign=\"top\">\r\n<td width=\"4\"><span style=\"font-size: x-small;\"><span style=\"font-size: small;\"><span style=\"font-family: helvetica;\">-</span></span></span></td>\r\n<td width=\"230\"><span style=\"font-size: x-small;\"><span style=\"font-size: small;\"><span style=\"font-family: helvetica;\">Close to 40 years of experience in the real estate</span></span></span></td>\r\n</tr>\r\n</tbody>\r\n</table>\r\n<span style=\"font-family: helvetica;\"> <span style=\"font-size: small;\"> <span style=\"font-size: x-small;\"> </span></span></span></td>\r\n<td width=\"220\" valign=\"top\"><span style=\"font-family: helvetica;\"><span style=\"font-size: small;\"><span style=\"font-size: x-small;\"><strong><span style=\"font-size: xx-small;\"><img style=\"float: left; margin-right: 5px;\" src=\"http://agungpodomoroland.com/images/upload/dir-ariesman-widjaja.jpg\" alt=\"\" /></span><br /><br /><br /><span style=\"font-size: small;\">Ariesman Widjaja</span></strong><span style=\"font-size: small;\"><br />Vice President Director<br /><br /> </span></span><span style=\"font-size: small;\"> </span></span><span style=\"font-size: small;\"> </span></span><span style=\"font-size: small;\"> </span> \r\n<table style=\"width: 234px;\" border=\"0\" cellspacing=\"2\" cellpadding=\"2\" align=\"left\">\r\n<tbody>\r\n<tr valign=\"top\">\r\n<td width=\"4\"><span style=\"font-size: x-small;\"><span style=\"font-size: small;\"><span style=\"font-family: helvetica;\"><span style=\"font-size: small;\">-</span></span></span></span></td>\r\n<td width=\"230\"><span style=\"font-size: x-small;\"><span style=\"font-size: small;\"><span style=\"font-family: helvetica;\"><span style=\"font-size: small;\">In-charge of operations</span></span></span></span></td>\r\n</tr>\r\n<tr valign=\"top\">\r\n<td width=\"4\"><span style=\"font-size: x-small;\"><span style=\"font-size: small;\"><span style=\"font-family: helvetica;\"><span style=\"font-size: small;\">-</span></span></span></span></td>\r\n<td width=\"230\"><span style=\"font-size: x-small;\"><span style=\"font-size: small;\"><span style=\"font-family: helvetica;\"><span style=\"font-size: small;\">Joined the Agung Podomoro group in 1994</span></span></span></span></td>\r\n</tr>\r\n<tr valign=\"top\">\r\n<td width=\"4\"><span style=\"font-size: x-small;\"><span style=\"font-size: small;\"><span style=\"font-family: helvetica;\"><span style=\"font-size: small;\">-</span></span></span></span></td>\r\n<td width=\"230\"><span style=\"font-size: x-small;\"><span style=\"font-size: small;\"><span style=\"font-family: helvetica;\"><span style=\"font-size: small;\">Over 20 years of experience in the industry</span></span></span></span></td>\r\n</tr>\r\n<tr valign=\"top\">\r\n<td width=\"4\"></td>\r\n<td width=\"230\"></td>\r\n</tr>\r\n</tbody>\r\n</table>\r\n<span style=\"font-size: small;\"> <span style=\"font-family: helvetica;\"> <span style=\"font-size: small;\"> <span style=\"font-size: x-small;\"> </span></span></span></span></td>\r\n<td width=\"220\" valign=\"top\"><span style=\"font-size: small;\"><span style=\"font-family: helvetica;\"><span style=\"font-size: small;\"><span style=\"font-size: x-small;\"><strong><img style=\"float: left; margin-right: 5px;\" src=\"http://agungpodomoroland.com/images/upload/dir-indra-wijaya.jpg\" alt=\"\" /><span style=\"font-size: small;\"><br /><br /><br />Indra Wijaya</span></strong><span style=\"font-size: small;\"><br />Vice President Director<br /></span><br /> </span> </span> </span> </span> \r\n<table style=\"width: 234px;\" border=\"0\" cellspacing=\"2\" cellpadding=\"2\" align=\"left\">\r\n<tbody>\r\n<tr valign=\"top\">\r\n<td width=\"4\"><span style=\"font-size: x-small;\"><span style=\"font-size: small;\"><span style=\"font-family: helvetica;\"><span style=\"font-size: small;\">-</span></span></span></span></td>\r\n<td width=\"230\"><span style=\"font-size: x-small;\"><span style=\"font-size: small;\"><span style=\"font-family: helvetica;\"><span style=\"font-size: small;\">In-charge of business development and marketing</span></span></span></span></td>\r\n</tr>\r\n<tr valign=\"top\">\r\n<td width=\"4\"><span style=\"font-size: x-small;\"><span style=\"font-size: small;\"><span style=\"font-family: helvetica;\"><span style=\"font-size: small;\">-</span></span></span></span></td>\r\n<td width=\"230\"><span style=\"font-size: x-small;\"><span style=\"font-size: small;\"><span style=\"font-family: helvetica;\"><span style=\"font-size: small;\">Previous working experience include: PT Hero Supermarket tbk., PT TCP Internusa and PT Ciputra Development</span></span></span></span></td>\r\n</tr>\r\n<tr valign=\"top\">\r\n<td width=\"4\"><span style=\"font-size: x-small;\"><span style=\"font-size: small;\"><span style=\"font-family: helvetica;\"><span style=\"font-size: small;\">-</span></span></span></span></td>\r\n<td width=\"230\"><span style=\"font-size: x-small;\"><span style=\"font-size: small;\"><span style=\"font-family: helvetica;\"><span style=\"font-size: small;\">Over 15 years of experience in retail and project management</span></span></span></span></td>\r\n</tr>\r\n</tbody>\r\n</table>\r\n<span style=\"font-size: small;\"> <span style=\"font-family: helvetica;\"> <span style=\"font-size: x-small;\"> </span></span></span></td>\r\n</tr>\r\n</tbody>\r\n</table>\r\n<p><span style=\"font-size: x-small;\"><span style=\"font-size: small;\"><span style=\"font-family: helvetica;\"><span style=\"font-size: small;\"><br /></span></span></span></span></p>\r\n<table border=\"0\" cellspacing=\"3\" cellpadding=\"3\" align=\"left\">\r\n<tbody>\r\n<tr valign=\"top\">\r\n<td width=\"220\" valign=\"top\">\r\n<p><span style=\"font-size: x-small;\"><span style=\"font-size: small;\"><span style=\"font-family: helvetica;\"><span style=\"font-size: small;\"><strong><img style=\"float: left; margin-right: 5px;\" src=\"http://agungpodomoroland.com/images/upload/dir-handaka-santosa.jpg\" alt=\"\" /><br /><br /><br />Handaka Santosa&nbsp;&nbsp;&nbsp;&nbsp;&nbsp;&nbsp;&nbsp;&nbsp;&nbsp;&nbsp;&nbsp;&nbsp; </strong>Vice President Director</span></span></span></span></p>\r\n<p>&nbsp;</p>\r\n<table style=\"width: 234px;\" border=\"0\" cellspacing=\"2\" cellpadding=\"2\" align=\"left\">\r\n<tbody>\r\n<tr>\r\n<td><span style=\"font-family: helvetica; font-size: small;\">-</span></td>\r\n<td><span style=\"font-family: helvetica; font-size: small;\">In-Charge of Project Development and Human Resources</span></td>\r\n</tr>\r\n<tr valign=\"top\">\r\n<td width=\"4\"><span style=\"font-size: x-small;\"><span style=\"font-size: small;\"><span style=\"font-family: helvetica;\"><span style=\"font-size: small;\">-</span></span></span></span></td>\r\n<td width=\"230\"><span style=\"font-size: x-small;\"><span style=\"font-size: small;\"><span style=\"font-family: helvetica;\"><span style=\"font-size: small;\">Currently the CEO of senayan City.</span></span></span></span></td>\r\n</tr>\r\n<tr valign=\"top\">\r\n<td width=\"4\"><span style=\"font-size: x-small;\"><span style=\"font-size: small;\"><span style=\"font-family: helvetica;\"><span style=\"font-size: small;\">-</span></span></span></span></td>\r\n<td width=\"230\"><span style=\"font-size: x-small;\"><span style=\"font-size: small;\"><span style=\"font-family: helvetica;\"><span style=\"font-size: small;\">Previously served as the CEO of Podomoro City and also Chairman of Indonesia Retail Merchant Associations (APRINDO)</span></span></span></span></td>\r\n</tr>\r\n<tr valign=\"top\">\r\n<td width=\"4\"><span style=\"font-size: x-small;\"><span style=\"font-size: small;\"><span style=\"font-family: helvetica;\"><span style=\"font-size: small;\">-</span></span></span></span></td>\r\n<td width=\"230\"><span style=\"font-size: x-small;\"><span style=\"font-size: small;\"><span style=\"font-family: helvetica;\"><span style=\"font-size: small;\">Over 30 years of experience in the retail and property insdustry.</span></span></span></span></td>\r\n</tr>\r\n</tbody>\r\n</table>\r\n</td>\r\n<td width=\"220\" valign=\"top\"><span style=\"font-size: small;\"><span style=\"font-family: helvetica;\"><span style=\"font-size: small;\"><span style=\"font-size: x-small;\"><strong><span style=\"font-size: xx-small;\"><img style=\"float: left; margin-right: 5px;\" src=\"http://agungpodomoroland.com/images/upload/dir-cesar-dela-cruz.jpg\" alt=\"\" /></span><br /><br /><br /><span style=\"font-size: small;\">Cesar M. Dela Cruz</span></strong><span style=\"font-size: small;\"><br />Director<br /><br /> </span></span><span style=\"font-size: small;\"> </span></span><span style=\"font-size: small;\"> </span></span><span style=\"font-size: small;\"> </span></span><span style=\"font-size: small;\"> </span>\r\n<p>&nbsp;</p>\r\n<table style=\"width: 234px;\" border=\"0\" cellspacing=\"2\" cellpadding=\"2\" align=\"left\">\r\n<tbody>\r\n<tr valign=\"top\">\r\n<td width=\"4\"><span style=\"font-family: helvetica; font-size: small;\">-</span></td>\r\n<td width=\"230\"><span style=\"font-size: x-small;\"><span style=\"font-size: small;\"><span style=\"font-family: helvetica;\"><span style=\"font-size: small;\"><span style=\"font-size: small;\">Chief Financial Officer of Agung Podomoro Land</span></span></span></span></span></td>\r\n</tr>\r\n<tr valign=\"top\">\r\n<td width=\"4\"><span style=\"font-size: x-small;\"><span style=\"font-size: small;\"><span style=\"font-family: helvetica;\"><span style=\"font-size: small;\"><span style=\"font-size: small;\">-</span></span></span></span></span></td>\r\n<td width=\"230\"><span style=\"font-size: x-small;\"><span style=\"font-size: small;\"><span style=\"font-family: helvetica;\"><span style=\"font-size: small;\"><span style=\"font-size: small;\">Close to 50 years of working experience in financial/treasury functions</span></span></span></span></span></td>\r\n</tr>\r\n<tr valign=\"top\">\r\n<td><span style=\"font-family: helvetica; font-size: x-small;\"><span style=\"font-size: small;\">-</span></span></td>\r\n<td><span><span style=\"font-family: helvetica; font-size: small;\">Earned Earned his Master of Business Administration (MBA) from the W. Harton School, University of Pennsylvania in 1971</span></span></td>\r\n</tr>\r\n</tbody>\r\n</table>\r\n<span style=\"font-size: small;\"> <span style=\"font-size: small;\"> <span style=\"font-family: helvetica;\"> <span style=\"font-size: small;\"> <span style=\"font-size: x-small;\"> </span></span></span></span></span></td>\r\n<td width=\"220\" valign=\"top\"><span style=\"font-size: small;\"><span style=\"font-family: helvetica;\"><span style=\"font-size: small;\"><span style=\"font-size: x-small;\"><span style=\"font-size: small;\"><strong><img style=\"float: left; margin-right: 5px;\" src=\"http://agungpodomoroland.com/images/upload/dir-paul-christian.jpg\" alt=\"\" /><br /><br /><br />Paul Christian</strong><br />Director<br /></span><br /> </span> </span> </span> </span> \r\n<table style=\"width: 234px;\" border=\"0\" cellspacing=\"2\" cellpadding=\"2\" align=\"left\">\r\n<tbody>\r\n<tr valign=\"top\">\r\n<td width=\"4\"><span style=\"font-size: x-small;\"><span style=\"font-size: small;\"><span style=\"font-family: helvetica;\"><span style=\"font-size: small;\">-</span></span></span></span></td>\r\n<td width=\"230\"><span style=\"font-size: x-small;\"><span style=\"font-size: small;\"><span style=\"font-family: helvetica;\"><span style=\"font-size: small;\">Project director of Agung Podomoro Land</span></span></span></span></td>\r\n</tr>\r\n<tr valign=\"top\">\r\n<td width=\"4\"><span style=\"font-size: x-small;\"><span style=\"font-size: small;\"><span style=\"font-family: helvetica;\"><span style=\"font-size: small;\">-</span></span></span></span></td>\r\n<td width=\"230\"><span style=\"font-size: x-small;\"><span style=\"font-size: small;\"><span style=\"font-family: helvetica;\"><span style=\"font-size: small;\">Close to 15 years of experience in the&nbsp;construction industry</span></span></span></span></td>\r\n</tr>\r\n</tbody>\r\n</table>\r\n<span style=\"font-size: small;\"> <span style=\"font-family: helvetica;\"> <span style=\"font-size: small;\"> <span style=\"font-size: x-small;\"> </span></span></span></span></td>\r\n</tr>\r\n</tbody>\r\n</table>\r\n<p><span style=\"font-size: x-small;\"><span style=\"font-size: small;\"><span style=\"font-family: helvetica;\"><span style=\"font-size: small;\"><br /></span></span></span></span></p>\r\n<table border=\"0\" cellspacing=\"3\" cellpadding=\"3\" align=\"left\">\r\n<tbody>\r\n<tr valign=\"top\">\r\n<td width=\"220\" valign=\"top\"><span style=\"font-size: small;\"><span style=\"font-family: helvetica;\"><span style=\"font-size: small;\"><span style=\"font-size: x-small;\"><strong><span style=\"font-size: xx-small;\"><img style=\"float: left; margin-right: 5px;\" src=\"http://agungpodomoroland.com/images/upload/dir-miarni-ang.jpg\" alt=\"\" /></span><br /><br /><br /><span style=\"font-size: small;\">Miarni Ang</span></strong><span style=\"font-size: small;\"><br />Director<br /><br /> </span></span><span style=\"font-size: small;\"> </span></span><span style=\"font-size: small;\"> </span></span><span style=\"font-size: small;\"> </span></span><span style=\"font-size: small;\"> </span> \r\n<table style=\"width: 234px;\" border=\"0\" cellspacing=\"2\" cellpadding=\"2\" align=\"left\">\r\n<tbody>\r\n<tr valign=\"top\">\r\n<td width=\"4\"><span style=\"font-size: x-small;\"><span style=\"font-size: small;\"><span style=\"font-family: helvetica;\"><span style=\"font-size: small;\"><span style=\"font-size: small;\">-</span></span></span></span></span></td>\r\n<td width=\"230\"><span style=\"font-size: x-small;\"><span style=\"font-size: small;\"><span style=\"font-family: helvetica;\"><span style=\"font-size: small;\"><span style=\"font-size: small;\">Legal director of Agung Podomoro Land</span></span></span></span></span></td>\r\n</tr>\r\n<tr valign=\"top\">\r\n<td width=\"4\"><span style=\"font-size: x-small;\"><span style=\"font-size: small;\"><span style=\"font-family: helvetica;\"><span style=\"font-size: small;\"><span style=\"font-size: small;\">-</span></span></span></span></span></td>\r\n<td width=\"230\"><span style=\"font-size: x-small;\"><span style=\"font-size: small;\"><span style=\"font-family: helvetica;\"><span style=\"font-size: small;\"><span style=\"font-size: small;\">Over 20 years of experience in legal service</span></span></span></span></span></td>\r\n</tr>\r\n</tbody>\r\n</table>\r\n<span style=\"font-size: small;\"> <span style=\"font-size: small;\"> <span style=\"font-family: helvetica;\"> <span style=\"font-size: small;\"> <span style=\"font-size: x-small;\"> </span></span></span></span></span></td>\r\n<td width=\"220\" valign=\"top\"><span style=\"font-size: small;\"><span style=\"font-size: small;\"><span style=\"font-family: helvetica;\"><span style=\"font-size: small;\"><span style=\"font-size: x-small;\"><strong><span style=\"font-size: xx-small;\"><img style=\"float: left; margin-right: 5px;\" src=\"http://agungpodomoroland.com/images/upload/dir-noer-indradjaja.jpg\" alt=\"\" /></span><br /><br /><br /><span style=\"font-size: small;\">Noer Indradjaja</span></strong><span style=\"font-size: small;\"><br />Director<br /></span><br /> </span> </span> </span> </span> </span> \r\n<table style=\"width: 234px;\" border=\"0\" cellspacing=\"2\" cellpadding=\"2\" align=\"left\">\r\n<tbody>\r\n<tr valign=\"top\">\r\n<td width=\"4\"><span style=\"font-size: x-small;\"><span style=\"font-size: small;\"><span style=\"font-family: helvetica;\"><span style=\"font-size: small;\"><span style=\"font-size: small;\">-</span></span></span></span></span></td>\r\n<td width=\"230\"><span style=\"font-size: x-small;\"><span style=\"font-size: small;\"><span style=\"font-family: helvetica;\"><span style=\"font-size: small;\"><span style=\"font-size: small;\">In-charge of human resource and general affairs</span></span></span></span></span></td>\r\n</tr>\r\n<tr valign=\"top\">\r\n<td width=\"4\"><span style=\"font-size: x-small;\"><span style=\"font-size: small;\"><span style=\"font-family: helvetica;\"><span style=\"font-size: small;\"><span style=\"font-size: small;\">-</span></span></span></span></span></td>\r\n<td width=\"230\"><span style=\"font-size: x-small;\"><span style=\"font-size: small;\"><span style=\"font-family: helvetica;\"><span style=\"font-size: small;\"><span style=\"font-size: small;\">Close to 30 years of experience in the&nbsp;industry</span></span></span></span></span></td>\r\n</tr>\r\n</tbody>\r\n</table>\r\n<span style=\"font-size: small;\"> <span style=\"font-size: small;\"> <span style=\"font-family: helvetica;\"> <span style=\"font-size: small;\"> <span style=\"font-size: x-small;\"> </span></span></span></span></span></td>\r\n<td width=\"220\" valign=\"top\"><span style=\"font-size: small;\"><span style=\"font-family: helvetica;\"><span style=\"font-size: small;\"><span style=\"font-size: x-small;\"><span style=\"font-size: small;\"><strong><img style=\"float: left; margin-right: 5px;\" src=\"http://agungpodomoroland.com/images/upload/dir-bambang-setiobudi.jpg\" alt=\"\" /><br /><br /><br />Bambang Setiobudi</strong><br />Director<br /></span><br /> </span> </span> </span> </span> \r\n<table style=\"width: 234px;\" border=\"0\" cellspacing=\"2\" cellpadding=\"2\" align=\"left\">\r\n<tbody>\r\n<tr valign=\"top\">\r\n<td width=\"4\"><span style=\"font-size: x-small;\"><span style=\"font-size: small;\"><span style=\"font-family: helvetica;\"><span style=\"font-size: small;\">-</span></span></span></span></td>\r\n<td width=\"230\"><span style=\"font-size: x-small;\"><span style=\"font-size: small;\"><span style=\"font-family: helvetica;\"><span style=\"font-size: small;\">Director of Property Management of Agung Podomoro Land</span></span></span></span></td>\r\n</tr>\r\n<tr valign=\"top\">\r\n<td width=\"4\"><span style=\"font-size: x-small;\"><span style=\"font-size: small;\"><span style=\"font-family: helvetica;\"><span style=\"font-size: small;\">-</span></span></span></span></td>\r\n<td width=\"230\"><span style=\"font-size: x-small;\"><span style=\"font-size: small;\"><span style=\"font-family: helvetica;\"><span style=\"font-size: small;\">Over 30 years of experience in property management</span></span></span></span></td>\r\n</tr>\r\n</tbody>\r\n</table>\r\n<span style=\"font-size: x-small;\"> </span></td>\r\n</tr>\r\n</tbody>\r\n</table>\r\n</div>','2010-11-2634management-global.jpg','','','','2012-11-29 04:19:54',0,'post','',1,'',''),(29,0,1,'About Us','','','2010-11-2634management-global.jpg','','','','2012-04-11 13:45:07',0,'menu','',1,'',''),(36,0,2,'Our Project','','<p>&nbsp;</p>\r\n<p><span>PT Agung</span><span>&nbsp;Podomoro Land&nbsp;</span><span>Tbk</span><span>.&nbsp;</span><span>has</span><span>&nbsp;</span><span>26 (twenty six</span><span>) subsidiaries in</span><span>&nbsp;property sector in</span><span>&nbsp;</span><span>Jakarta</span><span>,&nbsp;</span><span>Karawang</span><span>,&nbsp;</span><span>Bandung,</span><span>&nbsp;</span><span>Bali, Balikpapan, Batam and Makassar</span><span>.&nbsp;</span><span>With more than 40 years</span><span>&nbsp;</span><span>of experience</span><span>&nbsp;</span><span>as part</span><span>&nbsp;</span><span>of</span><span>&nbsp;</span><span>the Agung Podomoro</span><span>&nbsp;</span><span>Group</span><span>,&nbsp;</span><span>Agung Podomoro</span><span>&nbsp;</span><span>Land</span><span>&nbsp;</span><span>has</span><span>&nbsp;</span><span>a solid foundation to</span><span>&nbsp;</span><span>become</span><span>&nbsp;</span><span>the leading</span><span>&nbsp;</span><span>developers</span><span>&nbsp;</span><span>in</span><span>&nbsp;</span><span>developing property</span><span>&nbsp;</span><span>business in</span><span>&nbsp;</span><span>Indonesia</span><span>.</span></p>\r\n<p>&nbsp;</p>\r\n<p>Within&nbsp;10 (ten)&nbsp;years, the&nbsp;Agung Podomoro&nbsp;has completed more&nbsp;than 50&nbsp;property projects,&nbsp;with majority&nbsp;addressed tomiddle class&nbsp;segments of&nbsp;society,&nbsp;with projects&nbsp;ranging from&nbsp;low cost&nbsp;apartments&nbsp;to&nbsp;high end&nbsp;apartments&nbsp;in South&nbsp;Jakarta,high end&nbsp;and the&nbsp;neighborhood&nbsp;mall,&nbsp;shop&nbsp;houses, hotels&nbsp;and&nbsp;office&nbsp;towers.&nbsp;With a&nbsp;motto&nbsp;to&nbsp;be part&nbsp;of&nbsp;future&nbsp;investors&nbsp;and&nbsp;buyers,&nbsp;and provide&nbsp;a harmonious&nbsp;lifestyle,&nbsp;Agung Podomoro&nbsp;Land&nbsp;believesto&nbsp;continuously growing rapidly&nbsp;in&nbsp;Indonesia, where&nbsp;local&nbsp;knowledge&nbsp;meets&nbsp;international&nbsp;standards.</p>\r\n<p>&nbsp;</p>','2010-11-2634management-global.jpg','','','','2012-12-04 03:29:38',0,'post','',1,'',''),(37,29,4,'Management','','','2010-11-2634management-global.jpg','','','','2012-05-04 19:47:15',0,'menu','',1,'',''),(38,0,4,'Investor Relations','','','2010-11-2634management-global.jpg','','','','2012-05-07 15:34:27',0,'menu','',1,'',''),(41,0,7,'Contact Us','','','2010-11-2634management-global.jpg','','','','2012-07-15 03:39:20',0,'module','ContactUs',1,'',''),(43,91,1,'Press Releases','','','20101126152455project-festival.jpg','','','','2012-08-13 08:11:35',0,'module','pressreleases',1,'',''),(48,29,2,'Vision and Mission','','<p>\r\n<table class=\"MsoNormalTable\" border=\"0\" cellpadding=\"0\">\r\n<tbody>\r\n<tr>\r\n<td style=\"width: 80px; background-color: #4a43bc;\" align=\"center\" valign=\"middle\">\r\n<p class=\"MsoNormal\"><span style=\"color: #ffffff; font-size: x-small;\"><strong><span style=\"font-size: small;\">VISION</span></strong></span></p>\r\n</td>\r\n<td style=\"width: 650px;\">\r\n<p class=\"MsoNormal\"><span lang=\"IN\">To continue to   grow as an integrated property developer,&nbsp;to optimize value for   clients,&nbsp;business partners,&nbsp;shareholders and society &nbsp; &nbsp;   &nbsp; &nbsp;</span></p>\r\n</td>\r\n</tr>\r\n<tr>\r\n<td style=\"width: 80px;\">\r\n<p class=\"MsoNormal\"><span>&nbsp;</span></p>\r\n</td>\r\n<td style=\"width: 650px;\">\r\n<p class=\"MsoNormal\"><span>&nbsp;</span></p>\r\n</td>\r\n</tr>\r\n<tr>\r\n<td style=\"width: 80px; border: 1px solid #5164ad; background-color: #5164ad;\" rowspan=\"4\" align=\"center\" valign=\"middle\"><span style=\"font-size: small;\"><span style=\"color: #ffffff;\"><strong><span style=\"font-size: small;\"><span style=\"color: #ffffff;\"><span style=\"font-size: small;\"> </span> </span> </span>\r\n<p class=\"MsoNormal\"><span style=\"font-size: small;\">MISSION</span></p>\r\n</strong></span></span></td>\r\n<td style=\"width: 650px;\">\r\n<p class=\"MsoNormal\"><span>To meet public needs in quality housing and   commercial developments</span></p>\r\n</td>\r\n</tr>\r\n<tr>\r\n<td style=\"width: 650px;\">\r\n<p class=\"MsoNormal\"><span>To optimize return on investment from   business partners and shareholders</span></p>\r\n</td>\r\n</tr>\r\n<tr>\r\n<td style=\"width: 650px;\">\r\n<p class=\"MsoNormal\"><span>To become a developer that can deliver more   value to employees</span></p>\r\n</td>\r\n</tr>\r\n<tr>\r\n<td style=\"width: 650px;\">\r\n<p class=\"MsoNormal\"><span>To actively support Government programs in   promoting urban development and improving the human development&nbsp;index</span></p>\r\n</td>\r\n</tr>\r\n<tr>\r\n<td style=\"width: 80px;\">\r\n<p class=\"MsoNormal\"><span>&nbsp;</span></p>\r\n</td>\r\n<td style=\"width: 650px;\">\r\n<p class=\"MsoNormal\"><span>&nbsp;</span></p>\r\n</td>\r\n</tr>\r\n<tr>\r\n<td style=\"width: 100px; border: 1px solid #e01e4d; background-color: #e01e4d;\" rowspan=\"4\" align=\"center\" valign=\"middle\"><span style=\"font-size: small;\"><span style=\"color: #ffffff;\"><strong><span style=\"font-size: small;\"><span style=\"color: #ffffff;\"><span style=\"font-size: small;\"> </span> </span> </span>\r\n<p class=\"MsoNormal\"><span style=\"font-size: small;\">OUR VALUES</span></p>\r\n</strong></span></span></td>\r\n<td style=\"width: 650px;\">\r\n<p class=\"MsoNormal\"><span>Harmony: in working with clients, business   partners, shareholders and society</span></p>\r\n</td>\r\n</tr>\r\n<tr>\r\n<td style=\"width: 650px;\">\r\n<p class=\"MsoNormal\"><span>Passion and perseverance; optimizing our   efforts</span></p>\r\n</td>\r\n</tr>\r\n<tr>\r\n<td style=\"width: 650px;\">\r\n<p class=\"MsoNormal\"><span>Quality: maintained at every stage of   development</span></p>\r\n</td>\r\n</tr>\r\n<tr>\r\n<td style=\"width: 650px;\">\r\n<p class=\"MsoNormal\"><span>Environmentally conscious: putting care into   the environmental aspects of every project</span></p>\r\n</td>\r\n</tr>\r\n</tbody>\r\n</table>\r\n</p>','2010-11-2634management-global.jpg','','','','2012-11-05 10:35:18',0,'post','',1,'',''),(50,0,3,'Shareholder Information','','','2010-11-2634management-global.jpg','','','','2012-04-12 21:46:14',0,'menu','',1,'',''),(51,50,1,'Shareholder Structure','','<p><img src=\"http://futuremediatrix.com/demo/agungpodomoroland/administrator/resources/scripts/tinymce/ImageManager/ShareHolderStructure.jpg\" alt=\"\" width=\"650\" height=\"266\" /></p>','14.jpg','','','','2012-08-13 09:33:49',0,'post','',1,'',''),(52,50,2,'Dividend Information','','<p>The ammount of dividend payout to shareholders is determined at the Annual General Meeting of Shareholders (AGMS) after taking into account the rate of profit earned, allowance for reserves and business expansion programs. No dividends were issued in 2010. Dividends for 2011 were distributed at IDR6/share or 21.17% dividend payout ratio</p>','12.jpg','','','','2012-09-05 11:11:29',0,'post','',1,'',''),(53,50,3,'General Meeting of Shareholder','','','2010-11-2634management-global.jpg','','','','2012-05-04 16:07:05',0,'module','gms',1,'',''),(54,53,1,'Latest GMS','','<p>hgfhgdfgfh</p>','15.jpg','','','','2012-08-13 09:27:44',0,'module','latestgms',1,'',''),(56,38,3,'Quarterly Highlights','','','sheader2.jpg','','','','2012-11-01 06:00:01',0,'module','quarterlyhighlight',1,'',''),(58,29,7,'Awards','','<p><span style=\"font-size: medium; font-family: helvetica; color: #808080;\">Quality on Demand</span></p>\r\n<p>&nbsp;</p>\r\n<div style=\"font-family: Arial, Helvetica, sans-serif !important; font-size: 13px; line-height: 1.5em !important; \">Agung Podomoro Land&rsquo;s success story in its major projects has received wide recognition<span style=\"font-size: small;\"> through many <span style=\"font-size: small;\">awards rewarded and appreciations granted. The followings are some of the recognition that marks the professionalism and prolific establishment of Agung Podomoro Land.</span></span></div>','20110112130619about-award.jpg','','','','2012-11-26 10:29:06',0,'module','award',1,'',''),(68,38,2,'Newsletter','','<p>sdhbgfdjksgbkdjfb</p>','16.jpg','','','','2012-08-13 09:39:18',0,'module','newsletter',1,'',''),(69,38,4,'Corporate Presentation','','','20110713181439qsup4r9y.jpg','','','','2012-09-07 15:40:50',0,'module','corporatepresentation',0,'',''),(70,38,5,'Financial Statements','','','1.jpg','','','','2012-11-01 06:00:42',0,'module','financialstatement',1,'',''),(71,38,0,'Analyst Coverage','','','20110906144436Empo.jpg','','','','2012-07-21 00:49:53',0,'module','analystcoverage',0,'',''),(72,38,7,'Financial Highlights','','<p><img src=\"http://futuremediatrix.com/demo/agungpodomoroland/administrator/resources/scripts/tinymce/ImageManager/Financial-Highlights-edit.jpg\" alt=\"\" width=\"600\" height=\"302\" /></p>','20110510101406banner-grand-taruma.jpg','','','','2012-11-19 08:03:42',0,'post','FinancialHighlight',1,'',''),(73,38,8,'Financial Ratios','','<table border=\"0\" cellspacing=\"0\" cellpadding=\"0\" width=\"495\">\r\n<colgroup><col style=\"width: 48pt;\" width=\"64\"></col> <col style=\"mso-width-source: userset; mso-width-alt: 6400; width: 131pt;\" width=\"175\"></col> <col style=\"width: 48pt;\" span=\"4\" width=\"64\"></col> </colgroup> \r\n<tbody>\r\n<tr style=\"height: 15.0pt;\" height=\"20\">\r\n<td style=\"height: 15.0pt; mso-ignore: colspan; width: 179pt;\" colspan=\"2\" width=\"239\" height=\"20\"><span style=\"font-size: medium;\"><strong>Ratios (%)</strong></span></td>\r\n<td style=\"width: 48pt;\" width=\"64\"></td>\r\n<td style=\"width: 48pt;\" width=\"64\"></td>\r\n<td style=\"width: 48pt;\" width=\"64\"></td>\r\n<td style=\"width: 48pt;\" width=\"64\"></td>\r\n</tr>\r\n<tr style=\"height: 15.0pt;\" height=\"20\">\r\n<td style=\"height: 15.0pt;\" height=\"20\"></td>\r\n<td></td>\r\n<td></td>\r\n<td></td>\r\n<td></td>\r\n<td></td>\r\n</tr>\r\n<tr style=\"height: 15.0pt;\" height=\"20\">\r\n<td style=\"height: 15.0pt;\" height=\"20\"></td>\r\n<td><strong>Profitability Ratios</strong></td>\r\n<td></td>\r\n<td class=\"xl65\" style=\"text-align: center;\"><strong>9M 2012</strong></td>\r\n<td></td>\r\n<td style=\"text-align: center;\"><strong>FY 2011</strong></td>\r\n</tr>\r\n<tr style=\"height: 15.0pt;\" height=\"20\">\r\n<td style=\"height: 15.0pt;\" height=\"20\"></td>\r\n<td></td>\r\n<td></td>\r\n<td class=\"xl65\"></td>\r\n<td></td>\r\n<td></td>\r\n</tr>\r\n<tr style=\"height: 15.0pt;\" height=\"20\">\r\n<td style=\"height: 15.0pt;\" height=\"20\"></td>\r\n<td>&nbsp;&nbsp; Gross Profit Margin</td>\r\n<td></td>\r\n<td class=\"xl65\" style=\"text-align: center;\">45.7</td>\r\n<td></td>\r\n<td style=\"text-align: center;\">36.8</td>\r\n</tr>\r\n<tr style=\"height: 15.0pt;\" height=\"20\">\r\n<td style=\"height: 15.0pt;\" height=\"20\"></td>\r\n<td></td>\r\n<td></td>\r\n<td class=\"xl65\"></td>\r\n<td></td>\r\n<td></td>\r\n</tr>\r\n<tr style=\"height: 15.0pt;\" height=\"20\">\r\n<td style=\"height: 15.0pt;\" height=\"20\"></td>\r\n<td>&nbsp;&nbsp; Net Profit Margin</td>\r\n<td></td>\r\n<td class=\"xl65\" style=\"text-align: center;\">19.4</td>\r\n<td></td>\r\n<td style=\"text-align: center;\">15.2</td>\r\n</tr>\r\n<tr style=\"height: 15.0pt;\" height=\"20\">\r\n<td style=\"height: 15.0pt;\" height=\"20\"></td>\r\n<td>&nbsp;&nbsp; Return on Average Assets*</td>\r\n<td></td>\r\n<td class=\"xl65\"></td>\r\n<td></td>\r\n<td></td>\r\n</tr>\r\n<tr style=\"height: 15.0pt;\" height=\"20\">\r\n<td style=\"height: 15.0pt;\" height=\"20\"></td>\r\n<td>&nbsp;&nbsp; (Comprehensive)</td>\r\n<td></td>\r\n<td class=\"xl65\" style=\"text-align: center;\">7.2</td>\r\n<td></td>\r\n<td style=\"text-align: center;\">7.4</td>\r\n</tr>\r\n<tr style=\"height: 15.0pt;\" height=\"20\">\r\n<td style=\"height: 15.0pt;\" height=\"20\"></td>\r\n<td></td>\r\n<td></td>\r\n<td class=\"xl65\"></td>\r\n<td></td>\r\n<td></td>\r\n</tr>\r\n<tr style=\"height: 15.0pt;\" height=\"20\">\r\n<td style=\"height: 15.0pt;\" height=\"20\"></td>\r\n<td>&nbsp;&nbsp; Return on Average Equity*</td>\r\n<td></td>\r\n<td class=\"xl65\" style=\"text-align: center;\">17.9</td>\r\n<td></td>\r\n<td style=\"text-align: center;\">14.1</td>\r\n</tr>\r\n<tr style=\"height: 15.0pt;\" height=\"20\">\r\n<td style=\"height: 15.0pt;\" height=\"20\"></td>\r\n<td>&nbsp;&nbsp; Attributable</td>\r\n<td></td>\r\n<td class=\"xl65\" style=\"text-align: center;\">16.3</td>\r\n<td></td>\r\n<td style=\"text-align: center;\">14.8</td>\r\n</tr>\r\n<tr style=\"height: 15.0pt;\" height=\"20\">\r\n<td style=\"height: 15.0pt;\" height=\"20\"></td>\r\n<td>&nbsp;&nbsp; Comrehensive</td>\r\n<td></td>\r\n<td class=\"xl65\"></td>\r\n<td></td>\r\n<td></td>\r\n</tr>\r\n<tr style=\"height: 15.0pt;\" height=\"20\">\r\n<td style=\"height: 15.0pt;\" height=\"20\"></td>\r\n<td></td>\r\n<td></td>\r\n<td class=\"xl65\"></td>\r\n<td></td>\r\n<td></td>\r\n</tr>\r\n<tr style=\"height: 15.0pt;\" height=\"20\">\r\n<td style=\"height: 15.0pt;\" height=\"20\"></td>\r\n<td><strong>Leverage Ratios</strong></td>\r\n<td></td>\r\n<td class=\"xl65\"></td>\r\n<td></td>\r\n<td></td>\r\n</tr>\r\n<tr style=\"height: 15.0pt;\" height=\"20\">\r\n<td style=\"height: 15.0pt;\" height=\"20\"></td>\r\n<td></td>\r\n<td></td>\r\n<td class=\"xl65\"></td>\r\n<td></td>\r\n<td></td>\r\n</tr>\r\n<tr style=\"height: 15.0pt;\" height=\"20\">\r\n<td style=\"height: 15.0pt;\" height=\"20\"></td>\r\n<td>&nbsp;&nbsp; Attributable</td>\r\n<td></td>\r\n<td class=\"xl65\"></td>\r\n<td></td>\r\n<td></td>\r\n</tr>\r\n<tr style=\"height: 15.0pt;\" height=\"20\">\r\n<td style=\"height: 15.0pt;\" height=\"20\"></td>\r\n<td>&nbsp;&nbsp; Gross Gearing</td>\r\n<td></td>\r\n<td class=\"xl65\" style=\"text-align: center;\">93.5</td>\r\n<td></td>\r\n<td style=\"text-align: center;\">79.4</td>\r\n</tr>\r\n<tr style=\"height: 15.0pt;\" height=\"20\">\r\n<td style=\"height: 15.0pt;\" height=\"20\"></td>\r\n<td>&nbsp;&nbsp; Net Gearing</td>\r\n<td></td>\r\n<td class=\"xl65\" style=\"text-align: center;\">36.4</td>\r\n<td></td>\r\n<td style=\"text-align: center;\">36.9</td>\r\n</tr>\r\n<tr style=\"height: 15.0pt;\" height=\"20\">\r\n<td style=\"height: 15.0pt;\" height=\"20\"></td>\r\n<td></td>\r\n<td></td>\r\n<td class=\"xl65\"></td>\r\n<td></td>\r\n<td></td>\r\n</tr>\r\n<tr style=\"height: 15.0pt;\" height=\"20\">\r\n<td style=\"height: 15.0pt;\" height=\"20\"></td>\r\n<td>&nbsp;&nbsp; Comprehensive</td>\r\n<td></td>\r\n<td class=\"xl65\"></td>\r\n<td></td>\r\n<td></td>\r\n</tr>\r\n<tr style=\"height: 15.0pt;\" height=\"20\">\r\n<td style=\"height: 15.0pt;\" height=\"20\"></td>\r\n<td>&nbsp;&nbsp; Gross Gearing</td>\r\n<td></td>\r\n<td class=\"xl65\" style=\"text-align: center;\">84</td>\r\n<td></td>\r\n<td style=\"text-align: center;\">68.1</td>\r\n</tr>\r\n<tr style=\"height: 15.0pt;\" height=\"20\">\r\n<td style=\"height: 15.0pt;\" height=\"20\"></td>\r\n<td>&nbsp;&nbsp; Net Gearing</td>\r\n<td></td>\r\n<td class=\"xl65\" style=\"text-align: center;\">32.8</td>\r\n<td></td>\r\n<td style=\"text-align: center;\">31.7</td>\r\n</tr>\r\n<tr style=\"height: 15.0pt;\" height=\"20\">\r\n<td style=\"height: 15.0pt;\" height=\"20\"></td>\r\n<td></td>\r\n<td></td>\r\n<td></td>\r\n<td></td>\r\n<td></td>\r\n</tr>\r\n<tr style=\"height: 15.0pt;\" height=\"20\">\r\n<td style=\"height: 15.0pt;\" height=\"20\"></td>\r\n<td></td>\r\n<td></td>\r\n<td></td>\r\n<td></td>\r\n<td></td>\r\n</tr>\r\n<tr style=\"height: 15.0pt;\" height=\"20\">\r\n<td style=\"height: 15.0pt;\" height=\"20\"></td>\r\n<td>*Trailing</td>\r\n<td></td>\r\n<td></td>\r\n<td></td>\r\n<td></td>\r\n</tr>\r\n</tbody>\r\n</table>','2010-11-2634management-global.jpg','','','','2012-11-02 17:44:13',0,'post','FinancialRatio',1,'','financialratio.pptx'),(74,38,9,'Debt Profile','','','2010-11-2634management-global.jpg','','','','2012-09-07 15:39:48',0,'module','debtprofile',0,'',''),(75,38,10,'Rating','','','2010-11-2634management-global.jpg','','','','2012-05-04 16:00:10',0,'module','Rating',1,'',''),(76,38,11,'Corporate Calender','','','2.jpg','','','','2012-09-07 15:40:23',0,'module','CorporateCalendar',0,'',''),(77,0,5,'Corporate Governance','','','2010-11-2634management-global.jpg','','','','2012-06-06 19:57:23',0,'menu','',1,'',''),(78,38,12,'Annual Reports','','','2010-11-2634management-global.jpg','','','','2012-11-02 16:16:32',0,'menu','',1,'',''),(81,77,0,'Committees','','','2010-11-2634management-global.jpg','','','','2012-10-22 04:25:50',0,'module','committees',0,'',''),(83,78,1,'Annual Report','','','10.jpg','','','','2012-11-02 16:25:37',0,'module','annualreport',1,'',''),(84,78,2,'Prospectus','','<p>ghjfkhkljljk</p>','11.jpg','','','','2012-11-02 16:27:54',0,'module','Prospectus',0,'',''),(85,53,16,'Previous GMS','','','15.jpg','','','','2012-08-13 09:27:44',0,'module','previousgms',1,'',''),(89,38,18,'Stock Information','','<p><img src=\"http://futuremediatrix.com/demo/agungpodomoroland/administrator/resources/scripts/tinymce/ImageManager/stock_information.jpg\" alt=\"\" width=\"515\" height=\"252\" /></p>','3.jpg','','','','2012-11-05 08:17:13',0,'post','',1,'',''),(90,0,6,'Career','','',' ','','','','2012-08-13 06:15:46',0,'module','Career',1,'www.agungpodomoro-career.com',''),(91,38,1,'Press Release','','',' ','','','','2012-08-13 06:15:46',0,'menu','',1,'',''),(92,91,2,'Quarterly Press Releases','','','20101126152510project-kuningan.jpg','','','','2012-07-15 18:34:16',0,'module','QuarterlyPressReleases',1,'',''),(99,77,19,'Transparency','','','6.jpg','','','','2012-10-28 11:04:50',0,'post','',1,'',''),(100,77,20,'Accountability','','','7.jpg','','','','2012-10-22 04:49:57',0,'post','',1,'',''),(101,77,21,'Responsibility','','','8.jpg','','','','2012-08-13 09:06:04',0,'post','',1,'',''),(102,77,22,'Independency','','','4.jpg','','','','2012-10-24 16:06:10',0,'post','',1,'',''),(103,77,23,'Fairness','','','5.jpg','','','','2012-08-13 09:02:42',0,'post','',1,'',''),(104,99,8,'Controlling Shareholder','','<p>As of September 30, 2012, the Controlling Shareholder of PT Agung Podomoro Land, Tbk. are :</p>\r\n<ul>\r\n<li>PT Indofica, with 9,693,780,000 shares or 47.287%, an</li>\r\n<li>Mr. Trihatma Kusuma Haliman, with 620,693,500 shares or 3,028%.</li>\r\n</ul>','20110510101406banner-grand-taruma.jpg','','','','2012-11-02 16:30:54',0,'post','',0,'',''),(105,99,27,'Ownership by BOC and BOD','','<p>&nbsp;</p>\r\n<p class=\"MsoNormal\"><span lang=\"IN\">As of September 30, 2012, the Shareholders who are Commisioners and </span><span lang=\"IN\">Directors </span><span lang=\"IN\">of PT Agung Podomoro Land, Tbk are:</span></p>\r\n<p class=\"MsoNormal\">\r\n<table border=\"0\">\r\n<tbody>\r\n<tr>\r\n<td><strong><span lang=\"IN\">Name of BOC </span></strong></td>\r\n<td><strong><span lang=\"IN\">Title</span></strong></td>\r\n<td><strong><span lang=\"IN\">Number of Shares</span></strong></td>\r\n<td></td>\r\n<td><strong><span lang=\"IN\">%</span></strong></td>\r\n</tr>\r\n<tr>\r\n<td><span lang=\"IN\">~ Dr. Cosmas Batubara&nbsp;</span></td>\r\n<td><span lang=\"IN\">President Commisioner</span></td>\r\n<td><span lang=\"IN\">411,000</span></td>\r\n<td></td>\r\n<td><span lang=\"IN\">0,002%</span></td>\r\n</tr>\r\n<tr>\r\n<td><span lang=\"IN\">~ Wibowo Ngaserin&nbsp;</span></td>\r\n<td><span lang=\"IN\">Commissioner</span></td>\r\n<td><span lang=\"IN\">438,500</span></td>\r\n<td></td>\r\n<td><span lang=\"IN\">0,002%</span></td>\r\n</tr>\r\n<tr>\r\n<td><span lang=\"IN\">~ Bacelius Ruru</span></td>\r\n<td><span lang=\"IN\">Independent Commissioner</span></td>\r\n<td>-</td>\r\n<td></td>\r\n<td>-</td>\r\n</tr>\r\n<tr>\r\n<td></td>\r\n<td></td>\r\n<td></td>\r\n<td></td>\r\n<td></td>\r\n</tr>\r\n<tr>\r\n<td><strong>Name of BOD</strong></td>\r\n<td><strong>Title</strong></td>\r\n<td><strong>Number of Shares</strong></td>\r\n<td></td>\r\n<td><strong>%</strong></td>\r\n</tr>\r\n<tr>\r\n<td><span lang=\"IN\">~ Trihatma Kusuma Haliman</span></td>\r\n<td><span lang=\"IN\">President Director</span></td>\r\n<td><span lang=\"IN\">620,693,500</span></td>\r\n<td></td>\r\n<td><span lang=\"IN\">3,028%</span></td>\r\n</tr>\r\n<tr>\r\n<td><span lang=\"IN\">~ Ariesman Widjaja&nbsp;</span></td>\r\n<td><span lang=\"IN\">Vice President Director I</span></td>\r\n<td><span lang=\"IN\">2,328,500</span></td>\r\n<td></td>\r\n<td><span lang=\"IN\">0,011%</span></td>\r\n</tr>\r\n<tr>\r\n<td><span lang=\"IN\">~ Indra Wijaya&nbsp;</span></td>\r\n<td><span lang=\"IN\">Vice President Director II</span></td>\r\n<td><span lang=\"IN\">4,657,500</span></td>\r\n<td></td>\r\n<td><span lang=\"IN\">0,023%</span></td>\r\n</tr>\r\n<tr>\r\n<td><span lang=\"IN\">~ Handaka Santosa&nbsp;</span></td>\r\n<td><span lang=\"IN\">Vice President Director III</span></td>\r\n<td><span lang=\"IN\">1,232,500</span></td>\r\n<td></td>\r\n<td><span lang=\"IN\">0,006%</span></td>\r\n</tr>\r\n<tr>\r\n<td><span lang=\"IN\">~ Cesar Dela Cruz&nbsp;</span></td>\r\n<td><span lang=\"IN\">Director</span></td>\r\n<td><span lang=\"IN\">1,643,500</span></td>\r\n<td></td>\r\n<td><span lang=\"IN\">0,008%</span></td>\r\n</tr>\r\n<tr>\r\n<td><span lang=\"IN\">~ Noer Indradjaja&nbsp;</span></td>\r\n<td><span lang=\"IN\">Director</span></td>\r\n<td><span lang=\"IN\">621,000</span></td>\r\n<td></td>\r\n<td><span lang=\"IN\">0,003%</span></td>\r\n</tr>\r\n<tr>\r\n<td><span lang=\"IN\">~ Bambang Setiobudi Madja&nbsp;</span></td>\r\n<td><span lang=\"IN\">Director</span></td>\r\n<td><span lang=\"IN\">459,500</span></td>\r\n<td></td>\r\n<td><span lang=\"IN\">0,002%</span></td>\r\n</tr>\r\n<tr>\r\n<td><span lang=\"IN\">~ Miarni Ang&nbsp;</span></td>\r\n<td><span lang=\"IN\">Director</span></td>\r\n<td><span lang=\"IN\">2,739,500</span></td>\r\n<td></td>\r\n<td><span lang=\"IN\">0,013%</span></td>\r\n</tr>\r\n<tr>\r\n<td><span lang=\"IN\">~ Paul Christian Ariyanto&nbsp;</span></td>\r\n<td>Director</td>\r\n<td>-</td>\r\n<td></td>\r\n<td>-</td>\r\n</tr>\r\n<tr>\r\n<td><strong><span lang=\"IN\">Total:</span></strong></td>\r\n<td></td>\r\n<td><strong><span lang=\"IN\">635,225,000</span></strong></td>\r\n<td></td>\r\n<td><strong><span lang=\"IN\">3.099%</span></strong></td>\r\n</tr>\r\n</tbody>\r\n</table>\r\n</p>\r\n<p>&nbsp;</p>','20101126152455project-festival.jpg','','','','2012-11-01 04:48:01',0,'post','',1,'',''),(109,100,1,'Article of Association','','','20101126152514project-podomoro.jpg','','','','2012-07-21 02:53:31',0,'module','Article-of-Association',1,'',''),(110,100,1,'Code of Conduct','','','20110510101324banner-green-permata.jpg','','','','2012-09-07 15:35:50',0,'module','Code-of-Conduct',0,'',''),(111,100,1,'Code of Ethic','','','20101126152501project-linde.jpg','','','','2012-11-02 16:49:50',0,'post','Code-of-Ethic',1,'','APLN Code of Ethic.pdf'),(112,99,24,'Ownership of 5 percent and above','','<p>&nbsp;</p>\r\n<p class=\"MsoNormal\"><span lang=\"IN\">As of September 30, 2012, the Shareholders with 5% or more of PT Agung Podomoro Land, Tbk. are:</span></p>\r\n<p class=\"MsoNormal\">\r\n<table border=\"0\">\r\n<tbody>\r\n<tr>\r\n<td><strong><span lang=\"IN\">Shareholders Name</span></strong></td>\r\n<td><strong><span lang=\"IN\">Number of Shares</span></strong></td>\r\n<td><strong><span lang=\"IN\">%</span></strong></td>\r\n</tr>\r\n<tr>\r\n<td>\r\n<table class=\"MsoTableGrid\" border=\"0\" cellspacing=\"0\" cellpadding=\"0\">\r\n<tbody>\r\n<tr>\r\n<td width=\"206\" valign=\"top\">\r\n<p class=\"MsoListParagraph\"><!--[if !supportLists]--><span lang=\"IN\">~<span>&nbsp;&nbsp;&nbsp;&nbsp;&nbsp;&nbsp;&nbsp; </span></span><!--[endif]--><span lang=\"IN\">PT   Indofica</span></p>\r\n</td>\r\n</tr>\r\n</tbody>\r\n</table>\r\n</td>\r\n<td><span lang=\"IN\">9,693,780,000</span></td>\r\n<td><span lang=\"IN\">47.285%</span></td>\r\n</tr>\r\n<tr>\r\n<td>\r\n<table class=\"MsoTableGrid\" border=\"0\" cellspacing=\"0\" cellpadding=\"0\">\r\n<tbody>\r\n<tr>\r\n<td width=\"206\" valign=\"top\">\r\n<p class=\"MsoListParagraph\"><!--[if !supportLists]--><span lang=\"IN\">~<span>&nbsp;&nbsp;&nbsp;&nbsp;&nbsp;&nbsp;&nbsp; </span></span><!--[endif]--><span lang=\"IN\">PT   Jaya Lestari Persada</span></p>\r\n</td>\r\n</tr>\r\n</tbody>\r\n</table>\r\n</td>\r\n<td><span lang=\"IN\">3,010,000,000</span></td>\r\n<td><span lang=\"IN\">14.682%</span></td>\r\n</tr>\r\n<tr>\r\n<td>\r\n<table class=\"MsoTableGrid\" border=\"0\" cellspacing=\"0\" cellpadding=\"0\">\r\n<tbody>\r\n<tr>\r\n<td width=\"206\" valign=\"top\">\r\n<p class=\"MsoListParagraph\"><!--[if !supportLists]--><span lang=\"IN\">~<span>&nbsp;&nbsp;&nbsp;&nbsp;&nbsp;&nbsp;&nbsp; </span></span><!--[endif]--><span lang=\"IN\">PT   Simfoni Gema Lestari</span></p>\r\n</td>\r\n</tr>\r\n</tbody>\r\n</table>\r\n</td>\r\n<td><span lang=\"IN\">1,040,000,000</span></td>\r\n<td><span lang=\"IN\">5.073%</span></td>\r\n</tr>\r\n</tbody>\r\n</table>\r\n</p>\r\n<p>&nbsp;</p>','20110510101406banner-grand-taruma.jpg','','','','2012-11-02 16:31:11',0,'post','',0,'',''),(114,36,29,'Makassar Project','','<p><span>Agung</span><span> </span><span>Podomoro</span><span> Land acquired 15 hectares of land in Makassar, South Sulawesi. The Company also has a license to reclaim additional land up to 300 hectares. Makassar is the key transit city to connect east part of Indonesia to other part of Indonesia.&nbsp;</span></p>\r\n<!--EndFragment-->\r\n<p>&nbsp;</p>','MakasarProject.jpg','','','','2012-09-28 16:56:43',0,'post','',1,'',''),(115,36,28,'Hotel in Seminyak, Bali','','<p><!--StartFragment--></p>\r\n<p><span>Agung</span><span> </span><span>Podomoro</span><span> Land is developing another hotel in </span><span>Seminyak</span><span> beach, Bali, another growing location for travelers both domestic and </span><span>internationali</span><span>. The Company plans to build another 5-star hotel on the site with&nbsp;around 250 &ndash; 300 rooms.</span></p>\r\n<!--EndFragment-->\r\n<p>&nbsp;</p>','BaliSeminyak.jpg','','','','2012-09-28 16:59:20',0,'post','',1,'',''),(116,36,30,'Karawang Industrial Estate','','<p><!--StartFragment-->\r\n<p><span>Agung</span><span> </span><span>Podomoro</span><span> Land acquired 342 hectares of land in </span><span>Karawang</span><span>, West Java. With the increasing demand for industrial estate, the Company plans to develop industrial estate in the area. The land has a very strategic location with a very short distance to the Jakarta &ndash; </span><span>Cikampek</span><span> toll road.</span></p>\r\n<!--EndFragment--></p>','Karawang.jpg','','','','2012-09-28 17:01:51',0,'post','',1,'',''),(117,36,31,'SoHo at Pancoran','','<p><!--StartFragment--></p>\r\n<p><span>Through its </span><span>subsdiary</span><span>, PT </span><span>Cipta</span><span> </span><span>Pesona</span><span> </span><span>Karya</span><span> (CPK), </span><span>Agung</span><span> </span><span>Podomoro</span><span> Land<span>&nbsp; </span>will develop a mini superblock in South Jakarta</span><span>. </span><span>Strategically located close to the Inner City Toll Road, in the intersection of Jl. </span><span>Letjen</span><span>. MT. </span><span>Haryono</span><span> and Jl. Prof. DR. </span><span>Soepomo</span><span>, the development will include one Small Office Home Office (SOHO) type tower with around 500 units and a retail space.&nbsp;</span></p>\r\n<!--EndFragment-->\r\n<p>&nbsp;</p>','Soho@Pancoran.jpg','','','','2012-09-29 13:42:11',0,'post','',1,'',''),(118,36,32,'Podomoro City Extension','','<p><span> </span></p>\r\n<div>Podomoro City Extension</div>\r\n<div>This project is an extension of the successful and biggest superblock in West Jakarta, Podomoro City superblock. Podomoro City Extension is divided into two major parts. The first part uses&nbsp;2.3 hectares of land in front of the complex to be developed another mixed use development with Green Concept.&nbsp;The development will consist of&nbsp;one tower of Small Office Home Office (SOHO) type, one office tower and a mall. The new mall will be connected to the existing Central Park Mall both through bridge and tunnel with leasable retail space. This project will be designed again by &nbsp;the leading and well known architects from SIngapore, DP Architect. &nbsp;</div>\r\n<div>For the second part, there will be one apartment tower with around 1,000 unit to serve increasing demand for residential unit in the area. This part will also has 30 units of shop houses to support commercial activities for people living in the complex.</div>\r\n<p>&nbsp;</p>','PociExtention.jpg','','','','2012-10-02 01:41:27',0,'post','',1,'www.podomorocity.com',''),(120,36,33,'Metro Park Residences','','<p><span>Metro Park Residence is an exclusive&nbsp;residence, where you can live your dream of dynamic and comfortable life, in a&nbsp;harmonious living comfort and promising future investment. Located in a&nbsp;prestigious area, at Puri &ndash; Kedoya, West Jakarta (near Kebun Jeruk Toll Gate),&nbsp;among established facilities such as mall and gourmet market, hospital, school and&nbsp;university, you can enjoy a perfect residence&nbsp;with the best facilities to&nbsp;complete the comfort and ease of your life. with around to hectares of land, APLN plans to offer around 1,200 unit of apartments from one bedroom up to three bedroom.</span></p>','MetroParkResident.jpg','','','','2012-10-02 01:19:30',0,'post','',1,'www.metroparkresidences.com',''),(121,36,34,'Parahyangan Residence','','<p><span>Parahyangan Residences is the first vertical housing that builds at elite area, North Bandung. Offers&nbsp;comfort&nbsp;and ease of&nbsp;living, Parahyangan Residences gives you chances to have Bandung tourism paradise as&nbsp;your own terrace for you and love ones. Located at the center of Bandung, Parahyangan Residences have direct access to&nbsp;the shopping area:&nbsp;Cihampelas,&nbsp;Setiabudi and&nbsp;Dago, to&nbsp;Caf&eacute; &amp; Restaurant area: Dago&nbsp;Pakar&nbsp;and&nbsp;Lembang,&nbsp;Bandung&nbsp;and&nbsp;to many famous University in Bandung.<br /><br />For high rise residences, Parahyangan Residence offers Pangrango Tower and Papandayan Tower with total 1522 unit apartments. Provided with many type; Studio (24-26 m&sup2;), one bedroom (29-34 m&sup2;), two&nbsp;bedroom (41-44 m&sup2;) and three bedroom (52 m&sup2;), customers also able to choose their favorite view, city view, mountain view or pool view.<br /><br />Enjoy the beauty of green living at Bandung right from your window, and feel the fresh air from highland. Feel the green way of living at Parahyangan Residences.<br /></span></p>','Parahyangan.jpg','','','','2012-10-02 01:21:21',0,'post','',1,'www.parahyanganresidences.com',''),(122,36,35,'Plaza Balikpapan','','<p><span>Located in the center of Balikpapan City on Jalan Jend. Sudirman, The Plaza Balikpapan is the first and largest shopping centers in the city. This complex &nbsp;offers easy access from various places, as it is located at the trisection of three major roads and surrounded by offices and other municipal facilities. &nbsp;Currently, in the area of more than 4 hectares, there are mall and trade center with total net leasable area of around 40,000 square meter. Along with the development of the city, Agung Podomoro Land will expand the complex through additional 5 hectares reclamation in front of the complex. On the new reclamation land, there will be another superblock which consist of Lifestyle Mall, Hotel, apartment as well as office tower.</span></p>','PlazaBalikpapan.jpg','','','','2012-10-02 15:04:42',0,'post','',1,'www.plaza-balikpapan.com',''),(123,36,36,'BnB Hotel, Kelapa Gading','','<p><span> </span></p>\r\n<div>Located at Kelapa Gading area, a well known residential and commercial district in North Jakarta, the BnB Hotel as a new player in the chained budget hotel classes is&nbsp;taking the opportunity to fill up the shortage of hotel rooms within this region. The hotel which currently under construction will be operated by &nbsp;the PHM, a&nbsp;subsidiary company of Panorama Group, a widely known coorporation in the hosptality industry in Indonesia. Occupying about &nbsp;10,000 square metre building, the&nbsp;Hotel which will be accommodating 171 rooms and 5 meeting rooms is targeted mainly for business travellers and tourist who need an affordable price of&nbsp;accommodation managed by professional hotel operator and short distance access to Kelapa Gading area or its surrounding regions.</div>\r\n<p>&nbsp;</p>','BnB.jpg','','','','2012-09-29 13:53:57',0,'post','',1,'',''),(126,36,9,'Amaris Hotel','','<p>Located in Thamrin City Shopping Center, Jakarta, and only a few hundred meters from the &ldquo;Bundaran Hotel Indonesia&rdquo; and close to Jl. Thamrin and Jl. Sudirman as business and commercial center in Jakarta, Amaris Hotel Thamrin City will have promising future. This hotel has 134 rooms and 2 meeting rooms with capacity of around 30 people, targeting entrepreneurs and businessmen who need accommodation with affordable price which is managed by a professional hotel operator. With a very strong demand by its customers, we are currently adding another 63 rooms to offer total 197 rooms. All visitors can also use the free wifi facility, which is accessible in all rooms.</p>','amris-hotel.jpg','','','','2012-12-10 04:51:20',2,'post','',1,'',''),(127,36,38,'Pullman Bandung City Center','','<p>Located in the center of Bandung city,&nbsp; on Jalan Diponegoro and Jalan Surapati, Agung Podomoro Land (APLN) is developing a project called Pullman Bandung City Center. APLN will develop around 1.9 hectares of land into MICE (Meetings, Incentives, Conferences and Exhibitions) facilities including around 300 rooms of five star hotel, convention center, ballroom, meeting rooms and retail area.</p>','pullman-bandung.jpg','','','','2012-12-10 04:20:42',1,'post','',1,'','');

--
-- Table structure for table `pressreleases`
--

CREATE TABLE `pressreleases` (
  `PressReleasesID` int(20) NOT NULL AUTO_INCREMENT,
  `DateEntry` date NOT NULL,
  `Title` varchar(100) NOT NULL,
  `small_title` varchar(100) NOT NULL,
  `Description` longtext NOT NULL,
  `Category` varchar(100) NOT NULL,
  PRIMARY KEY (`PressReleasesID`)
) ENGINE=InnoDB AUTO_INCREMENT=29 DEFAULT CHARSET=latin1 COLLATE=latin1_swedish_ci;

--
-- Dumping data for table `pressreleases`
--

INSERT INTO `pressreleases` VALUES (3,'2011-08-01','PT AGUNG PODOMORO LAND TBK REPORTS ITS FIRST HALF 2011 RESULTS Marketing Sales Increased by 127% in ','','<p>&nbsp;</p>\r\n<p>Jakarta, 1 August 2011. PT Agung Podomoro Land Tbk (&ldquo;APL&rdquo;or &ldquo;the Company&rdquo;) &ndash; (Ticker IDX: APLN) &ndash; today announced its unaudited financial results for the period ended 30 June 2011.</p>\r\n<p>APL recorded marketing sales of IDR 2,5 trillion or increased by 127% year on year compared to IDR 1.1 trillion in the same period of 2010. Increased in marketing sales during this period was mostly driven by marketing sales in two superblock projects namely Green Lake Sunter and Green Bay Pluit, and one residential project Green Permata as demand for these projects has been tremendous.</p>\r\n<p>&nbsp;</p>','QPR'),(4,'2012-06-14','PT AGUNG PODOMORO LAND TBK FIRST QUARTER 2012 RESULTS Sales and Revenues Increased 64.2% year on yea','','<p>&nbsp;</p>\r\n<p>Jakarta, 14 June, 2012. PT Agung Podomoro Land Tbk (&ldquo;APLN&rdquo; or &ldquo;the Company&rdquo;) &ndash; (Ticker IDX: APLN) &ndash; today announced its audited financial results for the period ended 31 March 2012.</p>\r\n<p>APLN started 2012 with strong financial performance by recording sales and revenues of IDR 1,138.2 billion in 1Q-2012 achieving a 64.2% increase compared to IDR693.1 billion in 1Q-2011. The increase in sales and revenues was contributed mostly by Podomoro City, Kuningan City, Green Bay Pluit and Green Lake Sunter. The contribution from recurring revenues continued to increase to 13.1% in 1Q-2012, from only 5.8% in 1Q-2011 brought about by the consolidation of Emporium Pluit Mall and improved contributions from Central Park Mall and others.</p>\r\n<p>&nbsp;</p>','QPR'),(6,'2012-07-30','PT AGUNG PODOMORO LAND TBK FIRST HALF 2012 RESULTS Sales and Revenues Increased to IDR2,316.8 billio','','','QPR'),(7,'2011-10-31','PT AGUNG PODOMORO LAND TBK NINE MONTHS 2011 RESULTS Sales and Revenues Increased 86.3% year on year ','','','QPR'),(8,'2011-12-28','PT AGUNG PODOMORO LAND TBK FULL YEAR 2011 RESULTS Sales and Revenues Increased 97.2% year on year to','','<p>&nbsp;</p>\r\n<p>Jakarta, 28 March, 2012. PT Agung Podomoro Land Tbk (&ldquo;APLN&rdquo; or &ldquo;the Company&rdquo;) &ndash; (Ticker IDX: APLN) &ndash; today announced its audited financial results for the year ended 31 December 2011.</p>\r\n<p>APLN recorded sales and revenues in excess of IDR 3.8 trillion achieving 97.2% increase compared to IDR1.9 trillion in 2010. The increase in sales and revenues in 2011 was mostly driven by sales recognition in its biggest superblock projects namely Podomoro City and Kuningan City and initial sales recognition in new superblocks Green Bay Pluit and Green Lake Sunter. As planned, the contribution from recurring income increased from only 5.3% in FY2010 to 9.8% in FY2011 with the consolidation of Emporium Pluit Mall and additional revenues from Central Park Mall and others.</p>\r\n<p>&nbsp;</p>','QPR'),(9,'2011-11-22','AGUNG PODOMORO LAND RECEIVES “2011 ECONOMIC CHALLENGES AWARD”','AS THE PRIDE OF INDONESIA IN THE PROPERTY SECTOR','<p>&nbsp;</p>\r\n<p>Jakarta, 22 November 2011 &ndash; The leading property company in Indonesia, PT Agung Podomoro Land Tbk (APLN) has reaffirmed its outstanding achievement, receiving an award from one of the leading TV networks in Indonesia, Metro TV. APLN received the &ldquo;2011 Economic Challanges Award&rdquo; as the &ldquo;Pride of Indonesia in the Property Sector&rdquo;. Handaka Santosa, Vice President Director of APLN who received the award on 21 November 2011 stated:</p>\r\n<p>&ldquo;We thank Metro TV for this &ldquo;2011 Economic Challanges Award&rdquo;. Our property business in Indonesia has gained a lot of attention and appreciation from the public and mass media.The confidence and support given to us by customers and stakeholders has encouraged us to continually improve our performance and achievements&rdquo;.</p>\r\n<p>&nbsp;</p>','PR'),(10,'2012-04-05','PT AGUNG PODOMORO LAND TBK COMPLETED ACQUISITION OF ONE PROJECT OUT OF 10 – 15 POTENTIAL PROJECTS UN','','<p>Jakarta, April 5, 2012. PT Agung Podomoro Land Tbk (&ldquo;APLN&rdquo; or &ldquo;the Company&rdquo;) &ndash; (Ticker IDX: APLN) &ndash; announced the acquisition of a 65% stake in PT Pandega Citraniaga (PC) for about IDR210 billion. PC owns and manages Mal Plaza Balikpapan, the first and one of the best malls/trade centers in Balikpapan, East Kalimantan. Located in 5 hectares of land, the Company will also undertake reclamation for additional 5 hectares to be developed into a mini superblock complex which will include lifestyle mall, hotel, apartment tower and office tower.</p>','PR'),(11,'2011-09-09','PT AGUNG PODOMORO LAND TBK INCLUDED IN LIST OF GLOBAL GROWTH COMPANIES BY THE WORLD ECONOMIC FORUM','','<p>The World Economic Forum&rsquo;s Community of Global Growth Companies included PT Agung Podomoro Land Tbk (APLN) into their member list of 315 companies from 60 countries as August 2011. To be included in their member list, these companies should show consistent annual growth rate exceeding industry and regional averages by 15%, minimum turnover of US$100 million, growth potential, capacity and intends to build global business and exemplary executive leadership.</p>','PR'),(12,'2011-12-19','AGUNG PODOMORO LAND LAUNCHED THREE PROJECTS AT END OF THE YEAR 2011','Kuningan City Mall, Amaris Hotel at Thamrin City and POP Hotel at Festival Citylink','<p>Jakarta, 19 December 2011 &ndash; The leading property company in Indonesia, PT Agung Podomoro Land Tbk (APLN) closed the year 2011 by launching three new projects namely Kuningan City Mall, Amaris Hotel at Thamrin City and POP Hotel at Festival Citylink. These three new projects will strengthen APLN&rsquo;s outstanding performance in coming years.</p>','PR'),(13,'2011-09-05','PT AGUNG PODOMORO LAND TBK MADE ANOTHER ACQUISITION IN ORDER TO EXPAND ITS BUSINESS','','<p>Jakarta, September 5, 2011. PT Agung Podomoro Land Tbk (&ldquo;APL&rdquo; or &ldquo;the Company&rdquo;) &ndash; (Ticker IDX: APLN) &ndash; today announced that the Company has made share purchase agreement to acquire 99.90% stake in PT Karya Gemilang Perkasa (PT KGP) which has a 52.83% shares of PT Pluit Propertindo (owner of the \"Emporium Pluit Mall&rdquo; Project). Emporium Pluit Mall is one of the most complete family shopping recreations with One Stop Lifestyle Shopping concept in the Pluit region, Jakarta, with major tenants such as Sogo, Carrefour, Gramedia, Cinema XXI and Starbucks. Emporium Pluit Mall is currently developing new facilities that will be ready in 2012, which is expected to create added value to the Mall by providing ballroom/function hall on the 9th floor as facilities for meetings, exhibitions and weddings.</p>','PR'),(14,'2011-09-14','PT AGUNG PODOMORO LAND TBK MADE ANOTHER ACQUISITION TO STRENGTHEN  ITS BACK TO THE CITY STRATEGY','','<p>Jakarta, September 14, 2011. PT Agung Podomoro Land Tbk (&ldquo;APL&rdquo; or &ldquo;the Company&rdquo;) &ndash; (Ticker IDX: APLN) &ndash; today announced that the Company has acquired 80% stake in PT Alam Hijau Teduh (PT AHT) which has closed to two hectares of land in West Jakarta. Total acquisition cost was around IDR 56 billion. The Company will develop the area into a residential apartments and commercial complex.</p>','PR'),(15,'2012-07-12','PT AGUNG PODOMORO LAND TBK TO DEVELOP SECOND HOTEL IN BALI','','<p>Jakarta, July 12, 2012. PT Agung Podomoro Land Tbk (&ldquo;APLN&rdquo; or &ldquo;the Company&rdquo;) &ndash; (Ticker IDX: APLN) &ndash; announced that it has entered into a conditional share purchase agreement to acquire a 51% stake in PT Bali Perkasa Sukses (BPS) for about IDR 256 billion. BPS owns around 4.5 hectares of land in Seminyak, Bali which will be developed into a four or five star hotel with around 250 to 400 rooms.</p>','PR'),(16,'2012-05-04','PT AGUNG PODOMORO LAND TBK TO DEVELOP RESIDENTIAL PROPERTY IN BANDUNG','','<p>Jakarta, May 4, 2012. PT Agung Podomoro Land Tbk (&ldquo;APLN&rdquo; or &ldquo;the Company&rdquo;) &ndash; (Ticker IDX: APLN) &ndash; announced that the Company has made share purchase agreement to acquire a 51% stake in PT JKS Realty (JKS), an unaffiliated company, for about IDR 41 billion which owns one hectare of land in Bandung, West Java. The Company plans to develop the area into a residential complex with two towers of apartments ranging from a studio type unit up to three bedroom type of unit (3BR) and some kiosks.</p>','PR'),(17,'2012-04-16','PT AGUNG PODOMORO LAND TBK COMPLETED SECOND ACQUISITION OF POTENTIAL PROJECTS UNDER CONSIDERATION','','<p>Jakarta, April 16, 2012. PT Agung Podomoro Land Tbk (&ldquo;APLN&rdquo; or &ldquo;the Company&rdquo;) &ndash; (Ticker IDX: APLN) &ndash; today announced that the Company has made share purchase agreement to acquire 55% stake in PT Sumber Air Mas Pratama (SAMP) for about IDR216 billion. SAMP owns 342 hectares of land in Karawang, West Java, which will be prepared for industrial estate.</p>','PR'),(18,'2011-10-18','PT AGUNG PODOMORO LAND TBK MADE ANOTHER ACQUISITION TO EXPAND ITS PODOMORO CITY SUPERBLOCK','','<p>Jakarta, October 18, 2011. PT Agung Podomoro Land Tbk (&ldquo;APLN&rdquo; or &ldquo;the Company&rdquo;) &ndash; (Ticker IDX: APLN) &ndash; today announced that the Company has made share purchase agreement to acquire 99.93% stake in PT Tiara Metropolitan Indah (PT TMI) which has one hectare of land adjacent to APLN&rsquo;s undeveloped land bank within the Podomoro City complex. This acquisition which cost around IDR 150 billion, will enable APLN to develop a total area of 2.3 hectares into a mixed &ndash; use development which could have commercial office and residential components.</p>','PR'),(19,'2011-09-14','PT AGUNG PODOMORO LAND TBK KEMBALI MELAKUKAN AKUISISI PERUSAHAAN UNTUK MEMPERKUAT STRATEGI “BACK TO ','','<p>Jakarta, 14 September 2011. PT Agung Podomoro Land Tbk (&ldquo;APL&rdquo; atau &ldquo;Perseroan&rdquo;) &ndash; (Simbol BEI: APLN) &ndash; hari ini mengumumkan bahwa Perusahaan telah mengakuisisi 80% saham di PT Alam Hijau Teduh (PT AHT) yang memiliki hampir dua hektar tanah di Jakarta Barat. Total biaya akuisisi tersebut sekitar Rp 56 miliar. Perusahaan akan mengembangkan area tersebut menjadi kompleks apartemen dan komersial.</p>','PR'),(20,'2012-04-20','PT AGUNG PODOMORO LAND TBK WILL DEVELOP MINI SUPERBLOCK IN SOUTH JAKARTA','','<p>Jakarta, April 20, 2012. PT Agung Podomoro Land Tbk (&ldquo;APLN&rdquo; or &ldquo;the Company&rdquo;) &ndash; (Ticker IDX: APLN) &ndash; announced that its subsidiary PT Cipta Pesona Karya (CPK) will develop a mini superblock in South Jakarta. CPK has acquired a parcel of land with an area of around 7,800 square meters at a cost of IDR143 billion. The land is strategically located close to the Inner City Toll Road, in the intersection of Jl. Letjen. MT. Haryono and Jl. Prof. DR. Soepomo. The development will include one Small Office Home Office (SOHO) type tower with around 500 units and a retail space with net leasable area of around 10,000 square meters.</p>','PR'),(21,'2011-09-07','PT AGUNG PODOMORO LAND TBK ESCALATES RESORT DEVELOPMENTS WITH APPOINTMENT OF MARRIOTT FOR NUSA DUA, ','','<p>Jakarta, September 7, 2011. PT Agung Podomoro Land Tbk (\"APL\" or the \"Company\") &ndash; (Ticker IDX: APLN) &ndash; today announced that the Company has appointed the Marriott Group to manage its project in Nusa Dua, Bali. The project includes the development and management of around 300 international-standard five star hotel rooms using luxury brand \"JW Marriott Hotel\" and management of more than 70 villas and residential units using \"JW Marriott Residences\". Marriott will manage the project as an integrated property development to provide added value both for the hotel as well as for the residences.</p>','PR'),(22,'2011-09-06','PT AGUNG PODOMORO LAND TBK APPOINTED MARRIOTT TO MANAGE JW MARRIOTT HOTEL AND JW MARRIOTT RESIDENCES','','<p>Jakarta, September 6, 2011. PT Agung Podomoro Land Tbk (\"APL\" or the \"Company\") &ndash; (Ticker IDX: APLN) &ndash; today announced that the Company has appointed Marriott to manage and market one of its projects in Nusa Dua, Bali. The project includes the development and management of around 300 international-standard five star hotel rooms using the brand \"JW Marriott Hotel\". Additionally, Marriott will also do the marketing and sales of residential units using brand \"JW Marriott Residences\". Marriott will manage the project as an integrated property development so as to provide added value both for the hotel as well as for residential.</p>','PR'),(23,'2011-08-15','PT AGUNG PODOMORO LAND TBK INCREASED ITS BOND OFFERING TO IDR 1.2 TRILLION','','<p>Jakarta, 15 August 2011. PT Agung Podomoro Land Tbk (\"APL\" or \"Company\") - (IDX Ticker: APLN) &ndash; announced today that following bookbuilding process, the Company increased its bond offering to IDR 1.2 trillion from only IDR800 billion previously. The Company expects to receive approval from Bapepam within this week. This high demand from investors shows strong confidence from the financial community to APL and its ability to fulfill its commitment to bondholders.</p>','PR'),(24,'2011-09-29','PRESTIGIOUS PROPERTY AWARDS GIVEN TO PT AGUNG PODOMORO LAND TBK (APLN)','','<p>Property &amp; Bank Magazine awarded PT Agung Podomoro Land Tbk (APLN) two prestigious Indonesia Property &amp; Bank Awards for 2011. The first for Property Man of the Year 2011 was awarded to Mr. Trihatma Kusuma Haliman, President Director and CEO of APLN for his dedication and achievement in the property sector in Indonesia. Minister of Housing, Suharso Manoarfa handed the award to Mr. Haliman, at the event which was held by the Property &amp; Bank Magazine on Thursday, September 29, 2011. This is the sixth times this award was bestowed on Mr. Haliman. The second award was given to Podomoro City for the Best Superblock of the Year 2011.</p>','PR'),(25,'2011-10-04','Pullman Jakarta Central Park – Soft Opening Special','CHECK IN. CHILL OUT.','<p>(Jakarta &ndash; October 2011) Located in the mega project of Podomoro City Super Block, Pullman Jakarta Central Park is the flagship hotel of Pullman International brand in Jakarta. Managed by Accor Hotel Chain, this upscale 5-stars hotel offers a unique concept of hospitality by adapting contemporary art-style design and tranquil ambience. Adjacent to Award Winning Shopping Complex (Highly Commended Award for category Best Retail Development in Asia Pacific Property Award 2011) and merely 6-km away from Sudirman Central Business District area, the hotel is an ideal residence for both foreign or locals business and leisure travellers.</p>','PR'),(26,'2012-11-02','PT AGUNG PODOMORO LAND TBK STRENGTHEN ITS HOTEL BUSINESS IN BANDUNG','','','PR'),(27,'2012-11-02','PT AGUNG PODOMORO LAND TBK NINE MONTHS 2012 RESULTS Sales and Revenues Increased 31% to IDR3,515.7 b','','','QPR'),(28,'2012-11-29','PT AGUNG PODOMORO LAND TBK TO DEVELOP RESIDENTIAL PROPERTIES IN BATAM','','<p>Jakarta, 26 November, 2012. PT Agung Podomoro Land Tbk (&ldquo;APLN&rdquo; or &ldquo;the Company&rdquo;) &ndash; (Ticker IDX: APLN) &ndash;&nbsp; announced that&nbsp; it&nbsp; has entered into conditional sale and purchase agreement to acquire an 80% stake in PT Dimas Pratama Indah (DPI) for about IDR 92 billion. DPI has 37 hectares of land including 140 units of high-rise building available for sale. The Company plans to develop the available land into residential complex to offer around 2,200 unit of landed houses.</p>','PR');

--
-- Table structure for table `prospectus`
--

CREATE TABLE `prospectus` (
  `ProID` int(11) NOT NULL AUTO_INCREMENT,
  `Title` varchar(200) NOT NULL,
  `DateEntry` date NOT NULL,
  `Description` longtext NOT NULL,
  PRIMARY KEY (`ProID`)
) ENGINE=InnoDB AUTO_INCREMENT=6 DEFAULT CHARSET=latin1 COLLATE=latin1_swedish_ci;

--
-- Dumping data for table `prospectus`
--

INSERT INTO `prospectus` VALUES (5,'Propectus 2011','2012-12-10','');

--
-- Table structure for table `qhighlight`
--

CREATE TABLE `qhighlight` (
  `QHID` int(20) NOT NULL AUTO_INCREMENT,
  `Title` varchar(100) NOT NULL,
  `DateEntry` date NOT NULL,
  `Description` longtext NOT NULL,
  PRIMARY KEY (`QHID`)
) ENGINE=InnoDB AUTO_INCREMENT=6 DEFAULT CHARSET=latin1 COLLATE=latin1_swedish_ci;

--
-- Dumping data for table `qhighlight`
--

INSERT INTO `qhighlight` VALUES (1,'First Half 2012 Highlights','2012-07-30','<p>\r\n<p>Jakarta, 30 July 2012. PT Agung Podomoro Land Tbk (&ldquo;APLN&rdquo; or &ldquo;the Company&rdquo;) released its consolidated financial</p>\r\n<p>statements for the period ended 30 June 2012. The financial statements have been prepared in accordance with Indonesian</p>\r\n<p>Financial Accounting Standards.</p>\r\n</p>'),(2,'First Quarter 2012 Highlights','2012-06-14','<p>\r\n<p>Jakarta, 14 June 2012. PT Agung Podomoro Land Tbk (&ldquo;APLN&rdquo; or &ldquo;the Company&rdquo;) released its audited consolidated financial</p>\r\n<p>statements for the quarter ended 31 March 2012. The financial statements have been prepared in accordance with</p>\r\n<p>Indonesian Financial Accounting Standards.</p>\r\n</p>'),(3,'Nine Months 2011 Highlights','2011-10-31','<p>Jakarta, 31 October 2011. PT Agung Podomoro Land Tbk (&ldquo;APLN&rdquo; or &ldquo;the Company&rdquo;) released its unaudited consolidated financial statements for the Nine Months 2011. The financial statements have been prepared in accordance with the Indonesian Generally Accepted Accounting Principles (GAAP).</p>'),(4,'Full Year 2011 Highlights','2011-12-31','<p>&nbsp;</p>\r\n<p>Jakarta, 28 March 2012. PT Agung Podomoro Land Tbk (&ldquo;APLN&rdquo; or &ldquo;the Company&rdquo;) released its audited consolidated</p>\r\n<p>financial statements for the Full Year 2011. The financial statements have been prepared in accordance with the Indonesian</p>\r\n<p>Generally Accepted Accounting Principles (GAAP).</p>\r\n<p>&nbsp;</p>'),(5,'Nine Months 2012 Highlights','2012-11-02','');

--
-- Table structure for table `rating`
--

CREATE TABLE `rating` (
  `RatingID` int(11) NOT NULL AUTO_INCREMENT,
  `Institution` varchar(150) NOT NULL,
  `Rating` varchar(50) NOT NULL,
  `Outlook` varchar(100) NOT NULL,
  PRIMARY KEY (`RatingID`)
) ENGINE=InnoDB AUTO_INCREMENT=4 DEFAULT CHARSET=latin1 COLLATE=latin1_swedish_ci;

--
-- Dumping data for table `rating`
--

INSERT INTO `rating` VALUES (3,'PT. Pemeringkat Efek Indonesia (Pefindo)','IdA','Stable');

--
-- Table structure for table `slide`
--

CREATE TABLE `slide` (
  `SlideID` int(11) NOT NULL AUTO_INCREMENT,
  `Image` varchar(100) NOT NULL,
  `Link` varchar(500) NOT NULL,
  `status` enum('1','0') NOT NULL,
  PRIMARY KEY (`SlideID`)
) ENGINE=InnoDB AUTO_INCREMENT=47 DEFAULT CHARSET=latin1 COLLATE=latin1_swedish_ci;

--
-- Dumping data for table `slide`
--

INSERT INTO `slide` VALUES (21,'APL_Slider3.jpg','','0'),(28,'APL_Slider4edit.jpg','','0'),(29,'APL_Slider5edit.jpg','','0'),(38,'APL_slider_new1.jpg','','0'),(39,'APL_slider_new2.jpg','','0'),(40,'APL_slider_new3.jpg','','0'),(41,'APL_slider_new4.jpg','','1'),(42,'APLslider_new2.jpg','','1'),(45,'APLslider_new4.jpg','','1'),(46,'APLslider_new3.jpg','','1');


