/*!999999\- enable the sandbox mode */ 
-- MariaDB dump 10.19  Distrib 10.5.25-MariaDB, for Linux (x86_64)
--
-- Host: localhost    Database: fmedia_bm
-- ------------------------------------------------------
-- Server version	10.5.25-MariaDB

/*!40101 SET @OLD_CHARACTER_SET_CLIENT=@@CHARACTER_SET_CLIENT */;
/*!40101 SET @OLD_CHARACTER_SET_RESULTS=@@CHARACTER_SET_RESULTS */;
/*!40101 SET @OLD_COLLATION_CONNECTION=@@COLLATION_CONNECTION */;
/*!40101 SET NAMES utf8mb4 */;
/*!40103 SET @OLD_TIME_ZONE=@@TIME_ZONE */;
/*!40103 SET TIME_ZONE='+00:00' */;
/*!40014 SET @OLD_UNIQUE_CHECKS=@@UNIQUE_CHECKS, UNIQUE_CHECKS=0 */;
/*!40014 SET @OLD_FOREIGN_KEY_CHECKS=@@FOREIGN_KEY_CHECKS, FOREIGN_KEY_CHECKS=0 */;
/*!40101 SET @OLD_SQL_MODE=@@SQL_MODE, SQL_MODE='NO_AUTO_VALUE_ON_ZERO' */;
/*!40111 SET @OLD_SQL_NOTES=@@SQL_NOTES, SQL_NOTES=0 */;

--
-- Table structure for table `bmc_mst_001`
--

DROP TABLE IF EXISTS `bmc_mst_001`;
/*!40101 SET @saved_cs_client     = @@character_set_client */;
/*!40101 SET character_set_client = utf8 */;
CREATE TABLE `bmc_mst_001` (
  `id` tinyint(4) NOT NULL AUTO_INCREMENT,
  `name` varchar(50) NOT NULL,
  `s_order` smallint(6) NOT NULL,
  PRIMARY KEY (`id`)
) ENGINE=MyISAM AUTO_INCREMENT=89 DEFAULT CHARSET=latin1 COLLATE=latin1_swedish_ci;
/*!40101 SET character_set_client = @saved_cs_client */;

--
-- Dumping data for table `bmc_mst_001`
--

LOCK TABLES `bmc_mst_001` WRITE;
/*!40000 ALTER TABLE `bmc_mst_001` DISABLE KEYS */;
INSERT INTO `bmc_mst_001` VALUES (1,'8-bit',10),(2,'16-bit',20),(3,'24-bit',30),(4,'A Capella',40),(5,'Acoustic',50),(6,'Alternative',60),(7,'Ambient',70),(8,'Beat',80),(9,'Beat Box',90),(10,'Black Metal',100),(11,'Blues',110),(12,'Bossa Nova',120),(13,'Break Beat',130),(14,'Cheerful',140),(15,'Classic Rock',150),(16,'Classical',160),(17,'Club',170),(18,'Comedy',180),(19,'Country',190),(20,'Cultures',200),(21,'Dangdut',210),(22,'Death Metal',220),(23,'Disco',230),(24,'Drum & Bass',240),(25,'Dub',250),(26,'Dutch Pop',260),(27,'Electro',270),(28,'Electronica',280),(29,'Emo',290),(30,'Ethnic',300),(31,'Experimental',310),(32,'Folk',320),(33,'Freestyle',330),(34,'Funk',340),(35,'Fusion',350),(36,'Garage',360),(37,'Gospel',370),(38,'Gothic',380),(39,'Grindcore',390),(40,'Groove',400),(41,'Grunge',410),(42,'Happy',420),(43,'Hardcore',430),(44,'Hiphop',440),(45,'House',450),(46,'Indie',460),(47,'Industrial',470),(48,'Japanesse',480),(49,'Javanesse',490),(50,'Jazz',500),(51,'Jungle',510),(52,'Korean',520),(53,'Latin',530),(54,'Lounge',540),(55,'Malaysian',550),(56,'Metal',560),(57,'Minimalist',570),(58,'Neo-Soul',580),(59,'New Wave',590),(60,'Nu-Jazz',600),(61,'Orchestral',610),(62,'Other',620),(63,'Pop',630),(64,'Post Punk',640),(65,'Power',650),(66,'Progressive',660),(67,'Psychedelic',670),(68,'Punk',680),(69,'R&B',690),(70,'Rap',700),(71,'Reggae',710),(72,'Religious',720),(73,'Rhythm',730),(74,'Rock',740),(75,'Rockabilly',750),(76,'Salsa',760),(77,'Samba',770),(78,'Ska',780),(79,'Soul',790),(80,'Stoner',800),(81,'Surf',810),(82,'Swing',820),(83,'Tango',830),(84,'Techno',840),(85,'Thrash',850),(86,'Trance',860),(87,'Urban',870),(88,'World',880);
/*!40000 ALTER TABLE `bmc_mst_001` ENABLE KEYS */;
UNLOCK TABLES;

--
-- Table structure for table `bmc_trx_021`
--

DROP TABLE IF EXISTS `bmc_trx_021`;
/*!40101 SET @saved_cs_client     = @@character_set_client */;
/*!40101 SET character_set_client = utf8 */;
CREATE TABLE `bmc_trx_021` (
  `id` int(11) NOT NULL AUTO_INCREMENT,
  `type` varchar(15) NOT NULL,
  `MST_001_id` tinyint(4) NOT NULL,
  `name` varchar(100) NOT NULL,
  `description` varchar(200) DEFAULT NULL,
  `picture` varchar(100) DEFAULT NULL,
  `expiry_date` date DEFAULT NULL,
  `date_range` varchar(45) DEFAULT NULL,
  `limit_count` mediumint(9) DEFAULT NULL,
  `current_rating_count` int(11) NOT NULL DEFAULT 0,
  `current_rating_score` decimal(10,2) NOT NULL DEFAULT 0.00,
  `publish_status` tinyint(1) NOT NULL DEFAULT 0,
  `publish_date` datetime DEFAULT NULL,
  `created_date` datetime NOT NULL,
  `created_by` int(11) NOT NULL,
  `updated_date` datetime DEFAULT NULL,
  `updated_by` int(11) DEFAULT NULL,
  `deleted_date` datetime DEFAULT NULL,
  PRIMARY KEY (`id`)
) ENGINE=MyISAM AUTO_INCREMENT=4 DEFAULT CHARSET=latin1 COLLATE=latin1_swedish_ci;
/*!40101 SET character_set_client = @saved_cs_client */;

--
-- Dumping data for table `bmc_trx_021`
--

LOCK TABLES `bmc_trx_021` WRITE;
/*!40000 ALTER TABLE `bmc_trx_021` DISABLE KEYS */;
INSERT INTO `bmc_trx_021` VALUES (1,'UNLIMITED',2,'Test Card','Testing',NULL,'2013-01-01','6',NULL,0,0.00,0,NULL,'2012-09-24 00:03:35',8,NULL,NULL,NULL),(2,'UNLIMITED',2,'Card 6','',NULL,'2013-01-01','6',NULL,0,0.00,0,NULL,'2012-09-24 00:42:48',8,NULL,NULL,NULL),(3,'REGULAR',2,'Ten2Five','',NULL,NULL,NULL,5,0,0.00,0,NULL,'2012-09-26 18:16:27',8,NULL,NULL,NULL);
/*!40000 ALTER TABLE `bmc_trx_021` ENABLE KEYS */;
UNLOCK TABLES;

--
-- Table structure for table `bmc_trx_023`
--

DROP TABLE IF EXISTS `bmc_trx_023`;
/*!40101 SET @saved_cs_client     = @@character_set_client */;
/*!40101 SET character_set_client = utf8 */;
CREATE TABLE `bmc_trx_023` (
  `id` int(11) NOT NULL AUTO_INCREMENT,
  `TRX_021_id` int(11) NOT NULL,
  `access_code` varchar(20) NOT NULL,
  `first_access` datetime DEFAULT NULL,
  `printed_status` tinyint(4) NOT NULL,
  `created_date` datetime NOT NULL,
  `created_by` int(11) NOT NULL,
  `update_date` datetime DEFAULT NULL,
  `update_by` int(11) DEFAULT NULL,
  `deleted_date` varchar(45) DEFAULT NULL,
  PRIMARY KEY (`id`)
) ENGINE=InnoDB AUTO_INCREMENT=1023 DEFAULT CHARSET=latin1 COLLATE=latin1_swedish_ci;
/*!40101 SET character_set_client = @saved_cs_client */;

--
-- Dumping data for table `bmc_trx_023`
--

LOCK TABLES `bmc_trx_023` WRITE;
/*!40000 ALTER TABLE `bmc_trx_023` DISABLE KEYS */;
INSERT INTO `bmc_trx_023` VALUES (1,1,'W5DA-XXG5-P98A-Z75E',NULL,1,'2012-09-24 00:03:44',8,NULL,NULL,NULL),(2,1,'UMM3-6NWP-9MN7-UUGE',NULL,1,'2012-09-24 00:03:44',8,NULL,NULL,NULL),(3,1,'YZDP-WB58-FUTM-R5AB',NULL,1,'2012-09-24 00:03:44',8,NULL,NULL,NULL),(4,1,'X47Y-MZ5J-QVZ9-HEMZ',NULL,1,'2012-09-24 00:03:44',8,NULL,NULL,NULL),(5,1,'ZV4H-CYPW-FGZ7-CUYX',NULL,1,'2012-09-24 00:03:44',8,NULL,NULL,NULL),(6,2,'B32G-AFXE-BEGU-EWEB',NULL,0,'2012-09-24 00:42:54',8,NULL,NULL,NULL),(7,2,'2934-3A7Z-XSHC-Z2J3',NULL,0,'2012-09-24 00:42:54',8,NULL,NULL,NULL),(8,2,'AN7U-7QTP-RUVG-S68N',NULL,1,'2012-09-24 00:42:54',8,NULL,NULL,NULL),(9,2,'TG56-MB5Y-DDGW-MF4S',NULL,0,'2012-09-24 00:42:54',8,NULL,NULL,NULL),(10,2,'MG6M-94J7-QZVX-VVSM',NULL,0,'2012-09-24 00:42:54',8,NULL,NULL,NULL),(11,2,'VV2J-PNP6-V2JX-EKJS',NULL,0,'2012-09-24 00:42:54',8,NULL,NULL,NULL),(12,2,'BTGK-H9QY-M6A8-FTQV',NULL,0,'2012-09-24 00:42:54',8,NULL,NULL,NULL),(13,2,'VZQB-B7HR-68F6-5VF5',NULL,0,'2012-09-24 00:42:54',8,NULL,NULL,NULL),(14,2,'FWEY-W8WQ-8ZF3-72GH',NULL,0,'2012-09-24 00:42:54',8,NULL,NULL,NULL),(15,2,'K6CB-3MVF-ZU6R-M8BK',NULL,0,'2012-09-24 00:42:54',8,NULL,NULL,NULL),(16,0,'HQMY-UJE4-J98Z-VBEP',NULL,0,'2012-09-24 00:49:35',8,NULL,NULL,NULL),(17,0,'4XF8-TWAX-QBH5-D6J7',NULL,0,'2012-09-24 00:49:35',8,NULL,NULL,NULL),(18,0,'MZC3-T6HQ-FT2M-NC3W',NULL,0,'2012-09-24 00:49:35',8,NULL,NULL,NULL),(19,0,'NVKV-K5R9-QYWK-2HMN',NULL,0,'2012-09-24 00:49:35',8,NULL,NULL,NULL),(20,0,'KXJX-XMBV-B8FW-33PP',NULL,0,'2012-09-24 00:49:35',8,NULL,NULL,NULL),(21,3,'ETDC-UQ6D-ZYCW-8FWF',NULL,1,'2012-09-26 18:16:35',8,NULL,NULL,NULL),(22,3,'UTFH-V6FS-HBHJ-XZ5Y',NULL,1,'2012-09-26 18:16:35',8,NULL,NULL,NULL),(23,3,'AXT4-G8SF-UKDC-34N5',NULL,1,'2012-09-26 18:16:35',8,NULL,NULL,NULL),(24,3,'44PN-BZTJ-RQJV-2CRD',NULL,1,'2012-09-26 18:16:35',8,NULL,NULL,NULL),(25,3,'9FMC-CEBY-8R7Z-DX29',NULL,1,'2012-09-26 18:16:35',8,NULL,NULL,NULL),(26,3,'DMXY-N7RR-DAX6-TUFD',NULL,1,'2012-09-26 18:16:35',8,NULL,NULL,NULL),(27,3,'J59J-KBVN-DDNM-XGM8',NULL,1,'2012-09-26 18:16:35',8,NULL,NULL,NULL),(28,3,'3W6R-7BCX-X8BC-Y8UC',NULL,1,'2012-09-26 18:16:35',8,NULL,NULL,NULL),(29,3,'BSHE-KF8C-63W4-BUKK',NULL,1,'2012-09-26 18:16:35',8,NULL,NULL,NULL),(30,3,'EWPS-TQB2-C24A-JABY',NULL,1,'2012-09-26 18:16:35',8,NULL,NULL,NULL),(31,3,'F686-XZRP-2NET-AQE5',NULL,1,'2012-09-26 18:16:35',8,NULL,NULL,NULL),(32,3,'K7TY-EWEX-NSKS-FZ4H',NULL,1,'2012-09-26 18:16:35',8,NULL,NULL,NULL),(33,3,'55KS-9AWN-9WFS-RXKG',NULL,1,'2012-09-26 18:16:35',8,NULL,NULL,NULL),(34,3,'8RMR-FYCM-PHXE-KHGF',NULL,1,'2012-09-26 18:16:35',8,NULL,NULL,NULL),(35,3,'G3G4-XFHU-ZYEH-MU9U',NULL,1,'2012-09-26 18:16:35',8,NULL,NULL,NULL),(36,3,'PJWG-WZ79-5R2S-SR9T',NULL,1,'2012-09-26 18:16:35',8,NULL,NULL,NULL),(37,3,'MQPG-5UR6-Z2S7-S9AG',NULL,1,'2012-09-26 18:16:35',8,NULL,NULL,NULL),(38,3,'24MX-D9N4-P92A-BSB7',NULL,1,'2012-09-26 18:16:35',8,NULL,NULL,NULL),(39,3,'S86P-W8MA-E8DH-ZD32',NULL,1,'2012-09-26 18:16:35',8,NULL,NULL,NULL),(40,3,'FVJN-VXQ4-Y6YT-RYAM',NULL,1,'2012-09-26 18:16:35',8,NULL,NULL,NULL),(41,3,'APKB-T9E5-N64F-9KQ5',NULL,1,'2012-09-26 18:16:35',8,NULL,NULL,NULL),(42,3,'VK2K-B9RS-X4TK-QAUS',NULL,1,'2012-09-26 18:16:35',8,NULL,NULL,NULL),(43,3,'PWBH-XWGG-WYH5-AZV9',NULL,1,'2012-09-26 18:16:35',8,NULL,NULL,NULL),(44,3,'BQSB-HW4T-6XFZ-ANV3',NULL,1,'2012-09-26 18:16:35',8,NULL,NULL,NULL),(45,3,'CVX9-THC6-AECC-RMZY',NULL,1,'2012-09-26 18:16:35',8,NULL,NULL,NULL),(46,3,'ZDGY-XRJ8-ZJF8-4J9N',NULL,1,'2012-09-26 18:16:35',8,NULL,NULL,NULL),(47,3,'AAJS-7DMQ-UQJW-CDXF',NULL,1,'2012-09-26 18:16:35',8,NULL,NULL,NULL),(48,3,'62FK-R696-F5DM-2JT4',NULL,1,'2012-09-26 18:16:35',8,NULL,NULL,NULL),(49,3,'YCD9-X89F-8TUN-E8WJ',NULL,1,'2012-09-26 18:16:35',8,NULL,NULL,NULL),(50,3,'MG7V-X9GX-N57X-X2WC',NULL,1,'2012-09-26 18:16:35',8,NULL,NULL,NULL),(51,3,'P4DT-77VV-DV98-6QHS',NULL,1,'2012-09-26 18:16:35',8,NULL,NULL,NULL),(52,3,'GNNR-UABH-HY3Q-RTAU',NULL,1,'2012-09-26 18:16:35',8,NULL,NULL,NULL),(53,3,'G8SW-AHEQ-98YQ-6JY9',NULL,1,'2012-09-26 18:16:35',8,NULL,NULL,NULL),(54,3,'ZTK6-THTZ-R3FA-TS7E',NULL,1,'2012-09-26 18:16:35',8,NULL,NULL,NULL),(55,3,'32BJ-72Y9-8WDB-PUEZ',NULL,1,'2012-09-26 18:16:35',8,NULL,NULL,NULL),(56,3,'WK2K-A4YC-8249-QCA2',NULL,1,'2012-09-26 18:16:35',8,NULL,NULL,NULL),(57,3,'WYGR-GRDX-P4WD-KMPX',NULL,1,'2012-09-26 18:16:35',8,NULL,NULL,NULL),(58,3,'DPGC-GKUN-3PEG-U93A',NULL,1,'2012-09-26 18:16:35',8,NULL,NULL,NULL),(59,3,'EZ85-VYJZ-KGAT-UV3Y',NULL,1,'2012-09-26 18:16:35',8,NULL,NULL,NULL),(60,3,'UVJH-C93X-Q7E3-Z22E',NULL,1,'2012-09-26 18:16:35',8,NULL,NULL,NULL),(61,3,'V75Q-HDKS-FKEN-7JBK',NULL,1,'2012-09-26 18:16:35',8,NULL,NULL,NULL),(62,3,'JDUS-GNZA-GTND-2MX7',NULL,1,'2012-09-26 18:16:35',8,NULL,NULL,NULL),(63,3,'3TE3-4NWA-A48Y-5SYB',NULL,1,'2012-09-26 18:16:35',8,NULL,NULL,NULL),(64,3,'3VVK-QTXW-47EH-SUC4',NULL,1,'2012-09-26 18:16:35',8,NULL,NULL,NULL),(65,3,'T9D4-RPHN-UPG4-AQ2J',NULL,1,'2012-09-26 18:16:35',8,NULL,NULL,NULL),(66,3,'DR7K-Y79H-GX9P-E8QQ',NULL,1,'2012-09-26 18:16:35',8,NULL,NULL,NULL),(67,3,'P65Y-WAFN-GZMW-XEUW',NULL,1,'2012-09-26 18:16:35',8,NULL,NULL,NULL),(68,3,'WN5D-3WXH-GVTE-FVDW',NULL,1,'2012-09-26 18:16:35',8,NULL,NULL,NULL),(69,3,'FFH2-6S6J-WGC5-23P4',NULL,1,'2012-09-26 18:16:35',8,NULL,NULL,NULL),(70,3,'ZWVV-VU7T-ND3Y-SJG9',NULL,1,'2012-09-26 18:16:35',8,NULL,NULL,NULL),(71,3,'PERJ-DQYW-V4ZF-UYKD',NULL,1,'2012-09-26 18:16:35',8,NULL,NULL,NULL),(72,3,'ZCTW-P2KJ-ZVP3-PKMF',NULL,1,'2012-09-26 18:16:35',8,NULL,NULL,NULL),(73,3,'TWEB-QBTK-DZTG-2D7V',NULL,1,'2012-09-26 18:16:35',8,NULL,NULL,NULL),(74,3,'7NYU-V8EF-RX5V-BHMY',NULL,1,'2012-09-26 18:16:35',8,NULL,NULL,NULL),(75,3,'HZVK-N4T2-258P-67NK',NULL,1,'2012-09-26 18:16:35',8,NULL,NULL,NULL),(76,3,'VUFM-JT5G-FGPY-HMDZ',NULL,1,'2012-09-26 18:16:35',8,NULL,NULL,NULL),(77,3,'JUR6-AWVM-3GBC-FKXK',NULL,1,'2012-09-26 18:16:35',8,NULL,NULL,NULL),(78,3,'BWAY-4A4F-89ES-WYRE',NULL,1,'2012-09-26 18:16:35',8,NULL,NULL,NULL),(79,3,'UVFX-FHRZ-F4EM-SSGX',NULL,1,'2012-09-26 18:16:35',8,NULL,NULL,NULL),(80,3,'6J3D-644W-3HDK-6W25',NULL,1,'2012-09-26 18:16:35',8,NULL,NULL,NULL),(81,3,'YPEK-8URV-J76A-2T8M',NULL,1,'2012-09-26 18:16:35',8,NULL,NULL,NULL),(82,3,'G89Z-48RD-BDMD-KKCU',NULL,1,'2012-09-26 18:16:35',8,NULL,NULL,NULL),(83,3,'WVWS-MU5J-ZMWZ-92FT',NULL,1,'2012-09-26 18:16:35',8,NULL,NULL,NULL),(84,3,'2K3S-WC7A-GPN2-YNTK',NULL,1,'2012-09-26 18:16:35',8,NULL,NULL,NULL),(85,3,'FA7K-YF6V-RFSV-DJTH',NULL,1,'2012-09-26 18:16:35',8,NULL,NULL,NULL),(86,3,'S94G-74H9-6KK9-AZKX',NULL,1,'2012-09-26 18:16:35',8,NULL,NULL,NULL),(87,3,'2REC-4T87-E8DH-7DMQ',NULL,1,'2012-09-26 18:16:35',8,NULL,NULL,NULL),(88,3,'SK6R-KBN6-BFFV-JQ7C',NULL,1,'2012-09-26 18:16:35',8,NULL,NULL,NULL),(89,3,'T2Q5-URU8-JRSA-4DHZ',NULL,1,'2012-09-26 18:16:35',8,NULL,NULL,NULL),(90,3,'ZX6E-VCT4-YQPE-3UKK',NULL,1,'2012-09-26 18:16:35',8,NULL,NULL,NULL),(91,3,'TS8D-VTDP-SY8Z-KDD3',NULL,1,'2012-09-26 18:16:35',8,NULL,NULL,NULL),(92,3,'MAJU-F4SP-PYSS-WZTB',NULL,1,'2012-09-26 18:16:35',8,NULL,NULL,NULL),(93,3,'Y63T-ZDMY-9CA4-P4QS',NULL,1,'2012-09-26 18:16:35',8,NULL,NULL,NULL),(94,3,'XCAZ-6YD4-9UCM-RR73',NULL,1,'2012-09-26 18:16:35',8,NULL,NULL,NULL),(95,3,'BA9A-BJF6-CWU6-JTZF',NULL,1,'2012-09-26 18:16:35',8,NULL,NULL,NULL),(96,3,'5YMG-YZAC-R9MK-PF5U',NULL,1,'2012-09-26 18:16:35',8,NULL,NULL,NULL),(97,3,'8NM8-WXBJ-7A4W-WNZ6',NULL,1,'2012-09-26 18:16:35',8,NULL,NULL,NULL),(98,3,'U93W-Z53Q-2KGE-RAE6',NULL,1,'2012-09-26 18:16:35',8,NULL,NULL,NULL),(99,3,'3GUQ-W47X-H4BD-XKT2',NULL,1,'2012-09-26 18:16:35',8,NULL,NULL,NULL),(100,3,'8CPY-K49S-WRMR-G7WN',NULL,1,'2012-09-26 18:16:35',8,NULL,NULL,NULL),(101,3,'K9TZ-37BN-2EW6-VZ6J',NULL,1,'2012-09-26 18:16:35',8,NULL,NULL,NULL),(102,3,'33ZH-XM4N-GRGE-M6QA',NULL,1,'2012-09-26 18:16:35',8,NULL,NULL,NULL),(103,3,'9JZS-HEWM-9VCQ-W35Y',NULL,1,'2012-09-26 18:16:35',8,NULL,NULL,NULL),(104,3,'FV72-PQG8-RB9Z-BRAA',NULL,1,'2012-09-26 18:16:35',8,NULL,NULL,NULL),(105,3,'CXPY-RFFD-KU62-43WV',NULL,1,'2012-09-26 18:16:35',8,NULL,NULL,NULL),(106,3,'6A3C-XRXR-UJFK-EPNE',NULL,1,'2012-09-26 18:16:35',8,NULL,NULL,NULL),(107,3,'K5JB-QYYF-YXNF-A3KM',NULL,1,'2012-09-26 18:16:35',8,NULL,NULL,NULL),(108,3,'GTPW-UV5W-KNCU-CJEC',NULL,1,'2012-09-26 18:16:35',8,NULL,NULL,NULL),(109,3,'JCAM-CAVA-SGBN-MYFC',NULL,1,'2012-09-26 18:16:35',8,NULL,NULL,NULL),(110,3,'KP48-YGMC-BP9A-BFEH',NULL,1,'2012-09-26 18:16:35',8,NULL,NULL,NULL),(111,3,'VPCP-VCUG-64AR-V6H3',NULL,1,'2012-09-26 18:16:35',8,NULL,NULL,NULL),(112,3,'TNGK-5K9H-W4S7-U8XK',NULL,1,'2012-09-26 18:16:35',8,NULL,NULL,NULL),(113,3,'N3Q6-CPJN-F8N8-7P4K',NULL,1,'2012-09-26 18:16:35',8,NULL,NULL,NULL),(114,3,'AHR8-6PZ9-W37W-ZAQW',NULL,1,'2012-09-26 18:16:35',8,NULL,NULL,NULL),(115,3,'B3BP-Y79D-TJ6V-SDAR',NULL,1,'2012-09-26 18:16:35',8,NULL,NULL,NULL),(116,3,'5GX4-3YPU-Y73C-TBCP',NULL,1,'2012-09-26 18:16:35',8,NULL,NULL,NULL),(117,3,'JCCT-VQUE-CBRF-66DE',NULL,1,'2012-09-26 18:16:35',8,NULL,NULL,NULL),(118,3,'ETK3-9XTH-GXDG-MF2V',NULL,1,'2012-09-26 18:16:35',8,NULL,NULL,NULL),(119,3,'TMBM-7JKN-BZ46-BY6C',NULL,1,'2012-09-26 18:16:35',8,NULL,NULL,NULL),(120,3,'MSVF-MQ2P-XRQQ-P4B6',NULL,1,'2012-09-26 18:16:35',8,NULL,NULL,NULL),(121,3,'5MDB-GKJR-YJVF-ZH67',NULL,1,'2012-09-26 18:16:35',8,NULL,NULL,NULL),(122,3,'78GH-5M6M-RECJ-U6V3',NULL,1,'2012-09-26 18:16:35',8,NULL,NULL,NULL),(123,3,'69P2-4DNE-YJ48-YS2G',NULL,1,'2012-09-26 18:16:35',8,NULL,NULL,NULL),(124,3,'6SYA-MEXP-FMYN-266J',NULL,1,'2012-09-26 18:16:35',8,NULL,NULL,NULL),(125,3,'TQZF-CENC-FSTR-37UW',NULL,1,'2012-09-26 18:16:35',8,NULL,NULL,NULL),(126,3,'9FRZ-TFCZ-M8JG-BRWB',NULL,1,'2012-09-26 18:16:35',8,NULL,NULL,NULL),(127,3,'9JEW-NX2P-VTN5-94E5',NULL,1,'2012-09-26 18:16:35',8,NULL,NULL,NULL),(128,3,'WSXT-2DWB-E6GH-EXN7',NULL,1,'2012-09-26 18:16:35',8,NULL,NULL,NULL),(129,3,'Q7VE-2GMN-C2KB-356Y',NULL,1,'2012-09-26 18:16:35',8,NULL,NULL,NULL),(130,3,'C7ME-MN8W-9743-C8EP',NULL,1,'2012-09-26 18:16:35',8,NULL,NULL,NULL),(131,3,'WKWU-GPQ7-REJN-BEDJ',NULL,1,'2012-09-26 18:16:35',8,NULL,NULL,NULL),(132,3,'8TPB-Z2TT-ZXFJ-TTWR',NULL,1,'2012-09-26 18:16:35',8,NULL,NULL,NULL),(133,3,'824Z-EB93-HWAN-D2JD',NULL,1,'2012-09-26 18:16:35',8,NULL,NULL,NULL),(134,3,'6SU5-ZN39-4724-GSPX',NULL,1,'2012-09-26 18:16:35',8,NULL,NULL,NULL),(135,3,'FZ5K-RMCG-2JD4-VJMF',NULL,1,'2012-09-26 18:16:35',8,NULL,NULL,NULL),(136,3,'8RZH-QNZ5-PHR9-7P7K',NULL,1,'2012-09-26 18:16:35',8,NULL,NULL,NULL),(137,3,'YZQW-7TJB-WE7P-FZ7K',NULL,1,'2012-09-26 18:16:35',8,NULL,NULL,NULL),(138,3,'6KYU-SUWF-CZGA-DZPU',NULL,1,'2012-09-26 18:16:35',8,NULL,NULL,NULL),(139,3,'MC4X-2GMS-5FZS-QJQY',NULL,1,'2012-09-26 18:16:35',8,NULL,NULL,NULL),(140,3,'Q3YC-9TE4-XVG8-4Z25',NULL,1,'2012-09-26 18:16:35',8,NULL,NULL,NULL),(141,3,'XPQN-BF99-N23A-URQF',NULL,1,'2012-09-26 18:16:35',8,NULL,NULL,NULL),(142,3,'DY9B-DPT5-XEPD-XH7P',NULL,1,'2012-09-26 18:16:35',8,NULL,NULL,NULL),(143,3,'82MP-C7T7-HGZJ-W4X8',NULL,1,'2012-09-26 18:16:35',8,NULL,NULL,NULL),(144,3,'GEAG-NYNJ-PBRY-WUUD',NULL,1,'2012-09-26 18:16:35',8,NULL,NULL,NULL),(145,3,'SNXA-5PG4-9YK4-4DF7',NULL,1,'2012-09-26 18:16:35',8,NULL,NULL,NULL),(146,3,'H6UH-MYMQ-TBA5-QF5V',NULL,1,'2012-09-26 18:16:35',8,NULL,NULL,NULL),(147,3,'T2GJ-FKFV-TSYX-G77F',NULL,1,'2012-09-26 18:16:35',8,NULL,NULL,NULL),(148,3,'R5RK-TPXN-S2VM-QNH5',NULL,1,'2012-09-26 18:16:35',8,NULL,NULL,NULL),(149,3,'JZZZ-8Y2Y-9W2S-QU5Y',NULL,1,'2012-09-26 18:16:35',8,NULL,NULL,NULL),(150,3,'THP8-QZ3Y-JXEJ-ZCZH',NULL,1,'2012-09-26 18:16:35',8,NULL,NULL,NULL),(151,3,'P6XP-DMQA-5388-ESPS',NULL,1,'2012-09-26 18:16:35',8,NULL,NULL,NULL),(152,3,'VK78-AEE2-5J62-5DRJ',NULL,1,'2012-09-26 18:16:35',8,NULL,NULL,NULL),(153,3,'UG2B-HGJR-MH6N-PYWW',NULL,1,'2012-09-26 18:16:35',8,NULL,NULL,NULL),(154,3,'HY9M-RSDP-RH7M-WSND',NULL,1,'2012-09-26 18:16:35',8,NULL,NULL,NULL),(155,3,'AN46-FVMR-YMCY-BVHR',NULL,1,'2012-09-26 18:16:35',8,NULL,NULL,NULL),(156,3,'YPN6-Y7VA-ZC4E-XSMM',NULL,1,'2012-09-26 18:16:35',8,NULL,NULL,NULL),(157,3,'SWPV-J9BP-W9EU-XZ8D',NULL,1,'2012-09-26 18:16:35',8,NULL,NULL,NULL),(158,3,'6Z7B-JWWM-7YPB-QBP2',NULL,1,'2012-09-26 18:16:35',8,NULL,NULL,NULL),(159,3,'SSUP-TB9P-C792-BVG8',NULL,1,'2012-09-26 18:16:35',8,NULL,NULL,NULL),(160,3,'97W7-XWEH-9CWZ-Y3WK',NULL,1,'2012-09-26 18:16:35',8,NULL,NULL,NULL),(161,3,'4JH5-8EM7-GPE9-HQ9H',NULL,1,'2012-09-26 18:16:35',8,NULL,NULL,NULL),(162,3,'TZZG-QCM3-GYCX-JD39',NULL,1,'2012-09-26 18:16:35',8,NULL,NULL,NULL),(163,3,'3TCV-6UTG-DNEY-3XPR',NULL,1,'2012-09-26 18:16:35',8,NULL,NULL,NULL),(164,3,'DRKM-UBEA-2NUZ-JJ5Z',NULL,1,'2012-09-26 18:16:35',8,NULL,NULL,NULL),(165,3,'EUVA-AACH-YRNG-S2HS',NULL,1,'2012-09-26 18:16:35',8,NULL,NULL,NULL),(166,3,'YA9A-GGSF-3JW8-RZDJ',NULL,1,'2012-09-26 18:16:35',8,NULL,NULL,NULL),(167,3,'K99E-NKY9-DKGC-GABD',NULL,1,'2012-09-26 18:16:35',8,NULL,NULL,NULL),(168,3,'5S6X-Y7VE-M7DN-KX75',NULL,1,'2012-09-26 18:16:35',8,NULL,NULL,NULL),(169,3,'HSXW-SNFW-WV4F-MHQE',NULL,1,'2012-09-26 18:16:35',8,NULL,NULL,NULL),(170,3,'69TG-WH9T-UNPA-94PM',NULL,1,'2012-09-26 18:16:35',8,NULL,NULL,NULL),(171,3,'768W-7887-APB9-TQFQ',NULL,1,'2012-09-26 18:16:35',8,NULL,NULL,NULL),(172,3,'7HX7-D9J6-B7GJ-87X8',NULL,1,'2012-09-26 18:16:35',8,NULL,NULL,NULL),(173,3,'UY66-UY6H-KHN6-BCG4',NULL,1,'2012-09-26 18:16:35',8,NULL,NULL,NULL),(174,3,'TSY3-WESA-H6SF-CTHT',NULL,1,'2012-09-26 18:16:35',8,NULL,NULL,NULL),(175,3,'EZGW-4N4Q-R5AY-GK7R',NULL,1,'2012-09-26 18:16:35',8,NULL,NULL,NULL),(176,3,'SFBA-DV2W-F2RP-SGWP',NULL,1,'2012-09-26 18:16:35',8,NULL,NULL,NULL),(177,3,'WC2N-FQA5-JTGK-SD37',NULL,1,'2012-09-26 18:16:35',8,NULL,NULL,NULL),(178,3,'NQBT-VNQV-FPEW-RMNG',NULL,1,'2012-09-26 18:16:35',8,NULL,NULL,NULL),(179,3,'CXZQ-4566-BTV7-S3PV',NULL,1,'2012-09-26 18:16:35',8,NULL,NULL,NULL),(180,3,'X3XR-Q5C9-PUM2-B6UC',NULL,1,'2012-09-26 18:16:35',8,NULL,NULL,NULL),(181,3,'5SZV-28RK-ZU6H-B7E3',NULL,1,'2012-09-26 18:16:35',8,NULL,NULL,NULL),(182,3,'5SD9-7KNB-26YZ-F28T',NULL,1,'2012-09-26 18:16:35',8,NULL,NULL,NULL),(183,3,'YQVH-RMPZ-8J2H-ZSMA',NULL,1,'2012-09-26 18:16:35',8,NULL,NULL,NULL),(184,3,'G627-TNNM-CQSU-A3R7',NULL,1,'2012-09-26 18:16:35',8,NULL,NULL,NULL),(185,3,'UTS4-B9NW-HHJ7-H2FR',NULL,1,'2012-09-26 18:16:35',8,NULL,NULL,NULL),(186,3,'MUQ6-VKVJ-3V73-WPNS',NULL,1,'2012-09-26 18:16:35',8,NULL,NULL,NULL),(187,3,'HU3Q-PCTV-GQ5J-95GK',NULL,1,'2012-09-26 18:16:35',8,NULL,NULL,NULL),(188,3,'86FD-4J8Y-BW3A-YRK3',NULL,1,'2012-09-26 18:16:35',8,NULL,NULL,NULL),(189,3,'SUH3-56TG-5UYK-AHUK',NULL,1,'2012-09-26 18:16:35',8,NULL,NULL,NULL),(190,3,'QMRU-978S-X88A-A2SU',NULL,1,'2012-09-26 18:16:35',8,NULL,NULL,NULL),(191,3,'NDX2-9CWG-CB66-AF7P',NULL,1,'2012-09-26 18:16:35',8,NULL,NULL,NULL),(192,3,'WZTR-NMW9-G6CB-7XP8',NULL,1,'2012-09-26 18:16:35',8,NULL,NULL,NULL),(193,3,'PU36-CUYE-HEXJ-FMW9',NULL,1,'2012-09-26 18:16:35',8,NULL,NULL,NULL),(194,3,'4JJ5-W9UF-54PE-7TSU',NULL,1,'2012-09-26 18:16:35',8,NULL,NULL,NULL),(195,3,'5FFZ-6QTZ-G6Y3-FJGH',NULL,1,'2012-09-26 18:16:35',8,NULL,NULL,NULL),(196,3,'2HVF-4Z4D-MUWT-5PT3',NULL,1,'2012-09-26 18:16:35',8,NULL,NULL,NULL),(197,3,'DXVJ-KGWQ-CPA7-KTTA',NULL,1,'2012-09-26 18:16:35',8,NULL,NULL,NULL),(198,3,'D24R-MRHB-GMNK-JDZJ',NULL,1,'2012-09-26 18:16:35',8,NULL,NULL,NULL),(199,3,'SNGN-STJ7-M6VG-ZCAB',NULL,1,'2012-09-26 18:16:35',8,NULL,NULL,NULL),(200,3,'MTGD-UW8E-Q36K-TUV9',NULL,1,'2012-09-26 18:16:35',8,NULL,NULL,NULL),(201,3,'CW5Z-SG97-AJVY-M826',NULL,1,'2012-09-26 18:16:35',8,NULL,NULL,NULL),(202,3,'7KQ7-5GBS-RT7C-WD5D',NULL,1,'2012-09-26 18:16:35',8,NULL,NULL,NULL),(203,3,'YBQR-D9ES-3K5X-EJWB',NULL,1,'2012-09-26 18:16:35',8,NULL,NULL,NULL),(204,3,'BTM4-N6CJ-XW8Y-WSSJ',NULL,1,'2012-09-26 18:16:35',8,NULL,NULL,NULL),(205,3,'9XNW-FFPQ-7X5P-8WET',NULL,1,'2012-09-26 18:16:35',8,NULL,NULL,NULL),(206,3,'GD9M-3SW8-FQWH-NSGE',NULL,1,'2012-09-26 18:16:35',8,NULL,NULL,NULL),(207,3,'6AMY-BGGW-CYY7-B4BT',NULL,1,'2012-09-26 18:16:35',8,NULL,NULL,NULL),(208,3,'W4AA-5QED-CEX2-S99U',NULL,1,'2012-09-26 18:16:35',8,NULL,NULL,NULL),(209,3,'XY9V-WFCT-WMHB-YU6R',NULL,1,'2012-09-26 18:16:35',8,NULL,NULL,NULL),(210,3,'EGEH-YEK4-7KPX-ZHG9',NULL,1,'2012-09-26 18:16:35',8,NULL,NULL,NULL),(211,3,'DARN-FQT5-PANC-M8SE',NULL,1,'2012-09-26 18:16:35',8,NULL,NULL,NULL),(212,3,'VWNZ-VZEJ-EVYB-8TPD',NULL,1,'2012-09-26 18:16:35',8,NULL,NULL,NULL),(213,3,'RHSN-Y436-K3KF-AZPZ',NULL,1,'2012-09-26 18:16:35',8,NULL,NULL,NULL),(214,3,'XEBA-WSZ6-55YJ-TDSU',NULL,1,'2012-09-26 18:16:35',8,NULL,NULL,NULL),(215,3,'9ZRW-WV9E-A94E-TAWG',NULL,1,'2012-09-26 18:16:35',8,NULL,NULL,NULL),(216,3,'ZF6Q-97HC-M6XY-29BH',NULL,1,'2012-09-26 18:16:35',8,NULL,NULL,NULL),(217,3,'YADN-KJJE-WQFZ-89R2',NULL,1,'2012-09-26 18:16:35',8,NULL,NULL,NULL),(218,3,'RDXB-974D-N946-FN7C',NULL,1,'2012-09-26 18:16:35',8,NULL,NULL,NULL),(219,3,'DK42-UAKH-D6GP-HSMB',NULL,1,'2012-09-26 18:16:35',8,NULL,NULL,NULL),(220,3,'Z5SK-A5CV-6TEU-322P',NULL,1,'2012-09-26 18:16:35',8,NULL,NULL,NULL),(221,3,'RKHB-PD42-MPPM-S7G8',NULL,1,'2012-09-26 18:16:35',8,NULL,NULL,NULL),(222,3,'G6QA-V99Z-AFG6-KF6X',NULL,1,'2012-09-26 18:16:35',8,NULL,NULL,NULL),(223,3,'JTWS-5M8F-H39A-49G6',NULL,1,'2012-09-26 18:16:35',8,NULL,NULL,NULL),(224,3,'4ND8-52XY-WR7D-93QJ',NULL,1,'2012-09-26 18:16:35',8,NULL,NULL,NULL),(225,3,'DGYD-H3BE-8W8D-BA87',NULL,1,'2012-09-26 18:16:35',8,NULL,NULL,NULL),(226,3,'JWUS-E9EY-6F3R-HTWF',NULL,1,'2012-09-26 18:16:35',8,NULL,NULL,NULL),(227,3,'4J7P-U4J3-VSV2-W9A5',NULL,1,'2012-09-26 18:16:35',8,NULL,NULL,NULL),(228,3,'QBB3-H6Y9-EU49-DZQN',NULL,1,'2012-09-26 18:16:35',8,NULL,NULL,NULL),(229,3,'TC3D-23GX-K4T7-85RS',NULL,1,'2012-09-26 18:16:35',8,NULL,NULL,NULL),(230,3,'8K4Q-EVNA-QVVK-9CGT',NULL,1,'2012-09-26 18:16:35',8,NULL,NULL,NULL),(231,3,'N4HJ-CC6C-PBDD-UGZX',NULL,1,'2012-09-26 18:16:35',8,NULL,NULL,NULL),(232,3,'8HHS-4D9F-R3V6-9RCS',NULL,1,'2012-09-26 18:16:35',8,NULL,NULL,NULL),(233,3,'6QKN-B8MR-2HP8-YSA7',NULL,1,'2012-09-26 18:16:35',8,NULL,NULL,NULL),(234,3,'CGMG-75G7-3MW4-Y3E8',NULL,1,'2012-09-26 18:16:35',8,NULL,NULL,NULL),(235,3,'2XEZ-ECNW-U3N9-TAMT',NULL,1,'2012-09-26 18:16:35',8,NULL,NULL,NULL),(236,3,'S3AS-MHEK-NT83-6FS7',NULL,1,'2012-09-26 18:16:35',8,NULL,NULL,NULL),(237,3,'TMKK-U4MP-APQA-MB6W',NULL,1,'2012-09-26 18:16:35',8,NULL,NULL,NULL),(238,3,'34NG-MQ78-XXWR-NKA9',NULL,1,'2012-09-26 18:16:35',8,NULL,NULL,NULL),(239,3,'SS5J-MDR3-6YHX-NMQC',NULL,1,'2012-09-26 18:16:35',8,NULL,NULL,NULL),(240,3,'FD2Q-QHH4-ZEAB-SZ36',NULL,1,'2012-09-26 18:16:35',8,NULL,NULL,NULL),(241,3,'F252-V3TN-Q9DZ-A2S5',NULL,1,'2012-09-26 18:16:35',8,NULL,NULL,NULL),(242,3,'VXH5-K77K-Y3FV-6QKY',NULL,1,'2012-09-26 18:16:35',8,NULL,NULL,NULL),(243,3,'87A5-B5KY-N6UX-N86S',NULL,1,'2012-09-26 18:16:35',8,NULL,NULL,NULL),(244,3,'XF48-A7P5-HB2X-BEU7',NULL,1,'2012-09-26 18:16:35',8,NULL,NULL,NULL),(245,3,'SA55-Q99B-XXKW-HK9X',NULL,1,'2012-09-26 18:16:35',8,NULL,NULL,NULL),(246,3,'38A7-7HC2-KHE4-49GS',NULL,1,'2012-09-26 18:16:35',8,NULL,NULL,NULL),(247,3,'F7NR-TGGV-PFDV-BDPH',NULL,1,'2012-09-26 18:16:35',8,NULL,NULL,NULL),(248,3,'3KUR-N6G5-8B29-ZUPJ',NULL,1,'2012-09-26 18:16:35',8,NULL,NULL,NULL),(249,3,'KTPS-BGWP-JT6F-KMAG',NULL,1,'2012-09-26 18:16:35',8,NULL,NULL,NULL),(250,3,'8PZU-BEVG-QCT8-7WXY',NULL,1,'2012-09-26 18:16:35',8,NULL,NULL,NULL),(251,3,'QR6U-6PT9-YWT5-NGD4',NULL,1,'2012-09-26 18:16:35',8,NULL,NULL,NULL),(252,3,'8N78-Q7EH-NEB7-FBYE',NULL,1,'2012-09-26 18:16:35',8,NULL,NULL,NULL),(253,3,'KX84-E253-CGGG-F8W6',NULL,1,'2012-09-26 18:16:35',8,NULL,NULL,NULL),(254,3,'VGQ7-9WDY-5XBC-KZBG',NULL,1,'2012-09-26 18:16:35',8,NULL,NULL,NULL),(255,3,'2SYR-7PA8-DABG-M8SX',NULL,1,'2012-09-26 18:16:35',8,NULL,NULL,NULL),(256,3,'5CS4-4BK7-TSAJ-WHVV',NULL,1,'2012-09-26 18:16:35',8,NULL,NULL,NULL),(257,3,'6BP2-F8E7-KHH7-2H2N',NULL,1,'2012-09-26 18:16:35',8,NULL,NULL,NULL),(258,3,'RQKU-Y2AC-3H2G-PQCD',NULL,1,'2012-09-26 18:16:35',8,NULL,NULL,NULL),(259,3,'V2UA-TYYW-X62V-AAT6',NULL,1,'2012-09-26 18:16:35',8,NULL,NULL,NULL),(260,3,'8CUE-34D5-SWZ8-MPW4',NULL,1,'2012-09-26 18:16:35',8,NULL,NULL,NULL),(261,3,'AEGK-CNUC-TPH5-XJRE',NULL,1,'2012-09-26 18:16:35',8,NULL,NULL,NULL),(262,3,'V6YG-DZAU-4EPD-HKH3',NULL,1,'2012-09-26 18:16:35',8,NULL,NULL,NULL),(263,3,'RS2P-BK25-JDAP-C85E',NULL,1,'2012-09-26 18:16:35',8,NULL,NULL,NULL),(264,3,'BNVM-QN5A-8EHE-GWQD',NULL,1,'2012-09-26 18:16:35',8,NULL,NULL,NULL),(265,3,'MBGE-QSVQ-6U5B-9TZU',NULL,1,'2012-09-26 18:16:35',8,NULL,NULL,NULL),(266,3,'3HEJ-7BRS-486C-8AV6',NULL,1,'2012-09-26 18:16:35',8,NULL,NULL,NULL),(267,3,'XBSM-T9SA-7U6B-HABF',NULL,1,'2012-09-26 18:16:35',8,NULL,NULL,NULL),(268,3,'3U74-3GS9-R7V9-33BV',NULL,1,'2012-09-26 18:16:35',8,NULL,NULL,NULL),(269,3,'523M-7V6R-AUYD-XRZZ',NULL,1,'2012-09-26 18:16:35',8,NULL,NULL,NULL),(270,3,'WJ6K-8SPB-828A-XZFN',NULL,1,'2012-09-26 18:16:35',8,NULL,NULL,NULL),(271,3,'XWPH-3RTA-3DD2-974B',NULL,1,'2012-09-26 18:16:35',8,NULL,NULL,NULL),(272,3,'25RG-M5P5-MJSA-76PK',NULL,1,'2012-09-26 18:16:35',8,NULL,NULL,NULL),(273,3,'3DDJ-6KCE-QRDK-TMRD',NULL,1,'2012-09-26 18:16:35',8,NULL,NULL,NULL),(274,3,'75BT-AGQM-6Q8Y-J7KN',NULL,1,'2012-09-26 18:16:35',8,NULL,NULL,NULL),(275,3,'4N3V-WZWN-VNDK-4E42',NULL,1,'2012-09-26 18:16:35',8,NULL,NULL,NULL),(276,3,'63XC-45Q8-HREN-M23J',NULL,1,'2012-09-26 18:16:35',8,NULL,NULL,NULL),(277,3,'HUFJ-XTGP-3P7Q-JYHT',NULL,1,'2012-09-26 18:16:35',8,NULL,NULL,NULL),(278,3,'R8G9-9FZ3-FYWR-UZ8Y',NULL,1,'2012-09-26 18:16:35',8,NULL,NULL,NULL),(279,3,'Y8RX-DDAC-KHSY-XVN3',NULL,1,'2012-09-26 18:16:35',8,NULL,NULL,NULL),(280,3,'WV8Z-WFJ5-ZSAH-25E2',NULL,1,'2012-09-26 18:16:35',8,NULL,NULL,NULL),(281,3,'YA5N-XSTK-V46C-DQRZ',NULL,1,'2012-09-26 18:16:35',8,NULL,NULL,NULL),(282,3,'XRSB-8HJ8-4SGM-WZFM',NULL,1,'2012-09-26 18:16:35',8,NULL,NULL,NULL),(283,3,'XJ5E-Z52B-3EAP-BG28',NULL,1,'2012-09-26 18:16:35',8,NULL,NULL,NULL),(284,3,'XTGJ-EZQA-RJQ4-2X8M',NULL,1,'2012-09-26 18:16:35',8,NULL,NULL,NULL),(285,3,'NUCD-89VR-ZA64-QS76',NULL,1,'2012-09-26 18:16:35',8,NULL,NULL,NULL),(286,3,'K4WW-MNCW-442S-SNGX',NULL,1,'2012-09-26 18:16:35',8,NULL,NULL,NULL),(287,3,'F6NG-VU52-7HAH-ZJAU',NULL,1,'2012-09-26 18:16:35',8,NULL,NULL,NULL),(288,3,'X553-7R27-F96Q-HB6H',NULL,1,'2012-09-26 18:16:35',8,NULL,NULL,NULL),(289,3,'YCXU-DMDY-PZZS-9VE8',NULL,1,'2012-09-26 18:16:35',8,NULL,NULL,NULL),(290,3,'WN7V-3NT9-C5R6-JNPF',NULL,1,'2012-09-26 18:16:35',8,NULL,NULL,NULL),(291,3,'2RMV-S68U-QZ5C-Z87J',NULL,1,'2012-09-26 18:16:35',8,NULL,NULL,NULL),(292,3,'SHBN-3GCB-FNC2-Y86X',NULL,1,'2012-09-26 18:16:35',8,NULL,NULL,NULL),(293,3,'C2PV-WXJQ-MQX9-EWS6',NULL,1,'2012-09-26 18:16:35',8,NULL,NULL,NULL),(294,3,'7PRN-8YMR-HX6H-QNN4',NULL,1,'2012-09-26 18:16:35',8,NULL,NULL,NULL),(295,3,'RV5X-KY3G-RZJF-2Z6D',NULL,1,'2012-09-26 18:16:35',8,NULL,NULL,NULL),(296,3,'WTW2-B9DM-254Q-QX85',NULL,1,'2012-09-26 18:16:35',8,NULL,NULL,NULL),(297,3,'HBZX-UCJW-SUTG-8U6R',NULL,1,'2012-09-26 18:16:35',8,NULL,NULL,NULL),(298,3,'PMW4-9K5B-XY5G-P346',NULL,1,'2012-09-26 18:16:35',8,NULL,NULL,NULL),(299,3,'7NJ8-G893-PJBA-UMPN',NULL,1,'2012-09-26 18:16:35',8,NULL,NULL,NULL),(300,3,'VHU3-YHJK-HF23-WCPV',NULL,1,'2012-09-26 18:16:35',8,NULL,NULL,NULL),(301,3,'P4HP-QPEQ-6HAR-ZE7X',NULL,1,'2012-09-26 18:16:35',8,NULL,NULL,NULL),(302,3,'EGNX-RNNU-YS6T-HUM9',NULL,1,'2012-09-26 18:16:35',8,NULL,NULL,NULL),(303,3,'3QJP-NYTK-3WGE-6JNY',NULL,1,'2012-09-26 18:16:35',8,NULL,NULL,NULL),(304,3,'DQKG-T3WD-KXBD-KAGB',NULL,1,'2012-09-26 18:16:35',8,NULL,NULL,NULL),(305,3,'GTTF-AKU5-BKV4-U3JY',NULL,1,'2012-09-26 18:16:35',8,NULL,NULL,NULL),(306,3,'E8PD-NA5N-RCVQ-RNTA',NULL,1,'2012-09-26 18:16:35',8,NULL,NULL,NULL),(307,3,'E5HD-T5CX-97E5-35P6',NULL,1,'2012-09-26 18:16:35',8,NULL,NULL,NULL),(308,3,'A8XC-WRPY-FSA8-EWBU',NULL,1,'2012-09-26 18:16:35',8,NULL,NULL,NULL),(309,3,'ZM8W-N8MN-YA6X-GSKH',NULL,1,'2012-09-26 18:16:35',8,NULL,NULL,NULL),(310,3,'RM72-UNPX-3X27-GKW2',NULL,1,'2012-09-26 18:16:35',8,NULL,NULL,NULL),(311,3,'F5ZV-GPFT-7B7N-ZTXP',NULL,1,'2012-09-26 18:16:35',8,NULL,NULL,NULL),(312,3,'VXN4-24FE-5M5T-9K7S',NULL,1,'2012-09-26 18:16:35',8,NULL,NULL,NULL),(313,3,'536C-DYKZ-U6XX-XYA8',NULL,1,'2012-09-26 18:16:35',8,NULL,NULL,NULL),(314,3,'CEC2-D777-WYJW-9WA6',NULL,1,'2012-09-26 18:16:35',8,NULL,NULL,NULL),(315,3,'8Y7K-Q55U-QCPB-86G6',NULL,1,'2012-09-26 18:16:35',8,NULL,NULL,NULL),(316,3,'BRFZ-5WRY-FFX4-RURN',NULL,1,'2012-09-26 18:16:35',8,NULL,NULL,NULL),(317,3,'B6NS-TA5U-HR9W-3YWM',NULL,1,'2012-09-26 18:16:35',8,NULL,NULL,NULL),(318,3,'C4WR-NJ8A-QM73-J9FM',NULL,1,'2012-09-26 18:16:35',8,NULL,NULL,NULL),(319,3,'9QEW-MC4E-ANKE-9EQD',NULL,1,'2012-09-26 18:16:35',8,NULL,NULL,NULL),(320,3,'SMGJ-C6YQ-C5U4-NQ6X',NULL,1,'2012-09-26 18:16:35',8,NULL,NULL,NULL),(321,3,'WBRU-D6T2-CBSA-9HVZ',NULL,1,'2012-09-26 18:16:35',8,NULL,NULL,NULL),(322,3,'E9QM-6YFE-KS4K-29QR',NULL,1,'2012-09-26 18:16:35',8,NULL,NULL,NULL),(323,3,'KGXH-QD59-3ZUN-B4JG',NULL,1,'2012-09-26 18:16:35',8,NULL,NULL,NULL),(324,3,'CYQS-RZQT-7ZKN-SG2Z',NULL,1,'2012-09-26 18:16:35',8,NULL,NULL,NULL),(325,3,'VZA7-3TMV-K26J-K86Y',NULL,1,'2012-09-26 18:16:35',8,NULL,NULL,NULL),(326,3,'NE98-G6UW-UN7E-WTA9',NULL,1,'2012-09-26 18:16:35',8,NULL,NULL,NULL),(327,3,'3JW3-727Z-RHN4-Q6PP',NULL,1,'2012-09-26 18:16:35',8,NULL,NULL,NULL),(328,3,'UAVX-65DN-YERK-J2KA',NULL,1,'2012-09-26 18:16:35',8,NULL,NULL,NULL),(329,3,'V7WN-HRT5-3JVS-6FP8',NULL,1,'2012-09-26 18:16:35',8,NULL,NULL,NULL),(330,3,'DJDQ-KZQG-GKSJ-ERGA',NULL,1,'2012-09-26 18:16:35',8,NULL,NULL,NULL),(331,3,'N2J3-UWFF-TN2Q-7AK4',NULL,1,'2012-09-26 18:16:35',8,NULL,NULL,NULL),(332,3,'FHVB-JRAM-WPWT-WK78',NULL,1,'2012-09-26 18:16:35',8,NULL,NULL,NULL),(333,3,'2UKY-TGYB-4BDW-AMNN',NULL,1,'2012-09-26 18:16:35',8,NULL,NULL,NULL),(334,3,'DA2A-CA38-F9JM-U937',NULL,1,'2012-09-26 18:16:35',8,NULL,NULL,NULL),(335,3,'7J4X-KPJN-WG5P-7BBZ',NULL,1,'2012-09-26 18:16:35',8,NULL,NULL,NULL),(336,3,'GWYC-5HBS-XKMR-UAZM',NULL,1,'2012-09-26 18:16:35',8,NULL,NULL,NULL),(337,3,'7YHN-38RP-R856-2NN3',NULL,1,'2012-09-26 18:16:35',8,NULL,NULL,NULL),(338,3,'M4ZX-9R6E-AGCK-3TJ2',NULL,1,'2012-09-26 18:16:35',8,NULL,NULL,NULL),(339,3,'WV76-CEFF-WNZ3-NYP9',NULL,1,'2012-09-26 18:16:35',8,NULL,NULL,NULL),(340,3,'EZM3-6QZ8-YPFR-QAYT',NULL,1,'2012-09-26 18:16:35',8,NULL,NULL,NULL),(341,3,'XWHX-5GUR-286U-2V84',NULL,1,'2012-09-26 18:16:35',8,NULL,NULL,NULL),(342,3,'YVTQ-79DK-RZH7-EWZS',NULL,1,'2012-09-26 18:16:35',8,NULL,NULL,NULL),(343,3,'RX45-ZR86-K2MM-6JGF',NULL,1,'2012-09-26 18:16:35',8,NULL,NULL,NULL),(344,3,'DTQC-CPC7-UJS8-EDCJ',NULL,1,'2012-09-26 18:16:35',8,NULL,NULL,NULL),(345,3,'WG6S-KWBP-J77M-M3VN',NULL,1,'2012-09-26 18:16:35',8,NULL,NULL,NULL),(346,3,'RR4V-HXEP-D3NS-DAK2',NULL,1,'2012-09-26 18:16:35',8,NULL,NULL,NULL),(347,3,'677Q-HFAA-Y966-CXMD',NULL,1,'2012-09-26 18:16:35',8,NULL,NULL,NULL),(348,3,'5WP9-WNBJ-Q4RV-RHNE',NULL,1,'2012-09-26 18:16:35',8,NULL,NULL,NULL),(349,3,'NJMM-J9ND-BMYS-G9V3',NULL,1,'2012-09-26 18:16:35',8,NULL,NULL,NULL),(350,3,'ZGDE-KHM9-29P7-4ES3',NULL,1,'2012-09-26 18:16:35',8,NULL,NULL,NULL),(351,3,'NHAE-DFP7-6AW4-KYAB',NULL,1,'2012-09-26 18:16:35',8,NULL,NULL,NULL),(352,3,'WE3H-J58A-PZPN-XRSM',NULL,1,'2012-09-26 18:16:35',8,NULL,NULL,NULL),(353,3,'4EXR-QRJN-RHBQ-2XVZ',NULL,1,'2012-09-26 18:16:35',8,NULL,NULL,NULL),(354,3,'H22S-W4SQ-BR7Z-Q34P',NULL,1,'2012-09-26 18:16:35',8,NULL,NULL,NULL),(355,3,'92J9-C8BY-X9AQ-6PJD',NULL,1,'2012-09-26 18:16:35',8,NULL,NULL,NULL),(356,3,'C78A-2FU9-F4ZV-GNBD',NULL,1,'2012-09-26 18:16:35',8,NULL,NULL,NULL),(357,3,'632C-K53A-WEB2-XAR7',NULL,1,'2012-09-26 18:16:35',8,NULL,NULL,NULL),(358,3,'7FNH-PBEA-RMYE-PXN2',NULL,1,'2012-09-26 18:16:35',8,NULL,NULL,NULL),(359,3,'U3HR-BY77-N5C2-WWQA',NULL,1,'2012-09-26 18:16:35',8,NULL,NULL,NULL),(360,3,'GXCR-TE23-R6A9-VZYN',NULL,1,'2012-09-26 18:16:35',8,NULL,NULL,NULL),(361,3,'NTTX-4EZH-RSUZ-THEN',NULL,1,'2012-09-26 18:16:35',8,NULL,NULL,NULL),(362,3,'E5TY-4K3F-3XTW-JTFY',NULL,1,'2012-09-26 18:16:35',8,NULL,NULL,NULL),(363,3,'SAHX-FB3R-VKFU-9A38',NULL,1,'2012-09-26 18:16:35',8,NULL,NULL,NULL),(364,3,'S2FJ-NNSR-2NPV-VE5S',NULL,1,'2012-09-26 18:16:35',8,NULL,NULL,NULL),(365,3,'M8TT-4PKC-X2XM-3RJN',NULL,1,'2012-09-26 18:16:35',8,NULL,NULL,NULL),(366,3,'R4TF-NQHJ-DU3T-Y57V',NULL,1,'2012-09-26 18:16:35',8,NULL,NULL,NULL),(367,3,'F3BF-VA5M-Z59K-YDPQ',NULL,1,'2012-09-26 18:16:35',8,NULL,NULL,NULL),(368,3,'8DT3-88W2-XZWK-UVY9',NULL,1,'2012-09-26 18:16:35',8,NULL,NULL,NULL),(369,3,'M45F-JPAY-GKZF-9JSM',NULL,1,'2012-09-26 18:16:35',8,NULL,NULL,NULL),(370,3,'MGQA-37MT-TPA2-TPQ2',NULL,1,'2012-09-26 18:16:35',8,NULL,NULL,NULL),(371,3,'PTBG-KGSY-FHRN-CRRV',NULL,1,'2012-09-26 18:16:35',8,NULL,NULL,NULL),(372,3,'DNY3-2K6Q-CHT4-UNEE',NULL,1,'2012-09-26 18:16:35',8,NULL,NULL,NULL),(373,3,'URYN-K3A2-2U5Y-D4CZ',NULL,1,'2012-09-26 18:16:35',8,NULL,NULL,NULL),(374,3,'S24B-M7U4-WH8Q-53NH',NULL,1,'2012-09-26 18:16:35',8,NULL,NULL,NULL),(375,3,'JARZ-8XAD-EGG2-JZXT',NULL,1,'2012-09-26 18:16:35',8,NULL,NULL,NULL),(376,3,'H6UD-Y8XP-SYBR-GZS3',NULL,1,'2012-09-26 18:16:35',8,NULL,NULL,NULL),(377,3,'HACU-SYZM-8KG9-R3QG',NULL,1,'2012-09-26 18:16:35',8,NULL,NULL,NULL),(378,3,'92JM-KUVK-CXGC-GJMQ',NULL,1,'2012-09-26 18:16:35',8,NULL,NULL,NULL),(379,3,'PGC9-5PRR-T99A-T8BZ',NULL,1,'2012-09-26 18:16:35',8,NULL,NULL,NULL),(380,3,'YKFT-AGJJ-U7S5-3MPA',NULL,1,'2012-09-26 18:16:35',8,NULL,NULL,NULL),(381,3,'NF6H-XXM4-Y5MN-SR6V',NULL,1,'2012-09-26 18:16:35',8,NULL,NULL,NULL),(382,3,'FCGV-QFM5-DGGD-CAT6',NULL,1,'2012-09-26 18:16:35',8,NULL,NULL,NULL),(383,3,'7WUA-438R-HGXN-QVQ5',NULL,1,'2012-09-26 18:16:35',8,NULL,NULL,NULL),(384,3,'CNSN-9T4J-F8V7-VJJW',NULL,1,'2012-09-26 18:16:35',8,NULL,NULL,NULL),(385,3,'6232-ZGY9-CS22-G2CR',NULL,1,'2012-09-26 18:16:35',8,NULL,NULL,NULL),(386,3,'YF6W-MQS3-2938-2M2X',NULL,1,'2012-09-26 18:16:35',8,NULL,NULL,NULL),(387,3,'BA7Y-EFKA-D284-H9E4',NULL,1,'2012-09-26 18:16:35',8,NULL,NULL,NULL),(388,3,'SV27-CWUS-DAV3-YGFT',NULL,1,'2012-09-26 18:16:35',8,NULL,NULL,NULL),(389,3,'Y3AP-332X-W4RQ-D4T5',NULL,1,'2012-09-26 18:16:35',8,NULL,NULL,NULL),(390,3,'P3CW-4J4E-9W8N-NSH7',NULL,1,'2012-09-26 18:16:35',8,NULL,NULL,NULL),(391,3,'9HNW-SMZX-KTW8-GUSD',NULL,1,'2012-09-26 18:16:35',8,NULL,NULL,NULL),(392,3,'X246-FMBU-FVD6-ZAGJ',NULL,1,'2012-09-26 18:16:35',8,NULL,NULL,NULL),(393,3,'XXCM-BD3J-Y3C4-3RJP',NULL,1,'2012-09-26 18:16:35',8,NULL,NULL,NULL),(394,3,'P6Q2-2HJV-R6VR-7RKW',NULL,1,'2012-09-26 18:16:35',8,NULL,NULL,NULL),(395,3,'CG73-ZRCR-XJX4-JXD4',NULL,1,'2012-09-26 18:16:35',8,NULL,NULL,NULL),(396,3,'86ZK-Z852-DBRK-5PHE',NULL,1,'2012-09-26 18:16:35',8,NULL,NULL,NULL),(397,3,'4H8Q-RY68-K486-ZJTF',NULL,1,'2012-09-26 18:16:35',8,NULL,NULL,NULL),(398,3,'KG82-W9MB-GMUJ-ESE6',NULL,1,'2012-09-26 18:16:35',8,NULL,NULL,NULL),(399,3,'ZUX4-W4Y3-9Y3D-RWAD',NULL,1,'2012-09-26 18:16:35',8,NULL,NULL,NULL),(400,3,'TCPC-6PD3-NP5J-X8GH',NULL,1,'2012-09-26 18:16:35',8,NULL,NULL,NULL),(401,3,'WWX2-26HU-Y7KK-G6YA',NULL,1,'2012-09-26 18:16:35',8,NULL,NULL,NULL),(402,3,'BKXM-5QAQ-FS2V-4M6A',NULL,1,'2012-09-26 18:16:35',8,NULL,NULL,NULL),(403,3,'XZKF-KWQE-K6GY-TSCE',NULL,1,'2012-09-26 18:16:35',8,NULL,NULL,NULL),(404,3,'XB76-AHSC-Z9S2-NYY7',NULL,1,'2012-09-26 18:16:35',8,NULL,NULL,NULL),(405,3,'928M-NE7B-ZCWR-6UTZ',NULL,1,'2012-09-26 18:16:35',8,NULL,NULL,NULL),(406,3,'2R85-3H57-XYHM-7UAT',NULL,1,'2012-09-26 18:16:35',8,NULL,NULL,NULL),(407,3,'U86X-7VMG-W3DP-488D',NULL,1,'2012-09-26 18:16:35',8,NULL,NULL,NULL),(408,3,'RTZQ-436Y-7HYM-D3AB',NULL,1,'2012-09-26 18:16:35',8,NULL,NULL,NULL),(409,3,'Q8HM-3TCQ-ZSTP-G7EH',NULL,1,'2012-09-26 18:16:35',8,NULL,NULL,NULL),(410,3,'XXP4-8KF2-EUAP-F8MU',NULL,1,'2012-09-26 18:16:35',8,NULL,NULL,NULL),(411,3,'3534-PY4C-VJ3F-P3GR',NULL,1,'2012-09-26 18:16:35',8,NULL,NULL,NULL),(412,3,'2WPC-QSR2-RMP8-2DWT',NULL,1,'2012-09-26 18:16:35',8,NULL,NULL,NULL),(413,3,'AYZD-DPET-JCXN-VTA3',NULL,1,'2012-09-26 18:16:35',8,NULL,NULL,NULL),(414,3,'QQT5-ADBG-JPNX-RH5Q',NULL,1,'2012-09-26 18:16:35',8,NULL,NULL,NULL),(415,3,'MSF6-UQHN-JTCF-XS7C',NULL,1,'2012-09-26 18:16:35',8,NULL,NULL,NULL),(416,3,'N5XC-JFKR-JQCQ-9FYJ',NULL,1,'2012-09-26 18:16:35',8,NULL,NULL,NULL),(417,3,'WW6F-Z5DN-VFW9-2ASM',NULL,1,'2012-09-26 18:16:35',8,NULL,NULL,NULL),(418,3,'ZKR5-XZP6-PVGV-4ET5',NULL,1,'2012-09-26 18:16:35',8,NULL,NULL,NULL),(419,3,'C3PV-QZR4-BPPR-V767',NULL,1,'2012-09-26 18:16:35',8,NULL,NULL,NULL),(420,3,'V8GQ-7TEZ-MPRT-X8UV',NULL,1,'2012-09-26 18:16:35',8,NULL,NULL,NULL),(421,3,'NYKE-VAWA-XDWV-D5E9',NULL,1,'2012-09-26 18:16:35',8,NULL,NULL,NULL),(422,3,'X3PG-6H2A-HS6A-3JTT',NULL,1,'2012-09-26 18:16:35',8,NULL,NULL,NULL),(423,3,'GFMV-C4NW-MQ2H-HA6T',NULL,1,'2012-09-26 18:16:35',8,NULL,NULL,NULL),(424,3,'YAT5-F6XN-YJ58-EKAE',NULL,1,'2012-09-26 18:16:35',8,NULL,NULL,NULL),(425,3,'SJBC-Y96T-56E7-3QS2',NULL,1,'2012-09-26 18:16:35',8,NULL,NULL,NULL),(426,3,'8WAP-52R6-HZV9-68AC',NULL,1,'2012-09-26 18:16:35',8,NULL,NULL,NULL),(427,3,'SS8E-HDTB-4N6T-E6RF',NULL,1,'2012-09-26 18:16:35',8,NULL,NULL,NULL),(428,3,'Z6MP-88BU-R5NM-RN3X',NULL,1,'2012-09-26 18:16:35',8,NULL,NULL,NULL),(429,3,'ZMXP-WKP9-MKYX-ZB83',NULL,1,'2012-09-26 18:16:35',8,NULL,NULL,NULL),(430,3,'U96Z-JAJ7-K5SR-YSD9',NULL,1,'2012-09-26 18:16:35',8,NULL,NULL,NULL),(431,3,'UUY4-MZU7-HXDS-YHPS',NULL,1,'2012-09-26 18:16:35',8,NULL,NULL,NULL),(432,3,'HGJV-63UB-VSCV-RTB6',NULL,1,'2012-09-26 18:16:35',8,NULL,NULL,NULL),(433,3,'PT7Q-96VP-Z5FA-DMU9',NULL,1,'2012-09-26 18:16:35',8,NULL,NULL,NULL),(434,3,'PT62-GPWG-XA3U-JWZD',NULL,1,'2012-09-26 18:16:35',8,NULL,NULL,NULL),(435,3,'35U7-3G58-VY3Z-EHK2',NULL,1,'2012-09-26 18:16:35',8,NULL,NULL,NULL),(436,3,'U5UR-C299-FG6C-Z57Z',NULL,1,'2012-09-26 18:16:35',8,NULL,NULL,NULL),(437,3,'VJQY-442X-UAYH-2MRQ',NULL,1,'2012-09-26 18:16:35',8,NULL,NULL,NULL),(438,3,'3EPP-KTSP-B4SJ-MPT9',NULL,1,'2012-09-26 18:16:35',8,NULL,NULL,NULL),(439,3,'2WYW-FMHZ-H5JN-B3TW',NULL,1,'2012-09-26 18:16:35',8,NULL,NULL,NULL),(440,3,'VZ8Q-2UCZ-N74Q-JYUH',NULL,1,'2012-09-26 18:16:35',8,NULL,NULL,NULL),(441,3,'8WEU-6RRX-MP7U-KJXD',NULL,1,'2012-09-26 18:16:35',8,NULL,NULL,NULL),(442,3,'B8RC-GXBZ-6BVS-847P',NULL,1,'2012-09-26 18:16:35',8,NULL,NULL,NULL),(443,3,'VDBM-S8GP-YYGG-UF95',NULL,1,'2012-09-26 18:16:35',8,NULL,NULL,NULL),(444,3,'86WU-YSJH-K8SV-2EHF',NULL,1,'2012-09-26 18:16:35',8,NULL,NULL,NULL),(445,3,'42NY-88GD-QPGZ-768M',NULL,1,'2012-09-26 18:16:35',8,NULL,NULL,NULL),(446,3,'5SU5-UZ8B-VZBH-PKQH',NULL,1,'2012-09-26 18:16:35',8,NULL,NULL,NULL),(447,3,'243Q-5SJF-HAM8-AWX4',NULL,1,'2012-09-26 18:16:35',8,NULL,NULL,NULL),(448,3,'VER5-3U6Y-YVM3-KE9T',NULL,1,'2012-09-26 18:16:35',8,NULL,NULL,NULL),(449,3,'WS9J-Y753-7WZY-M8W4',NULL,1,'2012-09-26 18:16:35',8,NULL,NULL,NULL),(450,3,'VT26-7TC6-MUZN-N68C',NULL,1,'2012-09-26 18:16:35',8,NULL,NULL,NULL),(451,3,'ECN6-9UXX-RPVT-NSZ5',NULL,1,'2012-09-26 18:16:35',8,NULL,NULL,NULL),(452,3,'KQV2-7Q3E-EMZB-BASY',NULL,1,'2012-09-26 18:16:35',8,NULL,NULL,NULL),(453,3,'Z445-V3ME-NT3F-A93W',NULL,1,'2012-09-26 18:16:35',8,NULL,NULL,NULL),(454,3,'FCPK-RYUD-67BY-TKH9',NULL,1,'2012-09-26 18:16:35',8,NULL,NULL,NULL),(455,3,'C2TY-RFJN-C7JH-H8WZ',NULL,1,'2012-09-26 18:16:35',8,NULL,NULL,NULL),(456,3,'6NVZ-RVF2-ST3U-VTNU',NULL,1,'2012-09-26 18:16:35',8,NULL,NULL,NULL),(457,3,'WKBJ-5BX5-4HAS-GGDZ',NULL,1,'2012-09-26 18:16:35',8,NULL,NULL,NULL),(458,3,'Z5MX-ZF8Y-VKZT-386U',NULL,1,'2012-09-26 18:16:35',8,NULL,NULL,NULL),(459,3,'HTF7-4ZDR-A6EB-NCJF',NULL,1,'2012-09-26 18:16:35',8,NULL,NULL,NULL),(460,3,'KSKC-VWY6-Y5R2-4PH3',NULL,1,'2012-09-26 18:16:35',8,NULL,NULL,NULL),(461,3,'7MRK-7TPA-CU9A-GRYQ',NULL,1,'2012-09-26 18:16:35',8,NULL,NULL,NULL),(462,3,'WHZK-YY82-6P3W-XTCC',NULL,1,'2012-09-26 18:16:35',8,NULL,NULL,NULL),(463,3,'MFRZ-FNG2-ENWP-G936',NULL,1,'2012-09-26 18:16:35',8,NULL,NULL,NULL),(464,3,'3EXQ-7A22-8W5Q-94R7',NULL,1,'2012-09-26 18:16:35',8,NULL,NULL,NULL),(465,3,'F5NE-6CR7-BAGD-FMUP',NULL,1,'2012-09-26 18:16:35',8,NULL,NULL,NULL),(466,3,'VNBK-4DMN-TSAC-8TVS',NULL,1,'2012-09-26 18:16:35',8,NULL,NULL,NULL),(467,3,'8UW9-PNPB-75M6-48BM',NULL,1,'2012-09-26 18:16:35',8,NULL,NULL,NULL),(468,3,'2FX7-N4PY-77DS-795F',NULL,1,'2012-09-26 18:16:35',8,NULL,NULL,NULL),(469,3,'AAH9-YHMY-BMVG-8YZ7',NULL,1,'2012-09-26 18:16:35',8,NULL,NULL,NULL),(470,3,'YTQ7-8N3W-JPWC-9EPN',NULL,1,'2012-09-26 18:16:35',8,NULL,NULL,NULL),(471,3,'CP9Y-6GCV-X5BH-BZJW',NULL,1,'2012-09-26 18:16:35',8,NULL,NULL,NULL),(472,3,'EJV9-5QT3-E2N9-C59Z',NULL,1,'2012-09-26 18:16:35',8,NULL,NULL,NULL),(473,3,'9KTY-UKG5-ERD8-T4U5',NULL,1,'2012-09-26 18:16:35',8,NULL,NULL,NULL),(474,3,'HHUZ-QVEF-D9JR-JNCZ',NULL,1,'2012-09-26 18:16:35',8,NULL,NULL,NULL),(475,3,'M87F-M3RW-P5ES-HGSV',NULL,1,'2012-09-26 18:16:35',8,NULL,NULL,NULL),(476,3,'B5EX-X7MF-582X-AJ6X',NULL,1,'2012-09-26 18:16:35',8,NULL,NULL,NULL),(477,3,'ZTNC-5Q7S-2XCB-3255',NULL,1,'2012-09-26 18:16:35',8,NULL,NULL,NULL),(478,3,'WGHW-CWYC-C9WX-9DYD',NULL,1,'2012-09-26 18:16:35',8,NULL,NULL,NULL),(479,3,'7PQ3-2CZY-H3JK-Z6N8',NULL,1,'2012-09-26 18:16:35',8,NULL,NULL,NULL),(480,3,'V7HU-U93M-8RVD-6KJ7',NULL,1,'2012-09-26 18:16:35',8,NULL,NULL,NULL),(481,3,'KM3K-RRFX-TFXH-8F53',NULL,1,'2012-09-26 18:16:35',8,NULL,NULL,NULL),(482,3,'DYJB-QM2C-YTGP-8DDK',NULL,1,'2012-09-26 18:16:35',8,NULL,NULL,NULL),(483,3,'MQTG-DXTA-RCCM-DNC9',NULL,1,'2012-09-26 18:16:35',8,NULL,NULL,NULL),(484,3,'PBJX-Y4YF-Z8TD-BSDU',NULL,1,'2012-09-26 18:16:35',8,NULL,NULL,NULL),(485,3,'KYCM-SZ6A-6WWA-EQUG',NULL,1,'2012-09-26 18:16:35',8,NULL,NULL,NULL),(486,3,'EE36-3T3Q-ASY4-6NSC',NULL,1,'2012-09-26 18:16:35',8,NULL,NULL,NULL),(487,3,'GXVD-6GC7-UH6S-97BV',NULL,1,'2012-09-26 18:16:35',8,NULL,NULL,NULL),(488,3,'JPEZ-UCHG-JV9P-7TF3',NULL,1,'2012-09-26 18:16:35',8,NULL,NULL,NULL),(489,3,'K87Z-JE9H-DBVD-AZH7',NULL,1,'2012-09-26 18:16:35',8,NULL,NULL,NULL),(490,3,'6JWR-MPV6-A3EN-VWAU',NULL,1,'2012-09-26 18:16:35',8,NULL,NULL,NULL),(491,3,'NMQ4-BSE9-Q8NU-FU2C',NULL,1,'2012-09-26 18:16:35',8,NULL,NULL,NULL),(492,3,'4S5P-TYG8-DS6H-EVB2',NULL,1,'2012-09-26 18:16:35',8,NULL,NULL,NULL),(493,3,'AA7G-8FW6-RAR9-3AVF',NULL,1,'2012-09-26 18:16:35',8,NULL,NULL,NULL),(494,3,'8R57-VEA4-NRRV-Y8C3',NULL,1,'2012-09-26 18:16:35',8,NULL,NULL,NULL),(495,3,'7AT6-DBVF-STKY-C3EW',NULL,1,'2012-09-26 18:16:35',8,NULL,NULL,NULL),(496,3,'4HW8-FZUD-8Q89-6B8A',NULL,1,'2012-09-26 18:16:35',8,NULL,NULL,NULL),(497,3,'Z7NX-8CFX-6FXT-FJWS',NULL,1,'2012-09-26 18:16:35',8,NULL,NULL,NULL),(498,3,'GGGA-HKBH-J7ZA-V9WY',NULL,1,'2012-09-26 18:16:35',8,NULL,NULL,NULL),(499,3,'ZFKK-69UF-7DXE-97MW',NULL,1,'2012-09-26 18:16:35',8,NULL,NULL,NULL),(500,3,'7CDN-WDB4-45D6-QKUT',NULL,1,'2012-09-26 18:16:35',8,NULL,NULL,NULL),(501,3,'JS2Q-RURU-QVN5-RYW8',NULL,1,'2012-09-26 18:16:35',8,NULL,NULL,NULL),(502,3,'MVZ2-8TTC-Q2P2-RCRP',NULL,1,'2012-09-26 18:16:35',8,NULL,NULL,NULL),(503,3,'ZU94-PQWU-JCYQ-H4R7',NULL,1,'2012-09-26 18:16:35',8,NULL,NULL,NULL),(504,3,'94YH-6N3U-PJQS-8T68',NULL,1,'2012-09-26 18:16:35',8,NULL,NULL,NULL),(505,3,'KA4F-487E-UH2X-SKK8',NULL,1,'2012-09-26 18:16:35',8,NULL,NULL,NULL),(506,3,'32X6-TS42-UBUY-GM5Q',NULL,1,'2012-09-26 18:16:35',8,NULL,NULL,NULL),(507,3,'GZ8S-SK8T-S2RK-GEP8',NULL,1,'2012-09-26 18:16:35',8,NULL,NULL,NULL),(508,3,'A23P-545H-TDEX-7Q4D',NULL,1,'2012-09-26 18:16:35',8,NULL,NULL,NULL),(509,3,'SCU5-4WYV-SAC7-SU48',NULL,1,'2012-09-26 18:16:35',8,NULL,NULL,NULL),(510,3,'9R7Z-7HA9-BYJT-QR7K',NULL,1,'2012-09-26 18:16:35',8,NULL,NULL,NULL),(511,3,'83T6-SDZ7-VGN4-KSBG',NULL,1,'2012-09-26 18:16:35',8,NULL,NULL,NULL),(512,3,'VEEJ-CEBQ-RSPN-YJA2',NULL,1,'2012-09-26 18:16:35',8,NULL,NULL,NULL),(513,3,'V9SZ-WFTT-UUQG-XZ5J',NULL,1,'2012-09-26 18:16:35',8,NULL,NULL,NULL),(514,3,'NT9A-5J5R-77H4-VWAM',NULL,1,'2012-09-26 18:16:35',8,NULL,NULL,NULL),(515,3,'G6TB-H5B6-M5RC-VWEY',NULL,1,'2012-09-26 18:16:35',8,NULL,NULL,NULL),(516,3,'4ZBF-QAT2-FVTH-WRP2',NULL,1,'2012-09-26 18:16:35',8,NULL,NULL,NULL),(517,3,'GG8V-SXGC-DXPY-KHXS',NULL,1,'2012-09-26 18:16:35',8,NULL,NULL,NULL),(518,3,'6DEB-VPYT-PM6G-WFA7',NULL,1,'2012-09-26 18:16:35',8,NULL,NULL,NULL),(519,3,'TDZG-44R5-FFBN-RXVS',NULL,1,'2012-09-26 18:16:35',8,NULL,NULL,NULL),(520,3,'H6ZJ-VHC5-E984-CWJ8',NULL,1,'2012-09-26 18:16:35',8,NULL,NULL,NULL),(521,3,'VAV8-TBF4-RR56-8HK5',NULL,1,'2012-09-26 18:16:35',8,NULL,NULL,NULL),(522,3,'KJVW-DZ2Y-XNR6-R4KT',NULL,1,'2012-09-26 18:16:35',8,NULL,NULL,NULL),(523,3,'3P7K-8JRP-WKRP-N5TZ',NULL,1,'2012-09-26 18:16:35',8,NULL,NULL,NULL),(524,3,'74PR-QNPZ-M9GK-A6BQ',NULL,1,'2012-09-26 18:16:35',8,NULL,NULL,NULL),(525,3,'XXXR-B9CQ-EJRF-Q9JP',NULL,1,'2012-09-26 18:16:35',8,NULL,NULL,NULL),(526,3,'F5KH-J4QK-2826-MHEB',NULL,1,'2012-09-26 18:16:35',8,NULL,NULL,NULL),(527,3,'3REP-H8Z7-2ZEK-8AY7',NULL,1,'2012-09-26 18:16:35',8,NULL,NULL,NULL),(528,3,'8UFC-QWUC-9NDU-NJED',NULL,1,'2012-09-26 18:16:35',8,NULL,NULL,NULL),(529,3,'34E4-8ZGP-PDU5-CBAG',NULL,1,'2012-09-26 18:16:35',8,NULL,NULL,NULL),(530,3,'3KK6-4WUN-FFBR-TJAQ',NULL,1,'2012-09-26 18:16:35',8,NULL,NULL,NULL),(531,3,'49KZ-73HB-2UH6-R2YJ',NULL,1,'2012-09-26 18:16:35',8,NULL,NULL,NULL),(532,3,'K6WX-9GGP-UECD-GF7G',NULL,1,'2012-09-26 18:16:35',8,NULL,NULL,NULL),(533,3,'Q7XN-FR69-JD8S-N4CB',NULL,1,'2012-09-26 18:16:35',8,NULL,NULL,NULL),(534,3,'EBQC-PCFF-ANA9-QVZC',NULL,1,'2012-09-26 18:16:35',8,NULL,NULL,NULL),(535,3,'VZNB-G2ZR-DWAE-ZSUK',NULL,1,'2012-09-26 18:16:35',8,NULL,NULL,NULL),(536,3,'FBWV-9EKJ-TACX-3CS7',NULL,1,'2012-09-26 18:16:35',8,NULL,NULL,NULL),(537,3,'94TB-6WV5-D5CD-DAMT',NULL,1,'2012-09-26 18:16:35',8,NULL,NULL,NULL),(538,3,'2A6A-RUD4-P3M2-VA5D',NULL,1,'2012-09-26 18:16:35',8,NULL,NULL,NULL),(539,3,'A2F7-P9TE-B5Z8-AWJQ',NULL,1,'2012-09-26 18:16:35',8,NULL,NULL,NULL),(540,3,'RSWX-78NM-EGAN-ZKWR',NULL,1,'2012-09-26 18:16:35',8,NULL,NULL,NULL),(541,3,'BJ2W-Y4TQ-PX3C-57QU',NULL,1,'2012-09-26 18:16:35',8,NULL,NULL,NULL),(542,3,'E56H-XDU7-TM6J-D8TB',NULL,1,'2012-09-26 18:16:35',8,NULL,NULL,NULL),(543,3,'VWZY-5VJZ-KD72-KF59',NULL,1,'2012-09-26 18:16:35',8,NULL,NULL,NULL),(544,3,'3Q9V-KMGR-BC2N-JKKA',NULL,1,'2012-09-26 18:16:35',8,NULL,NULL,NULL),(545,3,'AQ9R-4FEA-XG89-6R5S',NULL,1,'2012-09-26 18:16:35',8,NULL,NULL,NULL),(546,3,'Z2PM-9GJH-V79K-6B9D',NULL,1,'2012-09-26 18:16:35',8,NULL,NULL,NULL),(547,3,'CJDT-G2PN-AS9H-9HN8',NULL,1,'2012-09-26 18:16:35',8,NULL,NULL,NULL),(548,3,'SEFD-P6D8-JDH4-Q3KE',NULL,1,'2012-09-26 18:16:35',8,NULL,NULL,NULL),(549,3,'AYUS-3Y6N-X3F3-H7ZT',NULL,1,'2012-09-26 18:16:35',8,NULL,NULL,NULL),(550,3,'KZ2Q-DNYQ-V9WV-T7F3',NULL,1,'2012-09-26 18:16:35',8,NULL,NULL,NULL),(551,3,'XC7K-CP48-ZBWC-2TMM',NULL,1,'2012-09-26 18:16:35',8,NULL,NULL,NULL),(552,3,'SVW3-QARZ-QKZN-8923',NULL,1,'2012-09-26 18:16:35',8,NULL,NULL,NULL),(553,3,'2HFA-Y85C-8YJ9-P8BJ',NULL,1,'2012-09-26 18:16:35',8,NULL,NULL,NULL),(554,3,'2QUZ-PM3E-MZYZ-3S5J',NULL,1,'2012-09-26 18:16:35',8,NULL,NULL,NULL),(555,3,'AM2Z-UYJX-5CSQ-BDEH',NULL,1,'2012-09-26 18:16:35',8,NULL,NULL,NULL),(556,3,'XEB5-Q6B6-67HZ-YZBK',NULL,1,'2012-09-26 18:16:35',8,NULL,NULL,NULL),(557,3,'ZM96-MDWH-DWMT-S7C5',NULL,1,'2012-09-26 18:16:35',8,NULL,NULL,NULL),(558,3,'WU94-7DPY-WK9X-MCKX',NULL,1,'2012-09-26 18:16:35',8,NULL,NULL,NULL),(559,3,'SQTA-5VVG-EWYW-RJBG',NULL,1,'2012-09-26 18:16:35',8,NULL,NULL,NULL),(560,3,'QV9Y-BFCA-AF42-MAGE',NULL,1,'2012-09-26 18:16:35',8,NULL,NULL,NULL),(561,3,'HBWX-VJMM-49J8-D79X',NULL,1,'2012-09-26 18:16:35',8,NULL,NULL,NULL),(562,3,'5AGC-J6QR-37KQ-G4QC',NULL,1,'2012-09-26 18:16:35',8,NULL,NULL,NULL),(563,3,'PZEE-TTNX-A96W-3TVF',NULL,1,'2012-09-26 18:16:35',8,NULL,NULL,NULL),(564,3,'2WJW-BP2Z-JDUJ-B4E5',NULL,1,'2012-09-26 18:16:35',8,NULL,NULL,NULL),(565,3,'S7PH-E23U-T3JT-TAYF',NULL,1,'2012-09-26 18:16:35',8,NULL,NULL,NULL),(566,3,'87MM-NP4R-8R9U-J2T8',NULL,1,'2012-09-26 18:16:35',8,NULL,NULL,NULL),(567,3,'TRP4-5DSF-JTAP-2G77',NULL,1,'2012-09-26 18:16:35',8,NULL,NULL,NULL),(568,3,'7QSZ-XUQF-5NVS-HNCG',NULL,1,'2012-09-26 18:16:35',8,NULL,NULL,NULL),(569,3,'M42W-ENBV-GE89-U9EP',NULL,1,'2012-09-26 18:16:35',8,NULL,NULL,NULL),(570,3,'GGSR-385W-AM2Q-GF3J',NULL,1,'2012-09-26 18:16:35',8,NULL,NULL,NULL),(571,3,'3267-E8NG-HENE-2WYG',NULL,1,'2012-09-26 18:16:35',8,NULL,NULL,NULL),(572,3,'NWU3-V9Y5-48J6-ERWQ',NULL,1,'2012-09-26 18:16:35',8,NULL,NULL,NULL),(573,3,'AN8Q-APE2-PK5X-QP8P',NULL,1,'2012-09-26 18:16:35',8,NULL,NULL,NULL),(574,3,'9S7E-KVH4-G8Q8-XAM2',NULL,1,'2012-09-26 18:16:35',8,NULL,NULL,NULL),(575,3,'N72J-ABQ2-MCU8-RB2B',NULL,1,'2012-09-26 18:16:35',8,NULL,NULL,NULL),(576,3,'MVGA-B7U7-MFNY-CZG3',NULL,1,'2012-09-26 18:16:35',8,NULL,NULL,NULL),(577,3,'59KB-BCFP-G3BX-AGPR',NULL,1,'2012-09-26 18:16:35',8,NULL,NULL,NULL),(578,3,'A5NA-KYVS-3RNS-RZYU',NULL,1,'2012-09-26 18:16:35',8,NULL,NULL,NULL),(579,3,'ECQS-9M3K-DR47-QRSP',NULL,1,'2012-09-26 18:16:35',8,NULL,NULL,NULL),(580,3,'9R4D-9VVT-87TR-FRND',NULL,1,'2012-09-26 18:16:35',8,NULL,NULL,NULL),(581,3,'A3HK-WURB-BJMS-BJG4',NULL,1,'2012-09-26 18:16:35',8,NULL,NULL,NULL),(582,3,'M3BR-Z46X-H3F8-N6J9',NULL,1,'2012-09-26 18:16:35',8,NULL,NULL,NULL),(583,3,'4G8J-R2AJ-VKXZ-YVT2',NULL,1,'2012-09-26 18:16:35',8,NULL,NULL,NULL),(584,3,'8DZY-KEGR-UBSH-DJKY',NULL,1,'2012-09-26 18:16:35',8,NULL,NULL,NULL),(585,3,'KP6E-6E3B-QDR7-JKC5',NULL,1,'2012-09-26 18:16:35',8,NULL,NULL,NULL),(586,3,'Q8HB-8E6D-43DD-ERFR',NULL,1,'2012-09-26 18:16:35',8,NULL,NULL,NULL),(587,3,'J4AJ-K97B-WKQV-DUAQ',NULL,1,'2012-09-26 18:16:35',8,NULL,NULL,NULL),(588,3,'E9DR-2TXJ-7PQ7-Z22C',NULL,1,'2012-09-26 18:16:35',8,NULL,NULL,NULL),(589,3,'CFHF-9B29-RK8D-9M2K',NULL,1,'2012-09-26 18:16:35',8,NULL,NULL,NULL),(590,3,'G9GB-VRWX-ZNZE-W85M',NULL,1,'2012-09-26 18:16:35',8,NULL,NULL,NULL),(591,3,'NEN4-UW3T-SX46-JPSK',NULL,1,'2012-09-26 18:16:35',8,NULL,NULL,NULL),(592,3,'XSFJ-5WXX-3TPC-75ZE',NULL,1,'2012-09-26 18:16:35',8,NULL,NULL,NULL),(593,3,'MQW4-B6RT-7Q72-AF8G',NULL,1,'2012-09-26 18:16:35',8,NULL,NULL,NULL),(594,3,'Z9NU-UAYS-TFBG-53DP',NULL,1,'2012-09-26 18:16:35',8,NULL,NULL,NULL),(595,3,'367J-JH3W-KC94-UCMN',NULL,1,'2012-09-26 18:16:35',8,NULL,NULL,NULL),(596,3,'9XKY-5WYM-CWNN-TFQU',NULL,1,'2012-09-26 18:16:35',8,NULL,NULL,NULL),(597,3,'VDZE-CAHD-SPSU-96HQ',NULL,1,'2012-09-26 18:16:35',8,NULL,NULL,NULL),(598,3,'92PQ-8UMQ-T8XZ-6U5S',NULL,1,'2012-09-26 18:16:35',8,NULL,NULL,NULL),(599,3,'QZF8-95NR-PEMU-WT3S',NULL,1,'2012-09-26 18:16:35',8,NULL,NULL,NULL),(600,3,'YYF7-2ZVH-DFV2-PHJR',NULL,1,'2012-09-26 18:16:35',8,NULL,NULL,NULL),(601,3,'5WZY-42P8-S9U7-C88V',NULL,1,'2012-09-26 18:16:35',8,NULL,NULL,NULL),(602,3,'E8HB-PZQ9-MS2K-K3S2',NULL,1,'2012-09-26 18:16:35',8,NULL,NULL,NULL),(603,3,'4YNH-MW25-TW5Z-R9XA',NULL,1,'2012-09-26 18:16:35',8,NULL,NULL,NULL),(604,3,'MRQW-9MED-TVQZ-C5S8',NULL,1,'2012-09-26 18:16:35',8,NULL,NULL,NULL),(605,3,'K3B6-6W5V-QDEH-226G',NULL,1,'2012-09-26 18:16:35',8,NULL,NULL,NULL),(606,3,'AEGA-NSHQ-HTS7-5TY5',NULL,1,'2012-09-26 18:16:35',8,NULL,NULL,NULL),(607,3,'ZVGB-RCMG-2AK2-Q7UD',NULL,1,'2012-09-26 18:16:35',8,NULL,NULL,NULL),(608,3,'YHPN-NJZ9-YRTT-BYBB',NULL,1,'2012-09-26 18:16:35',8,NULL,NULL,NULL),(609,3,'VJME-MJCR-FNRA-TRVT',NULL,1,'2012-09-26 18:16:35',8,NULL,NULL,NULL),(610,3,'RMBY-6MV8-EPVU-29P5',NULL,1,'2012-09-26 18:16:35',8,NULL,NULL,NULL),(611,3,'2V86-QY7Z-6M2B-BR3A',NULL,1,'2012-09-26 18:16:35',8,NULL,NULL,NULL),(612,3,'Y4R8-U3FT-83XQ-6KTJ',NULL,1,'2012-09-26 18:16:35',8,NULL,NULL,NULL),(613,3,'25TY-84BP-3PPX-EWG6',NULL,1,'2012-09-26 18:16:35',8,NULL,NULL,NULL),(614,3,'AY2B-4PAE-YEQW-GV3Z',NULL,1,'2012-09-26 18:16:35',8,NULL,NULL,NULL),(615,3,'ECGJ-JYH2-4AQ6-JVCM',NULL,1,'2012-09-26 18:16:35',8,NULL,NULL,NULL),(616,3,'7U6H-X2RP-ZZFG-62YY',NULL,1,'2012-09-26 18:16:35',8,NULL,NULL,NULL),(617,3,'8HUQ-D9BG-4VBN-M43G',NULL,1,'2012-09-26 18:16:35',8,NULL,NULL,NULL),(618,3,'TAU7-VV2A-ZKWQ-FV7S',NULL,1,'2012-09-26 18:16:35',8,NULL,NULL,NULL),(619,3,'U6PS-9S22-U2J9-RTRV',NULL,1,'2012-09-26 18:16:35',8,NULL,NULL,NULL),(620,3,'MR3B-93QS-WRMN-MT2Y',NULL,1,'2012-09-26 18:16:35',8,NULL,NULL,NULL),(621,3,'P3WH-HMDX-BSJV-QSND',NULL,1,'2012-09-26 18:16:35',8,NULL,NULL,NULL),(622,3,'3CEX-A7ZC-6D63-4EM5',NULL,1,'2012-09-26 18:16:35',8,NULL,NULL,NULL),(623,3,'V8BW-2GH4-BRQ8-JCJB',NULL,1,'2012-09-26 18:16:35',8,NULL,NULL,NULL),(624,3,'2KFV-2686-USWZ-5FX9',NULL,1,'2012-09-26 18:16:35',8,NULL,NULL,NULL),(625,3,'B8AT-FYW8-PMWV-7S83',NULL,1,'2012-09-26 18:16:35',8,NULL,NULL,NULL),(626,3,'XU7Y-Q598-S8EH-4J38',NULL,1,'2012-09-26 18:16:35',8,NULL,NULL,NULL),(627,3,'WDAH-M4XZ-DVD6-32SZ',NULL,1,'2012-09-26 18:16:35',8,NULL,NULL,NULL),(628,3,'DG43-5ZCZ-Q44T-2DF5',NULL,1,'2012-09-26 18:16:35',8,NULL,NULL,NULL),(629,3,'K86U-R4EW-DEZ3-G3N3',NULL,1,'2012-09-26 18:16:35',8,NULL,NULL,NULL),(630,3,'SHGR-PPXU-FFZR-3NUP',NULL,1,'2012-09-26 18:16:35',8,NULL,NULL,NULL),(631,3,'WWAE-AKFE-7FNG-SMFV',NULL,1,'2012-09-26 18:16:35',8,NULL,NULL,NULL),(632,3,'NDXP-H934-3RHE-QWZ6',NULL,1,'2012-09-26 18:16:35',8,NULL,NULL,NULL),(633,3,'6FQS-WHJU-B4YC-VATT',NULL,1,'2012-09-26 18:16:35',8,NULL,NULL,NULL),(634,3,'UWCZ-9M6M-MCY6-JKH2',NULL,1,'2012-09-26 18:16:35',8,NULL,NULL,NULL),(635,3,'SD5P-JVU8-VBPE-2NJS',NULL,1,'2012-09-26 18:16:35',8,NULL,NULL,NULL),(636,3,'9E77-XPQN-BRZU-KRTC',NULL,1,'2012-09-26 18:16:35',8,NULL,NULL,NULL),(637,3,'M7W2-77NA-MH9N-GVX2',NULL,1,'2012-09-26 18:16:35',8,NULL,NULL,NULL),(638,3,'AWN3-U6CF-7K5B-G2WG',NULL,1,'2012-09-26 18:16:35',8,NULL,NULL,NULL),(639,3,'6FT9-XBPV-YKBS-C3BW',NULL,1,'2012-09-26 18:16:35',8,NULL,NULL,NULL),(640,3,'6YZB-HN8Q-M8YG-3GPB',NULL,1,'2012-09-26 18:16:35',8,NULL,NULL,NULL),(641,3,'PY57-CRVX-HWNT-4XME',NULL,1,'2012-09-26 18:16:35',8,NULL,NULL,NULL),(642,3,'VYYD-73ZK-W6A2-GMMH',NULL,1,'2012-09-26 18:16:35',8,NULL,NULL,NULL),(643,3,'K2CD-M752-4NS2-BAS9',NULL,1,'2012-09-26 18:16:35',8,NULL,NULL,NULL),(644,3,'84ZR-CJVH-44M9-Z898',NULL,1,'2012-09-26 18:16:35',8,NULL,NULL,NULL),(645,3,'5WFZ-7G36-6ZRV-JH77',NULL,1,'2012-09-26 18:16:35',8,NULL,NULL,NULL),(646,3,'5VZ2-BV66-UCMK-G9FM',NULL,1,'2012-09-26 18:16:35',8,NULL,NULL,NULL),(647,3,'W2JY-HWED-5YHX-5X7H',NULL,1,'2012-09-26 18:16:35',8,NULL,NULL,NULL),(648,3,'QD9F-TP64-8SUZ-WH8B',NULL,1,'2012-09-26 18:16:35',8,NULL,NULL,NULL),(649,3,'BGZZ-FJDR-CVVQ-GH7F',NULL,1,'2012-09-26 18:16:35',8,NULL,NULL,NULL),(650,3,'U4V7-DW6B-453E-XDGE',NULL,1,'2012-09-26 18:16:35',8,NULL,NULL,NULL),(651,3,'B7BK-ARR9-2CAS-2G75',NULL,1,'2012-09-26 18:16:35',8,NULL,NULL,NULL),(652,3,'GPR6-UXQE-KXXU-3B8U',NULL,1,'2012-09-26 18:16:35',8,NULL,NULL,NULL),(653,3,'PUQG-KYBP-K57U-R3MN',NULL,1,'2012-09-26 18:16:35',8,NULL,NULL,NULL),(654,3,'UYFJ-HD8B-S8Q5-PWCR',NULL,1,'2012-09-26 18:16:35',8,NULL,NULL,NULL),(655,3,'8G8W-WVEJ-5YVW-BYXP',NULL,1,'2012-09-26 18:16:35',8,NULL,NULL,NULL),(656,3,'SKEJ-7FUH-Y2YU-SNP9',NULL,1,'2012-09-26 18:16:35',8,NULL,NULL,NULL),(657,3,'BPH4-5VVD-D3HM-KN8F',NULL,1,'2012-09-26 18:16:35',8,NULL,NULL,NULL),(658,3,'MU2M-VAG4-X3RJ-Y35Q',NULL,1,'2012-09-26 18:16:35',8,NULL,NULL,NULL),(659,3,'NY7N-TB6Z-UCTN-BHXN',NULL,1,'2012-09-26 18:16:35',8,NULL,NULL,NULL),(660,3,'QMQ2-XD3P-4AQ2-4JKD',NULL,1,'2012-09-26 18:16:35',8,NULL,NULL,NULL),(661,3,'PKP6-QYTB-QSP8-MPEV',NULL,1,'2012-09-26 18:16:35',8,NULL,NULL,NULL),(662,3,'773Z-RWAM-VPD2-28YF',NULL,1,'2012-09-26 18:16:35',8,NULL,NULL,NULL),(663,3,'C9W6-5QTT-PKVM-NXA7',NULL,1,'2012-09-26 18:16:35',8,NULL,NULL,NULL),(664,3,'R6N5-BUUF-5XMV-PX4N',NULL,1,'2012-09-26 18:16:35',8,NULL,NULL,NULL),(665,3,'Y39V-WWSQ-6EPN-MNQ3',NULL,1,'2012-09-26 18:16:35',8,NULL,NULL,NULL),(666,3,'3BCU-C3C5-CFPS-TT86',NULL,1,'2012-09-26 18:16:35',8,NULL,NULL,NULL),(667,3,'2QQ2-J2Q2-W6DB-D2P4',NULL,1,'2012-09-26 18:16:35',8,NULL,NULL,NULL),(668,3,'9MTT-UHRB-VWK7-T2CY',NULL,1,'2012-09-26 18:16:35',8,NULL,NULL,NULL),(669,3,'XMDR-Z4UH-RQJY-QDDA',NULL,1,'2012-09-26 18:16:35',8,NULL,NULL,NULL),(670,3,'HX5R-S3RX-Q3D2-ZTC6',NULL,1,'2012-09-26 18:16:35',8,NULL,NULL,NULL),(671,3,'FWG6-WNPM-XYPG-BXBT',NULL,1,'2012-09-26 18:16:35',8,NULL,NULL,NULL),(672,3,'DRKU-ZWHU-UNZX-DAC2',NULL,1,'2012-09-26 18:16:35',8,NULL,NULL,NULL),(673,3,'MTE8-NNF9-N6SX-6NQH',NULL,1,'2012-09-26 18:16:35',8,NULL,NULL,NULL),(674,3,'8M8R-YH67-2PU2-YR49',NULL,1,'2012-09-26 18:16:35',8,NULL,NULL,NULL),(675,3,'7F8R-K2Y3-H76N-5CKB',NULL,1,'2012-09-26 18:16:35',8,NULL,NULL,NULL),(676,3,'ETGW-PX9G-R46P-PSXW',NULL,1,'2012-09-26 18:16:35',8,NULL,NULL,NULL),(677,3,'ZDY4-ZHSP-PMQR-A9VJ',NULL,1,'2012-09-26 18:16:35',8,NULL,NULL,NULL),(678,3,'WXJH-BHYF-X84H-AUSJ',NULL,1,'2012-09-26 18:16:35',8,NULL,NULL,NULL),(679,3,'PN2P-GEGK-V9ER-X5ZH',NULL,1,'2012-09-26 18:16:35',8,NULL,NULL,NULL),(680,3,'FTBY-S5GD-HPRT-3QQA',NULL,1,'2012-09-26 18:16:35',8,NULL,NULL,NULL),(681,3,'T5J9-FMN4-E646-KNZX',NULL,1,'2012-09-26 18:16:35',8,NULL,NULL,NULL),(682,3,'H38J-YWX6-TW5N-5M33',NULL,1,'2012-09-26 18:16:35',8,NULL,NULL,NULL),(683,3,'5X6R-T2QX-QD5A-D3ZC',NULL,1,'2012-09-26 18:16:35',8,NULL,NULL,NULL),(684,3,'TT8Q-HE66-WFDX-3C23',NULL,1,'2012-09-26 18:16:35',8,NULL,NULL,NULL),(685,3,'APA8-XTUR-EJD7-9WV2',NULL,1,'2012-09-26 18:16:35',8,NULL,NULL,NULL),(686,3,'FHWU-C7GQ-8KB4-ZCMF',NULL,1,'2012-09-26 18:16:35',8,NULL,NULL,NULL),(687,3,'ETTW-R936-FCQ5-V2YC',NULL,1,'2012-09-26 18:16:35',8,NULL,NULL,NULL),(688,3,'XA5U-YRR4-4DAS-52QR',NULL,1,'2012-09-26 18:16:35',8,NULL,NULL,NULL),(689,3,'7YAP-NNHN-TB7W-3WUP',NULL,1,'2012-09-26 18:16:35',8,NULL,NULL,NULL),(690,3,'R476-3FHR-HCDT-MAEF',NULL,1,'2012-09-26 18:16:35',8,NULL,NULL,NULL),(691,3,'YEFV-8NP4-9JXV-KQYG',NULL,1,'2012-09-26 18:16:35',8,NULL,NULL,NULL),(692,3,'USS6-WVQE-VDJD-HXGK',NULL,1,'2012-09-26 18:16:35',8,NULL,NULL,NULL),(693,3,'URK5-X9RU-NAMT-FUNZ',NULL,1,'2012-09-26 18:16:35',8,NULL,NULL,NULL),(694,3,'N7UF-UJ6M-H5SE-HXB5',NULL,1,'2012-09-26 18:16:35',8,NULL,NULL,NULL),(695,3,'DYWE-GTXX-TUHF-HKJP',NULL,1,'2012-09-26 18:16:35',8,NULL,NULL,NULL),(696,3,'WP77-Q5U5-PHQQ-N2DS',NULL,1,'2012-09-26 18:16:35',8,NULL,NULL,NULL),(697,3,'N49T-MBY4-8GJA-5BR3',NULL,1,'2012-09-26 18:16:35',8,NULL,NULL,NULL),(698,3,'9FFC-KDAU-4CEG-BWXY',NULL,1,'2012-09-26 18:16:35',8,NULL,NULL,NULL),(699,3,'VFM2-TEGH-4GRA-BHBR',NULL,1,'2012-09-26 18:16:35',8,NULL,NULL,NULL),(700,3,'Q7CG-V6WW-2CAP-AG4P',NULL,1,'2012-09-26 18:16:35',8,NULL,NULL,NULL),(701,3,'CVWF-ZMY3-4SY6-36V3',NULL,1,'2012-09-26 18:16:35',8,NULL,NULL,NULL),(702,3,'7P8U-8U4N-EYH5-5PBK',NULL,1,'2012-09-26 18:16:35',8,NULL,NULL,NULL),(703,3,'WDXR-QEDK-JSHU-PTM9',NULL,1,'2012-09-26 18:16:35',8,NULL,NULL,NULL),(704,3,'SNEA-BUNH-3XDD-GQBZ',NULL,1,'2012-09-26 18:16:35',8,NULL,NULL,NULL),(705,3,'G9PE-HJZM-3T7R-4BQ5',NULL,1,'2012-09-26 18:16:35',8,NULL,NULL,NULL),(706,3,'SU8H-NFGB-827E-7DAP',NULL,1,'2012-09-26 18:16:35',8,NULL,NULL,NULL),(707,3,'NPZ3-DT85-KV9P-ZRJZ',NULL,1,'2012-09-26 18:16:35',8,NULL,NULL,NULL),(708,3,'C5E2-BSRU-9PSS-4XNX',NULL,1,'2012-09-26 18:16:35',8,NULL,NULL,NULL),(709,3,'DNUE-JASE-BY59-TJT9',NULL,1,'2012-09-26 18:16:35',8,NULL,NULL,NULL),(710,3,'EN3C-KFSE-PFQW-9XJY',NULL,1,'2012-09-26 18:16:35',8,NULL,NULL,NULL),(711,3,'5ABH-UKVB-KHB8-756N',NULL,1,'2012-09-26 18:16:35',8,NULL,NULL,NULL),(712,3,'7BEM-JDA9-MJ9N-3KKC',NULL,1,'2012-09-26 18:16:35',8,NULL,NULL,NULL),(713,3,'9YFC-54M8-R3EP-XR79',NULL,1,'2012-09-26 18:16:35',8,NULL,NULL,NULL),(714,3,'7SPT-UWHF-KCS6-F2D5',NULL,1,'2012-09-26 18:16:35',8,NULL,NULL,NULL),(715,3,'XM57-KFCK-REAA-YHWH',NULL,1,'2012-09-26 18:16:35',8,NULL,NULL,NULL),(716,3,'HH9J-WFPX-B3EN-5WGR',NULL,1,'2012-09-26 18:16:35',8,NULL,NULL,NULL),(717,3,'MTK6-FK68-2CXN-DYYC',NULL,1,'2012-09-26 18:16:35',8,NULL,NULL,NULL),(718,3,'8JMG-UGE6-AUQ9-9MS3',NULL,1,'2012-09-26 18:16:35',8,NULL,NULL,NULL),(719,3,'2T5H-43Y5-D26G-9QPD',NULL,1,'2012-09-26 18:16:35',8,NULL,NULL,NULL),(720,3,'6K4M-P3DV-72H9-7VB8',NULL,1,'2012-09-26 18:16:35',8,NULL,NULL,NULL),(721,3,'7T2P-BH2Q-FHSQ-SH69',NULL,1,'2012-09-26 18:16:35',8,NULL,NULL,NULL),(722,3,'RSD5-B857-ZYY8-88FP',NULL,1,'2012-09-26 18:16:35',8,NULL,NULL,NULL),(723,3,'B3ZM-W32W-YBUX-FXSQ',NULL,1,'2012-09-26 18:16:35',8,NULL,NULL,NULL),(724,3,'TTSE-EFSP-FQXC-TQDX',NULL,1,'2012-09-26 18:16:35',8,NULL,NULL,NULL),(725,3,'TDWX-9P7V-AQF5-9YBB',NULL,1,'2012-09-26 18:16:35',8,NULL,NULL,NULL),(726,3,'NNXB-Y3PF-Q5MX-S32Q',NULL,1,'2012-09-26 18:16:35',8,NULL,NULL,NULL),(727,3,'9SU5-DR4C-3PWM-KJDK',NULL,1,'2012-09-26 18:16:35',8,NULL,NULL,NULL),(728,3,'BEV6-PWRB-228J-E6WU',NULL,1,'2012-09-26 18:16:35',8,NULL,NULL,NULL),(729,3,'UN3D-AQZU-KM6R-FRQM',NULL,1,'2012-09-26 18:16:35',8,NULL,NULL,NULL),(730,3,'Q35Y-EQA5-KY8D-BDDG',NULL,1,'2012-09-26 18:16:35',8,NULL,NULL,NULL),(731,3,'5G3G-DXKK-YS2U-6GG9',NULL,1,'2012-09-26 18:16:35',8,NULL,NULL,NULL),(732,3,'4TJB-3PQ8-DTCE-FFSM',NULL,1,'2012-09-26 18:16:35',8,NULL,NULL,NULL),(733,3,'QWS7-RSYJ-M7V4-JKYP',NULL,1,'2012-09-26 18:16:35',8,NULL,NULL,NULL),(734,3,'CKXR-PC9Y-AQXZ-4K9M',NULL,1,'2012-09-26 18:16:35',8,NULL,NULL,NULL),(735,3,'QY7C-YFA6-3SP9-RNP4',NULL,1,'2012-09-26 18:16:35',8,NULL,NULL,NULL),(736,3,'47RM-64T8-7QQ9-6K39',NULL,1,'2012-09-26 18:16:35',8,NULL,NULL,NULL),(737,3,'TKM2-TYTJ-W8UM-CQMV',NULL,1,'2012-09-26 18:16:35',8,NULL,NULL,NULL),(738,3,'XH9E-A78G-SMRY-FNR8',NULL,1,'2012-09-26 18:16:35',8,NULL,NULL,NULL),(739,3,'TGAJ-5JSR-3CQN-ZZDB',NULL,1,'2012-09-26 18:16:35',8,NULL,NULL,NULL),(740,3,'GNNX-UG6E-C44K-PW7V',NULL,1,'2012-09-26 18:16:35',8,NULL,NULL,NULL),(741,3,'WSH7-MMHP-SWVM-Z6N9',NULL,1,'2012-09-26 18:16:35',8,NULL,NULL,NULL),(742,3,'XEJX-CZHK-E2Y7-54TX',NULL,1,'2012-09-26 18:16:35',8,NULL,NULL,NULL),(743,3,'HQWK-B88M-KCED-HFU8',NULL,1,'2012-09-26 18:16:35',8,NULL,NULL,NULL),(744,3,'3RTD-YK2D-2YFW-WN6G',NULL,1,'2012-09-26 18:16:35',8,NULL,NULL,NULL),(745,3,'T3ZT-S6PX-HRPV-5Q62',NULL,1,'2012-09-26 18:16:35',8,NULL,NULL,NULL),(746,3,'HMB4-EJZH-Z53N-6984',NULL,1,'2012-09-26 18:16:35',8,NULL,NULL,NULL),(747,3,'HR23-VHGS-KT8P-M64R',NULL,1,'2012-09-26 18:16:35',8,NULL,NULL,NULL),(748,3,'N7UX-PT5B-AFVH-P528',NULL,1,'2012-09-26 18:16:35',8,NULL,NULL,NULL),(749,3,'GF49-NRR4-E5XE-8T5C',NULL,1,'2012-09-26 18:16:35',8,NULL,NULL,NULL),(750,3,'FAEA-3R32-NNZ3-4V8Q',NULL,1,'2012-09-26 18:16:35',8,NULL,NULL,NULL),(751,3,'5BJS-M5RR-VAUM-BXXN',NULL,1,'2012-09-26 18:16:35',8,NULL,NULL,NULL),(752,3,'95CS-M4VH-7SCQ-EKA5',NULL,1,'2012-09-26 18:16:35',8,NULL,NULL,NULL),(753,3,'QQDD-ERCV-7RCT-MW7W',NULL,1,'2012-09-26 18:16:35',8,NULL,NULL,NULL),(754,3,'YJ5F-KPVJ-3XG9-KC6B',NULL,1,'2012-09-26 18:16:35',8,NULL,NULL,NULL),(755,3,'6YPV-RVCN-4M2Z-S2FR',NULL,1,'2012-09-26 18:16:35',8,NULL,NULL,NULL),(756,3,'U79V-MJC7-E4XX-F7J3',NULL,1,'2012-09-26 18:16:35',8,NULL,NULL,NULL),(757,3,'V49U-9XGU-MJ9T-PG6E',NULL,1,'2012-09-26 18:16:35',8,NULL,NULL,NULL),(758,3,'S655-BT84-T8R9-PEWB',NULL,1,'2012-09-26 18:16:35',8,NULL,NULL,NULL),(759,3,'4MQU-PAS3-EKRC-8F2S',NULL,1,'2012-09-26 18:16:35',8,NULL,NULL,NULL),(760,3,'6HQK-8GRF-7EG3-D3ZC',NULL,1,'2012-09-26 18:16:35',8,NULL,NULL,NULL),(761,3,'6SYB-CP8W-8HTN-ZPD4',NULL,1,'2012-09-26 18:16:35',8,NULL,NULL,NULL),(762,3,'BJZJ-J4S3-3KYP-HHVS',NULL,1,'2012-09-26 18:16:35',8,NULL,NULL,NULL),(763,3,'5S2K-KJ4E-XPH4-YZ2R',NULL,1,'2012-09-26 18:16:35',8,NULL,NULL,NULL),(764,3,'AMWR-4B2Q-U2GV-A9JM',NULL,1,'2012-09-26 18:16:35',8,NULL,NULL,NULL),(765,3,'YQ88-EA56-FPUQ-D4BG',NULL,1,'2012-09-26 18:16:35',8,NULL,NULL,NULL),(766,3,'UEC6-R4TY-T6YT-W9HY',NULL,1,'2012-09-26 18:16:35',8,NULL,NULL,NULL),(767,3,'THPA-TYWE-BZD6-TFSW',NULL,1,'2012-09-26 18:16:35',8,NULL,NULL,NULL),(768,3,'TZCM-5FXS-PQFB-CAZP',NULL,1,'2012-09-26 18:16:35',8,NULL,NULL,NULL),(769,3,'XNBD-UJJR-GBGA-S624',NULL,1,'2012-09-26 18:16:35',8,NULL,NULL,NULL),(770,3,'XGBT-PGPY-RC4P-T4KW',NULL,1,'2012-09-26 18:16:35',8,NULL,NULL,NULL),(771,3,'CWFV-WNQZ-TY9W-YY5G',NULL,1,'2012-09-26 18:16:35',8,NULL,NULL,NULL),(772,3,'NQ8J-W95R-SF7H-9SG4',NULL,1,'2012-09-26 18:16:35',8,NULL,NULL,NULL),(773,3,'A6HW-PRS3-M45A-V832',NULL,1,'2012-09-26 18:16:35',8,NULL,NULL,NULL),(774,3,'Y27H-ATGS-9XKS-7E9G',NULL,1,'2012-09-26 18:16:35',8,NULL,NULL,NULL),(775,3,'WGNM-RRQV-X2PD-TUJQ',NULL,1,'2012-09-26 18:16:35',8,NULL,NULL,NULL),(776,3,'6CHX-NQTE-BRZ9-YAZ9',NULL,1,'2012-09-26 18:16:35',8,NULL,NULL,NULL),(777,3,'49N3-HXBT-8H56-YCNG',NULL,1,'2012-09-26 18:16:35',8,NULL,NULL,NULL),(778,3,'U8MZ-5K6G-Y7NP-XM8A',NULL,1,'2012-09-26 18:16:35',8,NULL,NULL,NULL),(779,3,'2385-MA36-YDAZ-WCSN',NULL,1,'2012-09-26 18:16:35',8,NULL,NULL,NULL),(780,3,'BJBS-SEGQ-RN3H-5B99',NULL,1,'2012-09-26 18:16:35',8,NULL,NULL,NULL),(781,3,'8EWU-7W5J-P2UQ-8QKU',NULL,1,'2012-09-26 18:16:35',8,NULL,NULL,NULL),(782,3,'E32H-C45G-PXSY-RJ8A',NULL,1,'2012-09-26 18:16:35',8,NULL,NULL,NULL),(783,3,'BN4X-HQYW-V4G4-VAGJ',NULL,1,'2012-09-26 18:16:35',8,NULL,NULL,NULL),(784,3,'CUU6-QYXJ-FFT2-765F',NULL,1,'2012-09-26 18:16:35',8,NULL,NULL,NULL),(785,3,'VU9S-NNS7-SMZD-EVAG',NULL,1,'2012-09-26 18:16:35',8,NULL,NULL,NULL),(786,3,'GPXA-DVQJ-VNHA-E2AU',NULL,1,'2012-09-26 18:16:35',8,NULL,NULL,NULL),(787,3,'BSV9-DHBH-ZVP6-FC2S',NULL,1,'2012-09-26 18:16:35',8,NULL,NULL,NULL),(788,3,'7FR8-MUEA-FEDU-J3YK',NULL,1,'2012-09-26 18:16:35',8,NULL,NULL,NULL),(789,3,'URQA-88MH-EDJA-2PA7',NULL,1,'2012-09-26 18:16:35',8,NULL,NULL,NULL),(790,3,'3DPU-4ECU-F9AX-S55W',NULL,1,'2012-09-26 18:16:35',8,NULL,NULL,NULL),(791,3,'65PQ-JXXK-CQ4H-JEQX',NULL,1,'2012-09-26 18:16:35',8,NULL,NULL,NULL),(792,3,'K23T-PBH6-58GC-C663',NULL,1,'2012-09-26 18:16:35',8,NULL,NULL,NULL),(793,3,'DSUR-XNEC-UUBT-9RQS',NULL,1,'2012-09-26 18:16:35',8,NULL,NULL,NULL),(794,3,'HWUE-GJBN-GGAN-VT5B',NULL,1,'2012-09-26 18:16:35',8,NULL,NULL,NULL),(795,3,'YZGS-7PWK-MVWA-KS9M',NULL,1,'2012-09-26 18:16:35',8,NULL,NULL,NULL),(796,3,'G54Z-FCW8-7T4W-GT3C',NULL,1,'2012-09-26 18:16:35',8,NULL,NULL,NULL),(797,3,'BB6C-52KU-7F3B-EXPG',NULL,1,'2012-09-26 18:16:35',8,NULL,NULL,NULL),(798,3,'9XVS-NA89-BWZ4-2KVU',NULL,1,'2012-09-26 18:16:35',8,NULL,NULL,NULL),(799,3,'B4ED-D7GC-N445-DZAK',NULL,1,'2012-09-26 18:16:35',8,NULL,NULL,NULL),(800,3,'R7BN-AZES-PTRG-JDPS',NULL,1,'2012-09-26 18:16:35',8,NULL,NULL,NULL),(801,3,'4N74-6NK9-UXWF-9RZ4',NULL,1,'2012-09-26 18:16:35',8,NULL,NULL,NULL),(802,3,'9CKS-ZEH6-V9JB-P39F',NULL,1,'2012-09-26 18:16:35',8,NULL,NULL,NULL),(803,3,'2BS8-2A3U-Y29D-44JQ',NULL,1,'2012-09-26 18:16:35',8,NULL,NULL,NULL),(804,3,'G977-QCYV-DG5B-TJTZ',NULL,1,'2012-09-26 18:16:35',8,NULL,NULL,NULL),(805,3,'JE42-MJ63-UHVU-2AJZ',NULL,1,'2012-09-26 18:16:35',8,NULL,NULL,NULL),(806,3,'JNVX-QTN5-TKQY-H4D3',NULL,1,'2012-09-26 18:16:35',8,NULL,NULL,NULL),(807,3,'3DRJ-367Z-N5HP-JGMW',NULL,1,'2012-09-26 18:16:35',8,NULL,NULL,NULL),(808,3,'EY9M-2TJ3-TX7G-99VV',NULL,1,'2012-09-26 18:16:35',8,NULL,NULL,NULL),(809,3,'W873-8K6V-35V7-C5ZS',NULL,1,'2012-09-26 18:16:35',8,NULL,NULL,NULL),(810,3,'3G52-629P-MKDH-ZPEJ',NULL,1,'2012-09-26 18:16:35',8,NULL,NULL,NULL),(811,3,'PWZZ-SU8P-YXYT-242J',NULL,1,'2012-09-26 18:16:35',8,NULL,NULL,NULL),(812,3,'VNQG-GZTK-4Q8N-Q9NV',NULL,1,'2012-09-26 18:16:35',8,NULL,NULL,NULL),(813,3,'4W7J-GDPS-45PX-JE79',NULL,1,'2012-09-26 18:16:35',8,NULL,NULL,NULL),(814,3,'8EZ4-EJPA-SD3R-X9HR',NULL,1,'2012-09-26 18:16:35',8,NULL,NULL,NULL),(815,3,'H8PE-ZFSN-TNTU-GZ8S',NULL,1,'2012-09-26 18:16:35',8,NULL,NULL,NULL),(816,3,'4JMM-P6ZY-HGTY-DJYA',NULL,1,'2012-09-26 18:16:35',8,NULL,NULL,NULL),(817,3,'MU3R-29TJ-JEV9-6RGW',NULL,1,'2012-09-26 18:16:35',8,NULL,NULL,NULL),(818,3,'3NBT-8CTH-3SFB-J8H5',NULL,1,'2012-09-26 18:16:35',8,NULL,NULL,NULL),(819,3,'UPMU-RRE7-74D8-G2PJ',NULL,1,'2012-09-26 18:16:35',8,NULL,NULL,NULL),(820,3,'ZK83-GXKC-4XMF-5RHP',NULL,1,'2012-09-26 18:16:35',8,NULL,NULL,NULL),(821,3,'BZX5-XWRP-XSSB-V8M5',NULL,1,'2012-09-26 18:16:35',8,NULL,NULL,NULL),(822,3,'ZZ3Z-UT3F-QWV9-HAQ7',NULL,1,'2012-09-26 18:16:35',8,NULL,NULL,NULL),(823,3,'VCQ5-D9Y6-JZHK-7ZF3',NULL,1,'2012-09-26 18:16:35',8,NULL,NULL,NULL),(824,3,'MM5V-BZGP-D4PZ-GG2G',NULL,1,'2012-09-26 18:16:35',8,NULL,NULL,NULL),(825,3,'985R-VQE2-JYKH-4ECF',NULL,1,'2012-09-26 18:16:35',8,NULL,NULL,NULL),(826,3,'688A-UQBS-TK4X-FU5M',NULL,1,'2012-09-26 18:16:35',8,NULL,NULL,NULL),(827,3,'24RP-PER2-F6VB-2KAR',NULL,1,'2012-09-26 18:16:35',8,NULL,NULL,NULL),(828,3,'PZY9-2DWX-75QJ-NRC6',NULL,1,'2012-09-26 18:16:35',8,NULL,NULL,NULL),(829,3,'4EBC-URFW-6RQF-U597',NULL,1,'2012-09-26 18:16:35',8,NULL,NULL,NULL),(830,3,'GE7B-B5E5-3M4Y-HAQN',NULL,1,'2012-09-26 18:16:35',8,NULL,NULL,NULL),(831,3,'CY4U-W5YA-AK64-V7H5',NULL,1,'2012-09-26 18:16:35',8,NULL,NULL,NULL),(832,3,'WMQ3-7HKA-VSP2-HMJT',NULL,1,'2012-09-26 18:16:35',8,NULL,NULL,NULL),(833,3,'XVT9-QB7P-2JMR-77JJ',NULL,1,'2012-09-26 18:16:35',8,NULL,NULL,NULL),(834,3,'K2PC-BWKC-KQNT-5Y2H',NULL,1,'2012-09-26 18:16:35',8,NULL,NULL,NULL),(835,3,'MXGX-SFDS-4JB3-AD5W',NULL,1,'2012-09-26 18:16:35',8,NULL,NULL,NULL),(836,3,'4JWE-E3PF-6VDS-QCX6',NULL,1,'2012-09-26 18:16:35',8,NULL,NULL,NULL),(837,3,'GMFC-H4PX-3S4F-W7NQ',NULL,1,'2012-09-26 18:16:35',8,NULL,NULL,NULL),(838,3,'ZNY9-H94M-5ER4-J233',NULL,1,'2012-09-26 18:16:35',8,NULL,NULL,NULL),(839,3,'VUMM-JBW5-49UH-JMV5',NULL,1,'2012-09-26 18:16:35',8,NULL,NULL,NULL),(840,3,'RQG5-3MQY-TWJK-Y633',NULL,1,'2012-09-26 18:16:35',8,NULL,NULL,NULL),(841,3,'3CCR-6AP6-BRXS-WJWU',NULL,1,'2012-09-26 18:16:35',8,NULL,NULL,NULL),(842,3,'RP5K-PF6D-KNDX-NABD',NULL,1,'2012-09-26 18:16:35',8,NULL,NULL,NULL),(843,3,'AWW5-DXAB-5ERQ-SV35',NULL,1,'2012-09-26 18:16:35',8,NULL,NULL,NULL),(844,3,'ZG9C-8A2S-M2TW-9T5D',NULL,1,'2012-09-26 18:16:35',8,NULL,NULL,NULL),(845,3,'VATZ-NZCD-EVEY-YQGY',NULL,1,'2012-09-26 18:16:35',8,NULL,NULL,NULL),(846,3,'NDTP-NH5H-GE7X-CJHC',NULL,1,'2012-09-26 18:16:35',8,NULL,NULL,NULL),(847,3,'GHM4-EN64-26HS-2WBJ',NULL,1,'2012-09-26 18:16:35',8,NULL,NULL,NULL),(848,3,'UJ3N-R9QA-PXCY-X4D5',NULL,1,'2012-09-26 18:16:35',8,NULL,NULL,NULL),(849,3,'XZH2-YAYN-PSVV-8VQN',NULL,1,'2012-09-26 18:16:35',8,NULL,NULL,NULL),(850,3,'FAUT-AJPK-ET8S-ECBC',NULL,1,'2012-09-26 18:16:35',8,NULL,NULL,NULL),(851,3,'R6VM-HM2P-86EK-25GM',NULL,1,'2012-09-26 18:16:35',8,NULL,NULL,NULL),(852,3,'T6JM-PE7C-QZ6N-3DZT',NULL,1,'2012-09-26 18:16:35',8,NULL,NULL,NULL),(853,3,'999X-QKR9-383B-6NWQ',NULL,1,'2012-09-26 18:16:35',8,NULL,NULL,NULL),(854,3,'SBFJ-CBUA-GNG5-S68Z',NULL,1,'2012-09-26 18:16:35',8,NULL,NULL,NULL),(855,3,'W43E-MFXP-J9S6-XTVA',NULL,1,'2012-09-26 18:16:35',8,NULL,NULL,NULL),(856,3,'Z3HK-DXPJ-USSX-NUJP',NULL,1,'2012-09-26 18:16:35',8,NULL,NULL,NULL),(857,3,'3BW9-YCT9-U6GK-E4FB',NULL,1,'2012-09-26 18:16:35',8,NULL,NULL,NULL),(858,3,'T5M4-WNF8-632T-9UZF',NULL,1,'2012-09-26 18:16:35',8,NULL,NULL,NULL),(859,3,'NBJB-AC7H-CXQD-8YZ5',NULL,1,'2012-09-26 18:16:35',8,NULL,NULL,NULL),(860,3,'CXVJ-A6BS-53ZZ-AUEQ',NULL,1,'2012-09-26 18:16:35',8,NULL,NULL,NULL),(861,3,'M694-MXNT-QKUG-MQ2U',NULL,1,'2012-09-26 18:16:35',8,NULL,NULL,NULL),(862,3,'FHD5-G7C9-NGR7-ZU4W',NULL,1,'2012-09-26 18:16:35',8,NULL,NULL,NULL),(863,3,'5SAA-FDZA-2W3H-ZDW9',NULL,1,'2012-09-26 18:16:35',8,NULL,NULL,NULL),(864,3,'KB7C-MES7-CRFH-FNUC',NULL,1,'2012-09-26 18:16:35',8,NULL,NULL,NULL),(865,3,'RJST-DGCX-9ERU-JJVR',NULL,1,'2012-09-26 18:16:35',8,NULL,NULL,NULL),(866,3,'DNHW-YU8D-56D5-K8DC',NULL,1,'2012-09-26 18:16:35',8,NULL,NULL,NULL),(867,3,'C9WX-7N4J-6BKY-6QFG',NULL,1,'2012-09-26 18:16:35',8,NULL,NULL,NULL),(868,3,'9F8S-9XAT-VJ8S-REXS',NULL,1,'2012-09-26 18:16:35',8,NULL,NULL,NULL),(869,3,'SWRH-CUD8-MDCK-ZYBT',NULL,1,'2012-09-26 18:16:35',8,NULL,NULL,NULL),(870,3,'6PXG-XVQA-PXVY-67EA',NULL,1,'2012-09-26 18:16:35',8,NULL,NULL,NULL),(871,3,'AHTG-JJRF-VR4D-CTZ3',NULL,1,'2012-09-26 18:16:35',8,NULL,NULL,NULL),(872,3,'HZDG-NEKV-4VJT-WSAV',NULL,1,'2012-09-26 18:16:35',8,NULL,NULL,NULL),(873,3,'9TWD-K8XP-N8RX-DUME',NULL,1,'2012-09-26 18:16:35',8,NULL,NULL,NULL),(874,3,'QQ32-YWEZ-NUBE-SW8Z',NULL,1,'2012-09-26 18:16:35',8,NULL,NULL,NULL),(875,3,'A7NC-UKY3-4ZF6-B7ZM',NULL,1,'2012-09-26 18:16:35',8,NULL,NULL,NULL),(876,3,'FVAE-PNQM-D9U8-7PFH',NULL,1,'2012-09-26 18:16:35',8,NULL,NULL,NULL),(877,3,'6F4X-98G9-PU6W-GSMD',NULL,1,'2012-09-26 18:16:35',8,NULL,NULL,NULL),(878,3,'2NY9-S3QT-8SSS-PEER',NULL,1,'2012-09-26 18:16:35',8,NULL,NULL,NULL),(879,3,'P25J-AV2G-34SR-P2KH',NULL,1,'2012-09-26 18:16:35',8,NULL,NULL,NULL),(880,3,'3SDS-PBYH-BERU-6HMV',NULL,1,'2012-09-26 18:16:35',8,NULL,NULL,NULL),(881,3,'F38K-VUYD-62KH-V56U',NULL,1,'2012-09-26 18:16:35',8,NULL,NULL,NULL),(882,3,'F7TK-V6GN-XUZ5-ZN9D',NULL,1,'2012-09-26 18:16:35',8,NULL,NULL,NULL),(883,3,'YKPM-2BPC-P4DD-RQBH',NULL,1,'2012-09-26 18:16:35',8,NULL,NULL,NULL),(884,3,'YHSP-NPUY-YGMX-JSCC',NULL,1,'2012-09-26 18:16:35',8,NULL,NULL,NULL),(885,3,'UDT7-CFDG-4C8T-PV9T',NULL,1,'2012-09-26 18:16:35',8,NULL,NULL,NULL),(886,3,'RC8J-XMKW-QMJM-6BNC',NULL,1,'2012-09-26 18:16:35',8,NULL,NULL,NULL),(887,3,'SJE5-UZHX-Z6P8-Q6CC',NULL,1,'2012-09-26 18:16:35',8,NULL,NULL,NULL),(888,3,'GXT6-TYY6-RKH8-DBJD',NULL,1,'2012-09-26 18:16:35',8,NULL,NULL,NULL),(889,3,'5DZN-W7EH-27DC-NSBT',NULL,1,'2012-09-26 18:16:35',8,NULL,NULL,NULL),(890,3,'BBZB-BDF8-NMK6-NG77',NULL,1,'2012-09-26 18:16:35',8,NULL,NULL,NULL),(891,3,'U3M4-B3WK-639X-6JDZ',NULL,1,'2012-09-26 18:16:35',8,NULL,NULL,NULL),(892,3,'M9DV-WF9Y-DQ3J-ZB74',NULL,1,'2012-09-26 18:16:35',8,NULL,NULL,NULL),(893,3,'VENM-XGPB-84GZ-TWVZ',NULL,1,'2012-09-26 18:16:35',8,NULL,NULL,NULL),(894,3,'J2VU-CZMP-7UAF-DVQ5',NULL,1,'2012-09-26 18:16:35',8,NULL,NULL,NULL),(895,3,'3UW4-CZ3M-MM4E-EQTP',NULL,1,'2012-09-26 18:16:35',8,NULL,NULL,NULL),(896,3,'H99M-AZDF-JPQ5-3DA2',NULL,1,'2012-09-26 18:16:35',8,NULL,NULL,NULL),(897,3,'UG9Z-ZP4Z-CKD8-KKHC',NULL,1,'2012-09-26 18:16:35',8,NULL,NULL,NULL),(898,3,'PBK3-BH2G-2F62-YHYJ',NULL,1,'2012-09-26 18:16:35',8,NULL,NULL,NULL),(899,3,'PTW7-SAW6-GDQZ-3RCQ',NULL,1,'2012-09-26 18:16:35',8,NULL,NULL,NULL),(900,3,'G6ZR-UZC6-VXTZ-RHB4',NULL,1,'2012-09-26 18:16:35',8,NULL,NULL,NULL),(901,3,'8S6J-JVBH-WWK3-7U4B',NULL,1,'2012-09-26 18:16:35',8,NULL,NULL,NULL),(902,3,'47N8-B8ZT-54KS-TGGP',NULL,1,'2012-09-26 18:16:35',8,NULL,NULL,NULL),(903,3,'JQH6-9ZW5-YM9S-H2PJ',NULL,1,'2012-09-26 18:16:35',8,NULL,NULL,NULL),(904,3,'6PSB-TD6R-MBAU-RCHU',NULL,1,'2012-09-26 18:16:35',8,NULL,NULL,NULL),(905,3,'VYZN-4ZHS-ANWX-ET2D',NULL,1,'2012-09-26 18:16:35',8,NULL,NULL,NULL),(906,3,'A3CR-NXCJ-68UQ-X7YF',NULL,1,'2012-09-26 18:16:35',8,NULL,NULL,NULL),(907,3,'XC8A-9QMZ-QQ64-THFX',NULL,1,'2012-09-26 18:16:35',8,NULL,NULL,NULL),(908,3,'Y76E-NBME-9NK7-CCPX',NULL,1,'2012-09-26 18:16:35',8,NULL,NULL,NULL),(909,3,'YMAK-YEF4-UTZK-EP9X',NULL,1,'2012-09-26 18:16:35',8,NULL,NULL,NULL),(910,3,'JNMR-MMZZ-TUBG-TTHW',NULL,1,'2012-09-26 18:16:35',8,NULL,NULL,NULL),(911,3,'7ZB7-RYPV-W2ZW-4KSE',NULL,1,'2012-09-26 18:16:35',8,NULL,NULL,NULL),(912,3,'NCZ8-95D5-6YEA-WNR7',NULL,1,'2012-09-26 18:16:35',8,NULL,NULL,NULL),(913,3,'JWWG-CXBQ-F8PY-P83G',NULL,1,'2012-09-26 18:16:35',8,NULL,NULL,NULL),(914,3,'W3MH-M3ZC-NTXZ-YURK',NULL,1,'2012-09-26 18:16:35',8,NULL,NULL,NULL),(915,3,'GSJD-72CQ-9UUQ-MSN4',NULL,1,'2012-09-26 18:16:35',8,NULL,NULL,NULL),(916,3,'WFFZ-6J5G-CW9D-TQ7P',NULL,1,'2012-09-26 18:16:35',8,NULL,NULL,NULL),(917,3,'FNRV-V93A-MFZK-9N4Q',NULL,1,'2012-09-26 18:16:35',8,NULL,NULL,NULL),(918,3,'RC52-MRGY-YTZM-KZ4U',NULL,1,'2012-09-26 18:16:35',8,NULL,NULL,NULL),(919,3,'CAXW-K3TB-B5GR-VFE9',NULL,1,'2012-09-26 18:16:35',8,NULL,NULL,NULL),(920,3,'6DHP-4FRC-HTMS-8HUT',NULL,1,'2012-09-26 18:16:35',8,NULL,NULL,NULL),(921,3,'HTBN-72MU-C2RA-6HRT',NULL,1,'2012-09-26 18:16:35',8,NULL,NULL,NULL),(922,3,'CZTG-SFS8-JPWU-FVYJ',NULL,1,'2012-09-26 18:16:35',8,NULL,NULL,NULL),(923,3,'JD85-2EFH-D9QJ-MMXP',NULL,1,'2012-09-26 18:16:35',8,NULL,NULL,NULL),(924,3,'9PNN-ZHYT-E7H6-TKKF',NULL,1,'2012-09-26 18:16:35',8,NULL,NULL,NULL),(925,3,'597D-HRXG-ZN2P-NWVS',NULL,1,'2012-09-26 18:16:35',8,NULL,NULL,NULL),(926,3,'9XBD-N4Y6-3A5M-9RES',NULL,1,'2012-09-26 18:16:35',8,NULL,NULL,NULL),(927,3,'XKTQ-HPPS-CZDK-GU4J',NULL,1,'2012-09-26 18:16:35',8,NULL,NULL,NULL),(928,3,'7JBD-SX8W-7NNA-NW5U',NULL,1,'2012-09-26 18:16:35',8,NULL,NULL,NULL),(929,3,'T9MA-XSAD-4N6S-68UM',NULL,1,'2012-09-26 18:16:35',8,NULL,NULL,NULL),(930,3,'BRY5-KQYW-32PC-WS53',NULL,1,'2012-09-26 18:16:35',8,NULL,NULL,NULL),(931,3,'VSDH-DGKQ-YAB6-W9EE',NULL,1,'2012-09-26 18:16:35',8,NULL,NULL,NULL),(932,3,'Q53D-D2S5-5YUK-BFMH',NULL,1,'2012-09-26 18:16:35',8,NULL,NULL,NULL),(933,3,'CXQ6-6JGC-FK7D-TGP8',NULL,1,'2012-09-26 18:16:35',8,NULL,NULL,NULL),(934,3,'PM8Y-74CD-C6EQ-KBAX',NULL,1,'2012-09-26 18:16:35',8,NULL,NULL,NULL),(935,3,'85HJ-PD5J-AUMR-JNWN',NULL,1,'2012-09-26 18:16:35',8,NULL,NULL,NULL),(936,3,'UR8N-X5DV-VF5U-F4MX',NULL,1,'2012-09-26 18:16:35',8,NULL,NULL,NULL),(937,3,'V6H3-TMYJ-UX3Y-QWD3',NULL,1,'2012-09-26 18:16:35',8,NULL,NULL,NULL),(938,3,'GBTZ-ACRH-C8S5-WZVN',NULL,1,'2012-09-26 18:16:35',8,NULL,NULL,NULL),(939,3,'HDS8-C3MW-6H8V-HMSJ',NULL,1,'2012-09-26 18:16:35',8,NULL,NULL,NULL),(940,3,'XVD3-4DG9-6WEG-M9PF',NULL,1,'2012-09-26 18:16:35',8,NULL,NULL,NULL),(941,3,'WGMG-JZUK-HFVV-DBF7',NULL,1,'2012-09-26 18:16:35',8,NULL,NULL,NULL),(942,3,'2BQ9-9ZHQ-VGP6-7ASZ',NULL,1,'2012-09-26 18:16:35',8,NULL,NULL,NULL),(943,3,'7PW6-2JE2-TD8V-NADT',NULL,1,'2012-09-26 18:16:35',8,NULL,NULL,NULL),(944,3,'XJQP-Z22N-8YKY-6QEY',NULL,1,'2012-09-26 18:16:35',8,NULL,NULL,NULL),(945,3,'3SBM-EFG9-QE39-B46A',NULL,1,'2012-09-26 18:16:35',8,NULL,NULL,NULL),(946,3,'DJ96-76JM-3W6C-T7VC',NULL,1,'2012-09-26 18:16:35',8,NULL,NULL,NULL),(947,3,'6RJ4-VZ23-9RDY-BXJ6',NULL,1,'2012-09-26 18:16:35',8,NULL,NULL,NULL),(948,3,'RQPK-6AF4-39PJ-B94N',NULL,1,'2012-09-26 18:16:35',8,NULL,NULL,NULL),(949,3,'8P4W-JSTJ-6B6J-B57E',NULL,1,'2012-09-26 18:16:35',8,NULL,NULL,NULL),(950,3,'RJD7-DC7V-VJ6D-A5AJ',NULL,1,'2012-09-26 18:16:35',8,NULL,NULL,NULL),(951,3,'N26P-47FT-PV9T-JAQ8',NULL,1,'2012-09-26 18:16:35',8,NULL,NULL,NULL),(952,3,'DMRD-KG5H-AWMD-JUHB',NULL,1,'2012-09-26 18:16:35',8,NULL,NULL,NULL),(953,3,'JQMK-J4C9-ZFHP-BSDB',NULL,1,'2012-09-26 18:16:35',8,NULL,NULL,NULL),(954,3,'GTW8-VBSH-BV9A-CF64',NULL,1,'2012-09-26 18:16:35',8,NULL,NULL,NULL),(955,3,'92DE-KHAW-DF8P-HNFC',NULL,1,'2012-09-26 18:16:35',8,NULL,NULL,NULL),(956,3,'3G58-3CK8-3DAR-6CBD',NULL,1,'2012-09-26 18:16:35',8,NULL,NULL,NULL),(957,3,'4ZKA-NCNF-SYV3-HG66',NULL,1,'2012-09-26 18:16:35',8,NULL,NULL,NULL),(958,3,'GXRW-KDPJ-RXX2-GTM5',NULL,1,'2012-09-26 18:16:35',8,NULL,NULL,NULL),(959,3,'KSCF-TJSD-EXWA-K8VJ',NULL,1,'2012-09-26 18:16:35',8,NULL,NULL,NULL),(960,3,'3PGA-CKHA-GR8U-BQJR',NULL,1,'2012-09-26 18:16:35',8,NULL,NULL,NULL),(961,3,'CCDK-XEV6-W483-JX9X',NULL,1,'2012-09-26 18:16:35',8,NULL,NULL,NULL),(962,3,'SCM9-PG78-NVNN-GEN3',NULL,1,'2012-09-26 18:16:35',8,NULL,NULL,NULL),(963,3,'D93N-ZT45-83SA-WC2S',NULL,1,'2012-09-26 18:16:35',8,NULL,NULL,NULL),(964,3,'52UW-9WXK-UNJY-YWYV',NULL,1,'2012-09-26 18:16:35',8,NULL,NULL,NULL),(965,3,'DUJH-XAGS-JH7N-4BV7',NULL,1,'2012-09-26 18:16:35',8,NULL,NULL,NULL),(966,3,'N52Q-N5WY-3D8Q-RCDY',NULL,1,'2012-09-26 18:16:35',8,NULL,NULL,NULL),(967,3,'A4DW-N88U-VKX2-BH2X',NULL,1,'2012-09-26 18:16:35',8,NULL,NULL,NULL),(968,3,'CNEE-DQ85-NZS9-4VR7',NULL,1,'2012-09-26 18:16:35',8,NULL,NULL,NULL),(969,3,'XQBG-H4F9-96TW-Z9KW',NULL,1,'2012-09-26 18:16:35',8,NULL,NULL,NULL),(970,3,'YHRD-ECDN-ZQ43-TTD8',NULL,1,'2012-09-26 18:16:35',8,NULL,NULL,NULL),(971,3,'H9HX-FPSZ-QEP2-YFWQ',NULL,1,'2012-09-26 18:16:35',8,NULL,NULL,NULL),(972,3,'JHJS-RKZC-FK8V-5TC9',NULL,1,'2012-09-26 18:16:35',8,NULL,NULL,NULL),(973,3,'XXJT-9Q5A-TV74-XBSW',NULL,1,'2012-09-26 18:16:35',8,NULL,NULL,NULL),(974,3,'R8T9-PHBC-5DTZ-86FM',NULL,1,'2012-09-26 18:16:35',8,NULL,NULL,NULL),(975,3,'VGGE-ZCNQ-JEFU-79ES',NULL,1,'2012-09-26 18:16:35',8,NULL,NULL,NULL),(976,3,'SZKR-CVEN-MTQZ-G8X8',NULL,1,'2012-09-26 18:16:35',8,NULL,NULL,NULL),(977,3,'HE2W-8KBZ-5CQG-2QNK',NULL,1,'2012-09-26 18:16:35',8,NULL,NULL,NULL),(978,3,'BPDS-VXCW-PQ8D-NH8J',NULL,1,'2012-09-26 18:16:35',8,NULL,NULL,NULL),(979,3,'K684-5ZW4-J3R4-76Y7',NULL,1,'2012-09-26 18:16:35',8,NULL,NULL,NULL),(980,3,'K4VB-EVKG-U737-AQ8S',NULL,1,'2012-09-26 18:16:35',8,NULL,NULL,NULL),(981,3,'ECSA-NV32-7RDR-YBNH',NULL,1,'2012-09-26 18:16:35',8,NULL,NULL,NULL),(982,3,'BP4A-5UJ8-7RZ7-5ZWM',NULL,1,'2012-09-26 18:16:35',8,NULL,NULL,NULL),(983,3,'25PE-2ZW4-VDKC-37XK',NULL,1,'2012-09-26 18:16:35',8,NULL,NULL,NULL),(984,3,'U6U8-2YPN-JMNY-Q2X7',NULL,1,'2012-09-26 18:16:35',8,NULL,NULL,NULL),(985,3,'4DER-JSXA-PAXG-CJF3',NULL,1,'2012-09-26 18:16:35',8,NULL,NULL,NULL),(986,3,'ABXK-RATH-2PJW-WK4D',NULL,1,'2012-09-26 18:16:35',8,NULL,NULL,NULL),(987,3,'9AFV-WQSB-AJZ6-GHEF',NULL,1,'2012-09-26 18:16:35',8,NULL,NULL,NULL),(988,3,'YW6B-QG55-7VAB-VC8R',NULL,1,'2012-09-26 18:16:35',8,NULL,NULL,NULL),(989,3,'EAZP-XFW9-A6KY-TC4T',NULL,1,'2012-09-26 18:16:35',8,NULL,NULL,NULL),(990,3,'MNB2-8ZN6-VBQQ-FNA9',NULL,1,'2012-09-26 18:16:35',8,NULL,NULL,NULL),(991,3,'VXWF-HRWZ-RRE2-ZC3R',NULL,1,'2012-09-26 18:16:35',8,NULL,NULL,NULL),(992,3,'28X7-J57W-74NP-3W98',NULL,1,'2012-09-26 18:16:35',8,NULL,NULL,NULL),(993,3,'FAF6-UV5V-PTVP-47BC',NULL,1,'2012-09-26 18:16:35',8,NULL,NULL,NULL),(994,3,'D673-GBSY-HNA4-BKMM',NULL,1,'2012-09-26 18:16:35',8,NULL,NULL,NULL),(995,3,'YCYR-MRMZ-MPZZ-8ACY',NULL,1,'2012-09-26 18:16:35',8,NULL,NULL,NULL),(996,3,'6YTU-DY3E-WXNE-UW9X',NULL,1,'2012-09-26 18:16:35',8,NULL,NULL,NULL),(997,3,'NFAT-6Y9K-9V42-DJB8',NULL,1,'2012-09-26 18:16:35',8,NULL,NULL,NULL),(998,3,'3MTG-FH4Q-UWDJ-MR6H',NULL,1,'2012-09-26 18:16:35',8,NULL,NULL,NULL),(999,3,'7X5X-WZAC-MXRV-HXKV',NULL,1,'2012-09-26 18:16:35',8,NULL,NULL,NULL),(1000,3,'PDJC-W8BR-XNAC-W8D9',NULL,1,'2012-09-26 18:16:35',8,NULL,NULL,NULL),(1001,3,'KZN5-MC5C-38F5-55UX',NULL,1,'2012-09-26 18:16:35',8,NULL,NULL,NULL),(1002,3,'4NM6-T5SA-DHWN-M5DF',NULL,1,'2012-09-26 18:16:35',8,NULL,NULL,NULL),(1003,3,'THZW-B4K2-H23H-6URU',NULL,1,'2012-09-26 18:16:35',8,NULL,NULL,NULL),(1004,3,'8AKU-DY2K-QJP2-X23H',NULL,1,'2012-09-26 18:16:35',8,NULL,NULL,NULL),(1005,3,'9PFJ-JG5A-47UT-DRB9',NULL,1,'2012-09-26 18:16:35',8,NULL,NULL,NULL),(1006,3,'9UKU-SE56-CZ6S-Q33Z',NULL,1,'2012-09-26 18:16:35',8,NULL,NULL,NULL),(1007,3,'2C2E-AUWS-HU5U-6MDP',NULL,1,'2012-09-26 18:16:35',8,NULL,NULL,NULL),(1008,3,'JVJG-GSP3-VK3U-BGMB',NULL,1,'2012-09-26 18:16:35',8,NULL,NULL,NULL),(1009,3,'S4KS-VRCM-JZGT-FGVN',NULL,1,'2012-09-26 18:16:35',8,NULL,NULL,NULL),(1010,3,'U8EK-363V-JCJV-HSNQ',NULL,1,'2012-09-26 18:16:35',8,NULL,NULL,NULL),(1011,3,'7FVT-6CNP-CZJ2-RA7A',NULL,1,'2012-09-26 18:16:35',8,NULL,NULL,NULL),(1012,3,'YMWE-E5HV-UJMA-8MBJ',NULL,1,'2012-09-26 18:16:35',8,NULL,NULL,NULL),(1013,3,'52GJ-2FJP-7X2D-FJY3',NULL,1,'2012-09-26 18:16:35',8,NULL,NULL,NULL),(1014,3,'JZGQ-FTBS-D66H-9QHG',NULL,1,'2012-09-26 18:16:35',8,NULL,NULL,NULL),(1015,3,'83N9-AJB6-X4NN-ATW6',NULL,1,'2012-09-26 18:16:35',8,NULL,NULL,NULL),(1016,3,'YBSA-54GB-JJN8-ZJKY',NULL,1,'2012-09-26 18:16:35',8,NULL,NULL,NULL),(1017,3,'KCND-SN2Z-TXH3-HFCB',NULL,1,'2012-09-26 18:16:35',8,NULL,NULL,NULL),(1018,3,'CRKP-39PM-ETN5-Q9AR',NULL,1,'2012-09-26 18:16:35',8,NULL,NULL,NULL),(1019,3,'Y64E-7WWU-8VRF-V52S',NULL,1,'2012-09-26 18:16:35',8,NULL,NULL,NULL),(1020,3,'GATY-VFH9-JK25-QDT2',NULL,1,'2012-09-26 18:16:35',8,NULL,NULL,NULL),(1021,3,'9D4K-KGJZ-42Q5-BC39',NULL,1,'2012-09-26 18:24:55',8,NULL,NULL,NULL),(1022,3,'TY3N-ABS7-E2YP-RSXR',NULL,1,'2012-09-26 18:24:55',8,NULL,NULL,NULL);
/*!40000 ALTER TABLE `bmc_trx_023` ENABLE KEYS */;
UNLOCK TABLES;

--
-- Table structure for table `bmc_trx_024`
--

DROP TABLE IF EXISTS `bmc_trx_024`;
/*!40101 SET @saved_cs_client     = @@character_set_client */;
/*!40101 SET character_set_client = utf8 */;
CREATE TABLE `bmc_trx_024` (
  `id` int(11) NOT NULL AUTO_INCREMENT,
  `TRX_021_id` int(11) NOT NULL,
  `file_supporting_no` smallint(6) NOT NULL,
  `file_supporting_type` varchar(10) NOT NULL,
  `file_name` varchar(45) NOT NULL,
  `created_date` datetime NOT NULL,
  `created_by` int(11) NOT NULL,
  `update_date` datetime DEFAULT NULL,
  `update_by` int(11) DEFAULT NULL,
  `deleted_date` varchar(45) DEFAULT NULL,
  PRIMARY KEY (`id`)
) ENGINE=InnoDB DEFAULT CHARSET=latin1 COLLATE=latin1_swedish_ci;
/*!40101 SET character_set_client = @saved_cs_client */;

--
-- Dumping data for table `bmc_trx_024`
--

LOCK TABLES `bmc_trx_024` WRITE;
/*!40000 ALTER TABLE `bmc_trx_024` DISABLE KEYS */;
/*!40000 ALTER TABLE `bmc_trx_024` ENABLE KEYS */;
UNLOCK TABLES;
/*!40103 SET TIME_ZONE=@OLD_TIME_ZONE */;

/*!40101 SET SQL_MODE=@OLD_SQL_MODE */;
/*!40014 SET FOREIGN_KEY_CHECKS=@OLD_FOREIGN_KEY_CHECKS */;
/*!40014 SET UNIQUE_CHECKS=@OLD_UNIQUE_CHECKS */;
/*!40101 SET CHARACTER_SET_CLIENT=@OLD_CHARACTER_SET_CLIENT */;
/*!40101 SET CHARACTER_SET_RESULTS=@OLD_CHARACTER_SET_RESULTS */;
/*!40101 SET COLLATION_CONNECTION=@OLD_COLLATION_CONNECTION */;
/*!40111 SET SQL_NOTES=@OLD_SQL_NOTES */;

-- Dump completed on 2024-07-03  4:53:23
