--
-- Host: localhost    Database: fmedia_cdf
-- ------------------------------------------------------


--
-- Table structure for table `adm_log_admin`
--

CREATE TABLE `adm_log_admin` (
  `id` bigint(20) NOT NULL AUTO_INCREMENT,
  `idpage` int(11) NOT NULL,
  `nmpage` varchar(250) NOT NULL,
  `nmfile` varchar(100) NOT NULL,
  `user` varchar(100) NOT NULL,
  `waktu` datetime NOT NULL,
  `keterangan` text NOT NULL,
  `value_baru` longtext NOT NULL,
  `value_lama` longtext NOT NULL,
  PRIMARY KEY (`id`)
) ENGINE=MyISAM DEFAULT CHARSET=latin1 COLLATE=latin1_swedish_ci;

--
-- Dumping data for table `adm_log_admin`
--


--
-- Table structure for table `adm_useradmin_akses`
--

CREATE TABLE `adm_useradmin_akses` (
  `iduser` varchar(25) NOT NULL,
  `idpage` varchar(5) NOT NULL
) ENGINE=MyISAM DEFAULT CHARSET=latin1 COLLATE=latin1_swedish_ci;

--
-- Dumping data for table `adm_useradmin_akses`
--

INSERT INTO `adm_useradmin_akses` VALUES ('wenny','7'),('wenny','6'),('wenny','5'),('wenny','4'),('wenny','3'),('wenny','2'),('wenny','1'),('amir123','1'),('amir123','2'),('amir123','3'),('amir123','4'),('amir123','5'),('amir123','6'),('amir123','7'),('Astri','2'),('Astri','1'),('Astri','3'),('Astri','4'),('Astri','5'),('Astri','6'),('Astri','7');

--
-- Table structure for table `adm_useradmin_page`
--

CREATE TABLE `adm_useradmin_page` (
  `id` int(11) NOT NULL AUTO_INCREMENT,
  `kat` varchar(3) NOT NULL,
  `judul` varchar(100) NOT NULL,
  `nmfile` varchar(100) NOT NULL,
  PRIMARY KEY (`id`)
) ENGINE=MyISAM AUTO_INCREMENT=8 DEFAULT CHARSET=latin1 COLLATE=latin1_swedish_ci;

--
-- Dumping data for table `adm_useradmin_page`
--

INSERT INTO `adm_useradmin_page` VALUES (1,'0','Tentang Kami','tentang.php'),(2,'0','Salam','salam.php'),(3,'0','Sejarah','sejarah.php'),(4,'0','Visi Misi','visimisi.php'),(5,'0','Capability','capability.php'),(6,'0','Layanan','layanan.php'),(7,'0','Kontak','kontak.php');

--
-- Table structure for table `bahasa`
--

CREATE TABLE `bahasa` (
  `id` int(11) NOT NULL AUTO_INCREMENT,
  `indonesia` varchar(200) CHARACTER SET utf8 COLLATE utf8_general_ci NOT NULL,
  `jepang` varchar(200) CHARACTER SET utf8 COLLATE utf8_general_ci NOT NULL,
  `arab` varchar(200) CHARACTER SET utf8 COLLATE utf8_general_ci NOT NULL,
  `korea` varchar(200) CHARACTER SET utf8 COLLATE utf8_general_ci NOT NULL,
  PRIMARY KEY (`id`)
) ENGINE=InnoDB AUTO_INCREMENT=3 DEFAULT CHARSET=latin1 COLLATE=latin1_swedish_ci;

--
-- Dumping data for table `bahasa`
--

INSERT INTO `bahasa` VALUES (1,'selamat datang','ありがとう','ترحيب','환영'),(2,'selamat pagi','おはよう','좋은 아침','صباح الخير');

--
-- Table structure for table `cdf_pageinfo`
--

CREATE TABLE `cdf_pageinfo` (
  `id` int(11) NOT NULL AUTO_INCREMENT,
  `kat` varchar(1) NOT NULL,
  `nama_1` varchar(100) NOT NULL,
  `nama_2` varchar(100) NOT NULL,
  `isi_1` longtext NOT NULL,
  `isi_2` longtext NOT NULL,
  `gb` varchar(150) NOT NULL,
  PRIMARY KEY (`id`)
) ENGINE=MyISAM AUTO_INCREMENT=93562 DEFAULT CHARSET=latin1 COLLATE=latin1_swedish_ci;

--
-- Dumping data for table `cdf_pageinfo`
--

INSERT INTO `cdf_pageinfo` VALUES (33868,'','second','detik','<p>1 second</p>\r\n','<p>1 detik</p>\r\n','1'),(93561,'','asdasdasdasd','asdasdasda','<p>dasdas</p>\r\n','<p>dasdasdasdasdasd</p>\r\n','1');

--
-- Table structure for table `cdf_pageutama`
--

CREATE TABLE `cdf_pageutama` (
  `id` int(11) NOT NULL AUTO_INCREMENT,
  `kat` varchar(1) NOT NULL DEFAULT '0',
  `nama_1` varchar(100) NOT NULL,
  `nama_2` varchar(100) CHARACTER SET utf8 COLLATE utf8_general_ci NOT NULL,
  `isi_1` longtext NOT NULL,
  `isi_2` longtext CHARACTER SET utf8 COLLATE utf8_general_ci NOT NULL,
  `gb` varchar(150) NOT NULL,
  PRIMARY KEY (`id`)
) ENGINE=MyISAM AUTO_INCREMENT=90925 DEFAULT CHARSET=latin1 COLLATE=latin1_swedish_ci;

--
-- Dumping data for table `cdf_pageutama`
--

INSERT INTO `cdf_pageutama` VALUES (1,'0','Home','Halaman Utama','lorem ipsum lah inggris','lorem ipsum lah indonesia atau yang lainnya','1'),(2,'0','About Us','Tentang Kami','','','1'),(3,'2','Greetings','その間、私たちが日頃利用するツーSalam dari kami','Welcome to PT. Cedefindo, one of Indonesia&rsquo;s well-respected cosmetic contract manufacturing companies.<br />\r\n<br />\r\nSince the very beginning PT. Cedefindo has been committed to serving each and every one of our clients with only the very best services possible and continuously improving every aspect of our services to meet clients&rsquo; specifications.<br />\r\n<br />\r\nPT. Cedefindo is proud with every acknowledgement and certification received over the following years, but even more we are so blessed with our clients&rsquo; high satisfaction level as we are putting our team as their partner<br />\r\n<br />\r\nLastly, on behalf of PT. Cedefindo we would like to express our sincere gratitude for your kind visit to our website. Hopefully you will find any information you need in regards to our services. Should there be any further questions or comments, please do not hesitate to contact us. We look forward to working with you in the near future.<br />\r\n<br />\r\nVery truly yours,<br />\r\n<br />\r\nKunto W. Widarto<br />\r\nPresident Director','Cedefindoは、1981年に設立された西ジャワに拠点を置く大手インドネシアの化粧品メーカーです。国内外で化粧品のビッグネームとのビジネスの経験を活かし、 Martha  Tilaarグループの一員として、国内外で化粧品、ボディケア、スキンケア、ヘアケア、フレグランスなどの幅広い生産機能を提供しております。 Cedefindoの豊富なプロジェクト&bull;ポートフォリオは、同社に多様な化粧品を提供やODMにコンセプトから商品の実現とブランド価値の向上を生み出 すためのガイダンスの提供を含みます。\r\n<p>弊社のサービスポートフォリオは、化粧品の製造からさらにプロダクト・クリエイション・ プロセス全てとCedefindoのトータル・マニュファクチャリング・ソリューション・プロバイダーとしてとしての社会的評価を高めるまでの、補完的な サービス全ての経験から得た専門知識により進化してきました。全てのお客様向けにサービス・パッケージをお仕立てし、フォーミュラの開発、原材料調達、包 装、重点、および登録サービスを提供しています。</p>\r\n<p>弊社のサービスは国内と海外の規制に遵守した厳正な品質管理基準と製品製造基準に準拠し ております。今まで、Cedefindoは2008年にISO9001とアメリカ食品医薬品局による医薬品等の製造品質管理基準（GMP）を取得。現在 は、お客様の商品のより迅速な国際市場へのアクセスを実現するために、ハラール（イスラム法による食品の調理や加工のルール）や他の証書を取得を進めてお ります。</p>','1'),(4,'2','History','Sejarah','<table border=\"0\" cellpadding=\"2\" cellspacing=\"0\" style=\"width:100%\">\r\n	<tbody>\r\n		<tr>\r\n			<td>1981</td>\r\n			<td>-</td>\r\n			<td>PT. CeDeF Indo was established as an agent &amp; distributor of French cosmetics such as, Lancome, Drakkar, etc.</td>\r\n		</tr>\r\n		<tr>\r\n			<td>1988</td>\r\n			<td>-</td>\r\n			<td>PT CeDeF Indo opened its first factory at Jalan Raya Narogong Km.4, Bekasi. The opening ceremony was officially inaugurated by Minister of Labour (Mr. Soedomo) and Minister of Industry (Mr. Hartarto).</td>\r\n		</tr>\r\n		<tr>\r\n			<td>1989</td>\r\n			<td>-</td>\r\n			<td>PT CeDeF Indo changed its name to PT. Cedefindo and serve as an independent cosmetics contract manufacturer until today.</td>\r\n		</tr>\r\n		<tr>\r\n			<td>1999</td>\r\n			<td>-</td>\r\n			<td>PT Cedefindo officially became part of Martha Tilaar Group.</td>\r\n		</tr>\r\n		<tr>\r\n			<td>2000</td>\r\n			<td>-</td>\r\n			<td>PT Cedefindo received ISO 9001 certificate for quality management.</td>\r\n		</tr>\r\n		<tr>\r\n			<td>2002</td>\r\n			<td>-</td>\r\n			<td>PT Cedefindo received GMP (CPKB) certificate from BPOM.</td>\r\n		</tr>\r\n		<tr>\r\n			<td>2013</td>\r\n			<td>-</td>\r\n			<td>PT Cedefindo opened its first dedicated herbal production facility.</td>\r\n		</tr>\r\n	</tbody>\r\n</table>\r\n','<p>その間、私たちが日頃利用するツールはパソコンからスマートフォンへと移行し、情報を得るきっかけも検索からコミュニケーションやソーシャルメディアへと変化してきています。この変化の中、ユーザーの皆様にとって便利で役立つサービスを目指して様々なサービス創りを続けた結果、国内最大級のキュレーションサービス「NAVERまとめ」や、世界中で利用されるようになった「LINE」を生み出すことができました。</p>\r\n\r\n<table border=\"0\" cellpadding=\"2\" cellspacing=\"0\" style=\"width:100%\">\r\n	<tbody>\r\n		<tr>\r\n			<td>1981</td>\r\n			<td>-</td>\r\n			<td>PT. CeDeF Indo was established as an agent &amp; distributor of French cosmetics such as, Lancome, Drakkar, etc.</td>\r\n		</tr>\r\n		<tr>\r\n			<td>1988</td>\r\n			<td>-</td>\r\n			<td>PT CeDeF Indo opened its first factory at Jalan Raya Narogong Km.4, Bekasi. The opening ceremony was officially inaugurated by Minister of Labour (Mr. Soedomo) and Minister of Industry (Mr. Hartarto).</td>\r\n		</tr>\r\n		<tr>\r\n			<td>1989</td>\r\n			<td>-</td>\r\n			<td>PT CeDeF Indo changed its name to PT. Cedefindo and serve as an independent cosmetics contract manufacturer until today.</td>\r\n		</tr>\r\n		<tr>\r\n			<td>1999</td>\r\n			<td>-</td>\r\n			<td>PT Cedefindo officially became part of Martha Tilaar Group.</td>\r\n		</tr>\r\n		<tr>\r\n			<td>2000</td>\r\n			<td>-</td>\r\n			<td>PT Cedefindo received ISO 9001 certificate for quality management.</td>\r\n		</tr>\r\n		<tr>\r\n			<td>2002</td>\r\n			<td>-</td>\r\n			<td>PT Cedefindo received GMP (CPKB) certificate from BPOM.</td>\r\n		</tr>\r\n		<tr>\r\n			<td>2013</td>\r\n			<td>-</td>\r\n			<td>PT Cedefindo opened its first dedicated herbal production facility.</td>\r\n		</tr>\r\n	</tbody>\r\n</table>\r\n','1'),(5,'2','Vision & Mission','Visi & Misi','<strong>Vision</strong><br>\r\n      To become one of the world&rsquo;s leading contract manufacturers for cosmetics and herbal products, through the application of modern technology as a means of adding value to the clients.\r\n      <p><strong>Mission</strong><br>\r\n    To develop and produce cosmetics and herbal products that conform to the international quality standards in order to fulfill clients\' satisfaction.</p>','その間、私たちが日頃利用するツールはパソコンからスマートフォンへと移行し、情報を得るきっかけも検索からコミュニケーションやソーシャルメディアへと変化してきています。この変化の中、ユーザーの皆様にとって便利で役立つサービスを目指して様々なサービス創りを続けた結果、国内最大級のキュレーションサービス「NAVERまとめ」や、世界中で利用されるようになった「LINE」を生み出すことができました。<br><strong>Vision</strong><br>\r\n      To become one of the world&rsquo;s leading contract manufacturers for cosmetics and herbal products, through the application of modern technology as a means of adding value to the clients.\r\n      <p><strong>Mission</strong><br>\r\n    To develop and produce cosmetics and herbal products that conform to the international quality standards in order to fulfill clients\' satisfaction.</p>','1'),(6,'0','Capability','その間 Kapabilitas','By Production Category :<br />\r\n1. Testing<br />\r\n<ul>\r\n    <li>Produk A</li>\r\n    <li>Produk B</li>\r\n    <li>Produk C</li>\r\n</ul>','その間、私たちが日頃利用するツールはパソコンからスマートフォンへと移行し、情報を得るきっかけも検索からコミュニケーションやソーシャルメディアへと変化してきています。この変化の中、ユーザーの皆様にとって便利で役立つサービスを目指して様々なサービス創りを続けた結果、国内最大級のキュレーションサービス「NAVERまとめ」や、世界中で利用されるようになった「LINE」を生み出すことができました。<br />\r\n<table width=\"100%\" cellspacing=\"0\" cellpadding=\"2\" border=\"0\">\r\n    <tbody>\r\n        <tr>\r\n            <td colspan=\"5\">By Production Category</td>\r\n        </tr>\r\n        <tr>\r\n            <td align=\"center\">I.</td>\r\n            <td colspan=\"4\">Decorative &amp; Make Up base</td>\r\n        </tr>\r\n        <tr>\r\n            <td align=\"center\">&nbsp;</td>\r\n            <td align=\"center\">a.</td>\r\n            <td colspan=\"3\">Lip Color</td>\r\n        </tr>\r\n        <tr>\r\n            <td align=\"center\">&nbsp;</td>\r\n            <td align=\"center\">b.</td>\r\n            <td colspan=\"3\">Lipstick</td>\r\n        </tr>\r\n        <tr>\r\n            <td align=\"center\">&nbsp;</td>\r\n            <td align=\"center\">c.</td>\r\n            <td colspan=\"3\">Lip Gloss </td>\r\n        </tr>\r\n        <tr>\r\n            <td align=\"center\">&nbsp;</td>\r\n            <td align=\"center\">d.</td>\r\n            <td colspan=\"3\">Lip Shine</td>\r\n        </tr>\r\n        <tr>\r\n            <td align=\"center\">&nbsp;</td>\r\n            <td align=\"center\">e.</td>\r\n            <td colspan=\"3\">Loose Powders</td>\r\n        </tr>\r\n        <tr>\r\n            <td align=\"center\">&nbsp;</td>\r\n            <td align=\"center\">f.</td>\r\n            <td colspan=\"3\">Compact Powder</td>\r\n        </tr>\r\n        <tr>\r\n            <td align=\"center\">&nbsp;</td>\r\n            <td align=\"center\">g.</td>\r\n            <td colspan=\"3\">Eye Shadow </td>\r\n        </tr>\r\n        <tr>\r\n            <td align=\"center\">&nbsp;</td>\r\n            <td align=\"center\">h.</td>\r\n            <td colspan=\"3\">Blush on</td>\r\n        </tr>\r\n        <tr>\r\n            <td align=\"center\">&nbsp;</td>\r\n            <td align=\"center\">i.</td>\r\n            <td colspan=\"3\">Concealers </td>\r\n        </tr>\r\n        <tr>\r\n            <td align=\"center\">&nbsp;</td>\r\n            <td align=\"center\">j.</td>\r\n            <td colspan=\"3\">Liquid Foundation</td>\r\n        </tr>\r\n        <tr>\r\n            <td align=\"center\">&nbsp;</td>\r\n            <td align=\"center\">k.</td>\r\n            <td colspan=\"3\">Foundation/BB Cream</td>\r\n        </tr>\r\n        <tr>\r\n            <td align=\"center\">&nbsp;</td>\r\n            <td align=\"center\">l.</td>\r\n            <td colspan=\"3\">Eye Liner </td>\r\n        </tr>\r\n        <tr>\r\n            <td align=\"center\">&nbsp;</td>\r\n            <td align=\"center\">m.</td>\r\n            <td colspan=\"3\">Mascara </td>\r\n        </tr>\r\n        <tr>\r\n            <td align=\"center\">&nbsp;</td>\r\n            <td>&nbsp;</td>\r\n            <td>&nbsp;</td>\r\n            <td>&nbsp;</td>\r\n            <td>&nbsp;</td>\r\n        </tr>\r\n        <tr>\r\n            <td align=\"center\">II.</td>\r\n            <td colspan=\"4\">Personal Care</td>\r\n        </tr>\r\n        <tr>\r\n            <td align=\"center\">&nbsp;</td>\r\n            <td align=\"center\">a.</td>\r\n            <td colspan=\"3\">Hair Care</td>\r\n        </tr>\r\n        <tr>\r\n            <td align=\"center\">&nbsp;</td>\r\n            <td>&nbsp;</td>\r\n            <td valign=\"top\" align=\"center\">-</td>\r\n            <td colspan=\"2\">Shampoo</td>\r\n        </tr>\r\n        <tr>\r\n            <td align=\"center\">&nbsp;</td>\r\n            <td>&nbsp;</td>\r\n            <td valign=\"top\" align=\"center\">-</td>\r\n            <td colspan=\"2\">Conditioner </td>\r\n        </tr>\r\n        <tr>\r\n            <td align=\"center\">&nbsp;</td>\r\n            <td>&nbsp;</td>\r\n            <td valign=\"top\" align=\"center\">-</td>\r\n            <td colspan=\"2\">Hair Mask </td>\r\n        </tr>\r\n        <tr>\r\n            <td align=\"center\">&nbsp;</td>\r\n            <td>&nbsp;</td>\r\n            <td valign=\"top\" align=\"center\">-</td>\r\n            <td colspan=\"2\">Hair Spa (Creambath)</td>\r\n        </tr>\r\n        <tr>\r\n            <td align=\"center\">&nbsp;</td>\r\n            <td>&nbsp;</td>\r\n            <td valign=\"top\" align=\"center\">-</td>\r\n            <td colspan=\"2\">Straightening Products</td>\r\n        </tr>\r\n        <tr>\r\n            <td align=\"center\">&nbsp;</td>\r\n            <td>&nbsp;</td>\r\n            <td valign=\"top\" align=\"center\">-</td>\r\n            <td colspan=\"2\">Waving Products</td>\r\n        </tr>\r\n        <tr>\r\n            <td align=\"center\">&nbsp;</td>\r\n            <td>&nbsp;</td>\r\n            <td valign=\"top\" align=\"center\">-</td>\r\n            <td colspan=\"2\">Bleaching Products</td>\r\n        </tr>\r\n        <tr>\r\n            <td align=\"center\">&nbsp;</td>\r\n            <td>&nbsp;</td>\r\n            <td valign=\"top\" align=\"center\">-</td>\r\n            <td colspan=\"2\">Hair Tonic</td>\r\n        </tr>\r\n        <tr>\r\n            <td align=\"center\">&nbsp;</td>\r\n            <td>&nbsp;</td>\r\n            <td valign=\"top\" align=\"center\">-</td>\r\n            <td colspan=\"2\">Hair Serum </td>\r\n        </tr>\r\n        <tr>\r\n            <td align=\"center\">&nbsp;</td>\r\n            <td>&nbsp;</td>\r\n            <td valign=\"top\" align=\"center\">-</td>\r\n            <td colspan=\"2\">Pomade</td>\r\n        </tr>\r\n        <tr>\r\n            <td align=\"center\">&nbsp;</td>\r\n            <td>&nbsp;</td>\r\n            <td valign=\"top\" align=\"center\">-</td>\r\n            <td colspan=\"2\">Hair Color</td>\r\n        </tr>\r\n        <tr>\r\n            <td align=\"center\">&nbsp;</td>\r\n            <td>&nbsp;</td>\r\n            <td valign=\"top\" align=\"center\">-</td>\r\n            <td colspan=\"2\">Hair Styling (Gel, Spray (aerosol &amp; non) &amp; Wax)</td>\r\n        </tr>\r\n        <tr>\r\n            <td align=\"center\">&nbsp;</td>\r\n            <td>&nbsp;</td>\r\n            <td valign=\"top\">&nbsp;</td>\r\n            <td colspan=\"2\">&nbsp;</td>\r\n        </tr>\r\n        <tr>\r\n            <td align=\"center\">&nbsp;</td>\r\n            <td align=\"center\">b.</td>\r\n            <td colspan=\"3\">Body Care</td>\r\n        </tr>\r\n        <tr>\r\n            <td align=\"center\">&nbsp;</td>\r\n            <td>&nbsp;</td>\r\n            <td valign=\"top\" align=\"center\">-</td>\r\n            <td colspan=\"2\">Body Lotion</td>\r\n        </tr>\r\n        <tr>\r\n            <td align=\"center\">&nbsp;</td>\r\n            <td>&nbsp;</td>\r\n            <td valign=\"top\" align=\"center\">-</td>\r\n            <td colspan=\"2\">Body Scrub</td>\r\n        </tr>\r\n        <tr>\r\n            <td align=\"center\">&nbsp;</td>\r\n            <td>&nbsp;</td>\r\n            <td valign=\"top\" align=\"center\">-</td>\r\n            <td colspan=\"2\">Body Butter</td>\r\n        </tr>\r\n        <tr>\r\n            <td align=\"center\">&nbsp;</td>\r\n            <td>&nbsp;</td>\r\n            <td valign=\"top\" align=\"center\">-</td>\r\n            <td colspan=\"2\">Body Oil</td>\r\n        </tr>\r\n        <tr>\r\n            <td align=\"center\">&nbsp;</td>\r\n            <td>&nbsp;</td>\r\n            <td valign=\"top\" align=\"center\">-</td>\r\n            <td colspan=\"2\">Body Cream</td>\r\n        </tr>\r\n        <tr>\r\n            <td align=\"center\">&nbsp;</td>\r\n            <td>&nbsp;</td>\r\n            <td valign=\"top\" align=\"center\">-</td>\r\n            <td colspan=\"2\">Body Wash</td>\r\n        </tr>\r\n        <tr>\r\n            <td align=\"center\">&nbsp;</td>\r\n            <td>&nbsp;</td>\r\n            <td valign=\"top\" align=\"center\">-</td>\r\n            <td colspan=\"2\">Feminine Wash</td>\r\n        </tr>\r\n        <tr>\r\n            <td align=\"center\">&nbsp;</td>\r\n            <td>&nbsp;</td>\r\n            <td valign=\"top\" align=\"center\">-</td>\r\n            <td colspan=\"2\">Deodorant-anti perspirant</td>\r\n        </tr>\r\n        <tr>\r\n            <td align=\"center\">&nbsp;</td>\r\n            <td>&nbsp;</td>\r\n            <td valign=\"top\" align=\"center\">-</td>\r\n            <td colspan=\"2\">Sun Block Lotion / Cream</td>\r\n        </tr>\r\n        <tr>\r\n            <td align=\"center\">&nbsp;</td>\r\n            <td>&nbsp;</td>\r\n            <td valign=\"top\" align=\"center\">-</td>\r\n            <td colspan=\"2\">Insect Repellant Lotion</td>\r\n        </tr>\r\n        <tr>\r\n            <td align=\"center\">&nbsp;</td>\r\n            <td>&nbsp;</td>\r\n            <td valign=\"top\" align=\"center\">&nbsp;</td>\r\n            <td colspan=\"2\">&nbsp;</td>\r\n        </tr>\r\n        <tr>\r\n            <td align=\"center\">&nbsp;</td>\r\n            <td align=\"center\">c.</td>\r\n            <td colspan=\"3\">Facial Care</td>\r\n        </tr>\r\n        <tr>\r\n            <td align=\"center\">&nbsp;</td>\r\n            <td>&nbsp;</td>\r\n            <td valign=\"top\" align=\"center\">-</td>\r\n            <td colspan=\"2\">Facial Foam</td>\r\n        </tr>\r\n        <tr>\r\n            <td align=\"center\">&nbsp;</td>\r\n            <td>&nbsp;</td>\r\n            <td valign=\"top\" align=\"center\">-</td>\r\n            <td colspan=\"2\">Facial Serum</td>\r\n        </tr>\r\n        <tr>\r\n            <td align=\"center\">&nbsp;</td>\r\n            <td>&nbsp;</td>\r\n            <td valign=\"top\" align=\"center\">-</td>\r\n            <td colspan=\"2\">Facial Scrub</td>\r\n        </tr>\r\n        <tr>\r\n            <td align=\"center\">&nbsp;</td>\r\n            <td>&nbsp;</td>\r\n            <td valign=\"top\" align=\"center\">-</td>\r\n            <td colspan=\"2\">Facial Moisturizer</td>\r\n        </tr>\r\n        <tr>\r\n            <td align=\"center\">&nbsp;</td>\r\n            <td>&nbsp;</td>\r\n            <td valign=\"top\" align=\"center\">-</td>\r\n            <td colspan=\"2\">Cleansing Milk</td>\r\n        </tr>\r\n        <tr>\r\n            <td align=\"center\">&nbsp;</td>\r\n            <td>&nbsp;</td>\r\n            <td valign=\"top\" align=\"center\">-</td>\r\n            <td colspan=\"2\">Face Toner</td>\r\n        </tr>\r\n        <tr>\r\n            <td align=\"center\">&nbsp;</td>\r\n            <td>&nbsp;</td>\r\n            <td valign=\"top\">&nbsp;</td>\r\n            <td colspan=\"2\">&nbsp;</td>\r\n        </tr>\r\n        <tr>\r\n            <td align=\"center\">III.</td>\r\n            <td colspan=\"4\">Fragrance </td>\r\n        </tr>\r\n        <tr>\r\n            <td align=\"center\">&nbsp;</td>\r\n            <td valign=\"top\" align=\"center\">a.</td>\r\n            <td valign=\"top\" colspan=\"3\">Eau De Perfume </td>\r\n        </tr>\r\n        <tr>\r\n            <td align=\"center\">&nbsp;</td>\r\n            <td valign=\"top\" align=\"center\">b.</td>\r\n            <td valign=\"top\" colspan=\"3\">Eau De Toilette</td>\r\n        </tr>\r\n        <tr>\r\n            <td align=\"center\">&nbsp;</td>\r\n            <td valign=\"top\" align=\"center\">c.</td>\r\n            <td valign=\"top\" colspan=\"3\">Eau De Cologne</td>\r\n        </tr>\r\n        <tr>\r\n            <td align=\"center\">&nbsp;</td>\r\n            <td valign=\"top\" align=\"center\">d.</td>\r\n            <td valign=\"top\" colspan=\"3\">Body Spray (Aerosol &amp; non)</td>\r\n        </tr>\r\n        <tr>\r\n            <td align=\"center\">&nbsp;</td>\r\n            <td valign=\"top\" align=\"center\">e.</td>\r\n            <td valign=\"top\" colspan=\"3\">Herbal Liquid (Topical &amp; Oral)</td>\r\n        </tr>\r\n        <tr>\r\n            <td width=\"35\" align=\"center\">&nbsp;</td>\r\n            <td width=\"35\" align=\"center\">&nbsp;</td>\r\n            <td width=\"20\">&nbsp;</td>\r\n            <td width=\"35\">&nbsp;</td>\r\n            <td>&nbsp;</td>\r\n        </tr>\r\n    </tbody>\r\n</table>','1'),(7,'0','Our Service','Layanan Kami','<table width=\"100%\"  border=\"0\" cellspacing=\"0\" cellpadding=\"2\">\r\n      <tr>\r\n        <td><strong>Full Contract Manufacturing</strong></td>\r\n      </tr>\r\n      <tr>\r\n        <td>We provide all of the manufacturing services for the client. From sourcing for the material suppliers, to packing the finished product into its final packaging. We simply take the complexity of the production process into our own hands, so the client can focus more on the marketing.</td>\r\n      </tr>\r\n      <tr>\r\n        <td>&nbsp;</td>\r\n      </tr>\r\n      <tr>\r\n        <td><strong>Semi Contract Manufacturing</strong></td>\r\n      </tr>\r\n      <tr>\r\n        <td>We provide product formulations, bulk processing, and packing services. Either raw materials or packaging materials, or both, will be supplied by the client.</td>\r\n      </tr>\r\n      <tr>\r\n        <td>&nbsp;</td>\r\n      </tr>\r\n      <tr>\r\n        <td><strong>Filling &amp; Packing</strong></td>\r\n      </tr>\r\n      <tr>\r\n        <td>Our services are limited to product filling and packing only. Both packaging and the product bulk will be provided by the client.</td>\r\n      </tr>\r\n    </table>','その間、私たちが日頃利用するツールはパソコンからスマートフォンへと移行し、情報を得るきっかけも検索からコミュニケーションやソーシャルメディアへと変化してきています。この変化の中、ユーザーの皆様にとって便利で役立つサービスを目指して様々なサービス創りを続けた結果、国内最大級のキュレーションサービス「NAVERまとめ」や、世界中で利用されるようになった「LINE」を生み出すことができました。<br><table width=\"100%\"  border=\"0\" cellspacing=\"0\" cellpadding=\"2\">\r\n      <tr>\r\n        <td><strong>Full Contract Manufacturing</strong></td>\r\n      </tr>\r\n      <tr>\r\n        <td>We provide all of the manufacturing services for the client. From sourcing for the material suppliers, to packing the finished product into its final packaging. We simply take the complexity of the production process into our own hands, so the client can focus more on the marketing.</td>\r\n      </tr>\r\n      <tr>\r\n        <td>&nbsp;</td>\r\n      </tr>\r\n      <tr>\r\n        <td><strong>Semi Contract Manufacturing</strong></td>\r\n      </tr>\r\n      <tr>\r\n        <td>We provide product formulations, bulk processing, and packing services. Either raw materials or packaging materials, or both, will be supplied by the client.</td>\r\n      </tr>\r\n      <tr>\r\n        <td>&nbsp;</td>\r\n      </tr>\r\n      <tr>\r\n        <td><strong>Filling &amp; Packing</strong></td>\r\n      </tr>\r\n      <tr>\r\n        <td>Our services are limited to product filling and packing only. Both packaging and the product bulk will be provided by the client.</td>\r\n      </tr>\r\n    </table>','1'),(9,'0','Contact Us','Hubungi Kami','Jl. Raya Narogong Km. 4<br />\nBekasi 17116.<br />\nJawa Barat, Indonesia.<br />\nFax.(021) 8204107<br />\nTelp.(021) 8204091<br />\nemail: sales@cedefindo.co.id','その間、私たちが日頃利用するツールはパソコンからスマートフォンへと移行し <br />\r\n&nbsp;<br />\r\nJl. Raya Narogong Km. 4<br />\r\nBekasi 17116.<br />\r\nJawa Barat, Indonesia.<br />\r\nFax.(021) 8204107<br />\r\nTelp.(021) 8204091<br />\r\nemail: sales@cedefindo.co.id','1'),(10,'0','Member Area','Member Area','lorem ipsum lah inggris','lorem ipsum lah indonesia atau yang lainnya','1');

--
-- Table structure for table `gb`
--

CREATE TABLE `gb` (
  `id` int(11) NOT NULL AUTO_INCREMENT,
  `idpage` int(11) NOT NULL,
  `gb` varchar(222) NOT NULL,
  PRIMARY KEY (`id`)
) ENGINE=InnoDB AUTO_INCREMENT=3 DEFAULT CHARSET=latin1 COLLATE=latin1_swedish_ci;

--
-- Dumping data for table `gb`
--

INSERT INTO `gb` VALUES (1,4,'greeting.jpg'),(2,4,'history.jpg');

--
-- Table structure for table `language`
--

CREATE TABLE `language` (
  `id` int(11) NOT NULL AUTO_INCREMENT,
  `lang_title` varchar(255) NOT NULL,
  `lang_code` varchar(10) NOT NULL,
  `lang_file` varchar(255) NOT NULL,
  `lang_default` tinyint(1) NOT NULL DEFAULT 0,
  `ico` varchar(255) DEFAULT NULL,
  PRIMARY KEY (`id`)
) ENGINE=InnoDB AUTO_INCREMENT=3 DEFAULT CHARSET=utf8 COLLATE=utf8_general_ci;

--
-- Dumping data for table `language`
--

INSERT INTO `language` VALUES (1,'English','eng','english.php',0,'eng'),(2,'Japan','jpg','japan.php',1,'jpn');

--
-- Table structure for table `slider`
--

CREATE TABLE `slider` (
  `id_slider` int(5) NOT NULL AUTO_INCREMENT,
  `id` int(5) DEFAULT NULL,
  `upload` varchar(255) DEFAULT NULL,
  `nama` varchar(500) DEFAULT NULL,
  PRIMARY KEY (`id_slider`)
) ENGINE=InnoDB AUTO_INCREMENT=20 DEFAULT CHARSET=latin1 COLLATE=latin1_swedish_ci;

--
-- Dumping data for table `slider`
--

INSERT INTO `slider` VALUES (1,3,'capability.jpg',NULL),(2,3,'greeting.jpg',NULL),(3,3,'services.jpg',NULL),(4,3,'visi.jpg',NULL),(11,83539,'codeigniter_logo.png',NULL),(12,83539,'cdf.jpg',NULL),(13,83539,'database multi bahasa 2.jpg',NULL),(14,90924,'Burung murai batu medan.jpg',NULL),(15,90924,'clothing-motif.png',NULL),(16,53197,'clothing-motif.png',NULL),(17,53197,'Burung murai batu medan.jpg',NULL),(18,33868,'clothing-motif.png',NULL),(19,33868,'Burung murai batu medan.jpg',NULL);


