--
-- Host: localhost    Database: fmedia_chronoforce
-- ------------------------------------------------------


--
-- Table structure for table `after_sales`
--

CREATE TABLE `after_sales` (
  `id` int(11) NOT NULL AUTO_INCREMENT,
  `title` varchar(100) NOT NULL,
  `image` varchar(100) NOT NULL,
  `description` longtext NOT NULL,
  PRIMARY KEY (`id`)
) ENGINE=InnoDB AUTO_INCREMENT=5 DEFAULT CHARSET=latin1 COLLATE=latin1_swedish_ci;

--
-- Dumping data for table `after_sales`
--

INSERT INTO `after_sales` VALUES (1,'Toko Jam 1','AfterSales.png','Menjual berbagai jam tangan<br>Emporium Pluit Mall, floor 4<br>\r\nJakarta Utara -12210<br>\r\n021-57017229'),(2,'Toko Jam 1','AfterSales.png','Menjual berbagai jam tangan<br>Emporium Pluit Mall, floor 4<br>\r\nJakarta Utara -12210<br>\r\n021-57017229'),(3,'Toko Jam 1','AfterSales.png','Menjual berbagai jam tangan<br>Emporium Pluit Mall, floor 4<br>\r\nJakarta Utara -12210<br>\r\n021-57017229'),(4,'Toko Jam 1','AfterSales.png','Menjual berbagai jam tangan<br>Emporium Pluit Mall, floor 4<br>\r\nJakarta Utara -12210<br>\r\n021-57017229');

--
-- Table structure for table `category`
--

CREATE TABLE `category` (
  `id` int(11) NOT NULL AUTO_INCREMENT,
  `type` varchar(100) NOT NULL,
  `category` varchar(100) NOT NULL,
  PRIMARY KEY (`id`)
) ENGINE=InnoDB AUTO_INCREMENT=10 DEFAULT CHARSET=latin1 COLLATE=latin1_swedish_ci;

--
-- Dumping data for table `category`
--

INSERT INTO `category` VALUES (1,'collections','Special Project'),(2,'collections','Sport Classic'),(3,'collections','Motor Sport'),(4,'collections','Diver'),(5,'collections','Adventure'),(6,'collections','Aviation'),(7,'collections','Ladies 1'),(8,'collections','Ladies 2'),(9,'collections','Leather');

--
-- Table structure for table `collections`
--

CREATE TABLE `collections` (
  `id` int(11) NOT NULL AUTO_INCREMENT,
  `id_category` int(11) NOT NULL,
  `title` varchar(100) NOT NULL,
  `image` varchar(100) NOT NULL,
  `description` longtext NOT NULL,
  PRIMARY KEY (`id`)
) ENGINE=InnoDB AUTO_INCREMENT=58 DEFAULT CHARSET=latin1 COLLATE=latin1_swedish_ci;

--
-- Dumping data for table `collections`
--

INSERT INTO `collections` VALUES (5,3,'5123 Black','5123G_hitam',''),(6,3,'5123 Silver','5123G_silver.jpg',''),(7,3,'5123 Putih','5123G_putih.jpg',''),(8,2,'5130 G 1','5130a.jpg',''),(9,2,'5130 G 2','5130b.jpg',''),(10,2,'5130 G 3','5130c.jpg',''),(11,3,'5127 Black & Silver','5127Ga.jpg',''),(12,3,'5127 White & Silver','5127Gb.jpg',''),(13,3,'5127 Black','5127Gc.jpg',''),(14,8,'CF 5158L-1L-A','CF 5158L-1L-A.jpg',''),(15,8,'CF 5158L-1L-B','CF 5158L-1L-B.jpg',''),(16,8,'CF 5158L-1L-C','CF 5158L-1L-C.jpg',''),(17,8,'CF 5158L-1L-D','CF 5158L-1L-D.jpg',''),(18,7,'CF 5158L-A','CF 5158L-A.jpg',''),(19,7,'CF 5158L-B','CF 5158L-B.jpg',''),(20,7,'CF 5158L-C','CF 5158L-C.jpg',''),(21,7,'CF 5158L-D','CF 5158L-D.jpg',''),(24,7,'CF 5158L-E','CF 5158L-E.jpg',''),(25,9,'CF 5159G-A','CF 5159G-A.jpg',''),(26,9,'CF 5159G-B','CF 5159G-B.jpg',''),(27,9,'CF 5159G-C','CF 5159G-C.jpg',''),(28,9,'CF 5159G-D','CF 5159G-D.jpg',''),(30,9,'CF 5159G-E','CF 5159G-E.jpg',''),(32,9,'CF 5159G-F','CF 5159G-F.jpg',''),(34,2,'CF5165G-A','CF5165G-A.jpg',''),(35,2,'CF5165G-B','CF5165G-B.jpg',''),(36,2,'CF5165G-E','CF5165G-E.jpg',''),(37,2,'CF5165G-F','CF5165G-F.jpg',''),(38,2,'CF5165G-G','CF5165G-G.jpg',''),(39,5,'CF 5168G-A','CF 5168G-A.jpg',''),(40,5,'CF 5168G-B','CF 5168G-B.jpg',''),(41,4,'CF 5168G-C','CF 5168G-C.jpg',''),(42,4,'CF 5168G-D','CF 5168G-D.jpg',''),(44,5,'CF X5168G-E','CF X5168G-E.jpg',''),(45,4,'CF 5168G-A','CF 5168G-A.jpg',''),(46,4,'CF 5168G-B','CF 5168G-B.jpg',''),(47,2,'CF 5168G-C','CF 5168G-C.jpg',''),(48,2,'CF 5168G-D','CF 5168G-D.jpg',''),(49,4,'CF X5168G-E','CF X5168G-E.jpg',''),(50,1,'5174 G-1','5174 G-1.jpg',''),(51,1,'5174 G-2','5174 G-2.jpg',''),(52,1,'5174 G-3','5174 G-3.jpg',''),(53,1,'5174 G-4','5174 G-4.jpg',''),(54,1,'5174 G-5','5174 G-5.jpg',''),(55,1,'5174 G-6','5174 G-6.jpg',''),(56,1,'5174 G-7','5174 G-7.jpg',''),(57,1,'5174 G-8','5174 G-8.jpg','');

--
-- Table structure for table `contactus`
--

CREATE TABLE `contactus` (
  `MessageID` int(20) NOT NULL AUTO_INCREMENT,
  `Name` varchar(150) NOT NULL,
  `Email` varchar(100) NOT NULL,
  `Phone` varchar(100) NOT NULL,
  `Message` longtext NOT NULL,
  `DateEntry` date NOT NULL,
  PRIMARY KEY (`MessageID`)
) ENGINE=InnoDB AUTO_INCREMENT=5 DEFAULT CHARSET=latin1 COLLATE=latin1_swedish_ci;

--
-- Dumping data for table `contactus`
--

INSERT INTO `contactus` VALUES (1,'1','','','','0000-00-00'),(2,'1','','','','2012-09-03'),(3,'3','3','3','3','2012-09-03'),(4,'q','q','q','q','2012-09-03');

--
-- Table structure for table `guarantee`
--

CREATE TABLE `guarantee` (
  `file` varchar(100) NOT NULL
) ENGINE=InnoDB DEFAULT CHARSET=latin1 COLLATE=latin1_swedish_ci;

--
-- Dumping data for table `guarantee`
--

INSERT INTO `guarantee` VALUES ('guarantee.jpg');

--
-- Table structure for table `meta`
--

CREATE TABLE `meta` (
  `MetaTitle` longtext NOT NULL,
  `MetaKeyword` longtext NOT NULL,
  `MetaDescription` longtext NOT NULL
) ENGINE=InnoDB DEFAULT CHARSET=latin1 COLLATE=latin1_swedish_ci;

--
-- Dumping data for table `meta`
--

INSERT INTO `meta` VALUES ('Chronoforce','Chronoforce','Chronoforce');

--
-- Table structure for table `news`
--

CREATE TABLE `news` (
  `id` int(11) NOT NULL AUTO_INCREMENT,
  `title` varchar(100) NOT NULL,
  `image` varchar(100) NOT NULL,
  `description` longtext NOT NULL,
  PRIMARY KEY (`id`)
) ENGINE=InnoDB AUTO_INCREMENT=3 DEFAULT CHARSET=latin1 COLLATE=latin1_swedish_ci;

--
-- Dumping data for table `news`
--

INSERT INTO `news` VALUES (1,'Hong Kong Watch and Clock Fair 2013','news.png','<p class=\"MsoNormal\">Hong Kong 4<sup>th</sup> to 8<sup>th</sup> of September , CHRONOFORCE&nbsp; welcome all its international agent&nbsp; for the annual HK Watch Fair.&nbsp; CHRONOFORCE&nbsp; showcasing their latest collections for the up coming seasons.&nbsp;</p>'),(2,'Sample News Chronoforce','news.png','Lorem ipsum dolor sit amet, consectetur adipiscing elit. Mauris et ipsum eget magna placerat commodo. Donec dolor dui, aliquet ac semper eget, consequat semper justo. Proin a urna eget ipsum posuere vehicula. Sed dictum enim eu velit varius faucibus. Proin egestas massa sed dolor pulvinar a accumsan sapien eleifend. Donec et pulvinar quam. Etiam eu faucibus dolor. Sed vitae commodo nulla. In hac habitasse platea dictumst. Morbi sollicitudin, ligula ullamcorper eleifend dictum, nulla sem ornare felis, ac dapibus libero purus eget justo. Curabitur tempor vulputate eros ut eleifend. Praesent fermentum luctus blandit. In commodo eleifend neque, quis pharetra augue auctor in. ');

--
-- Table structure for table `post`
--

CREATE TABLE `post` (
  `PostID` int(20) NOT NULL AUTO_INCREMENT,
  `Sub` int(20) DEFAULT NULL,
  `Ordering` int(20) NOT NULL,
  `Title` varchar(200) NOT NULL,
  `ShortDescription` longtext NOT NULL,
  `Description` longtext NOT NULL,
  `image` varchar(100) NOT NULL,
  `MetaTitle` longtext NOT NULL,
  `MetaKeyword` longtext NOT NULL,
  `MetaDescription` longtext NOT NULL,
  `DateEntry` timestamp NOT NULL DEFAULT current_timestamp() ON UPDATE current_timestamp(),
  `Highlight` int(11) NOT NULL DEFAULT 0,
  `Type` varchar(100) NOT NULL,
  `Prefix` varchar(100) NOT NULL,
  `Activate` int(11) NOT NULL DEFAULT 1,
  `Link` varchar(100) NOT NULL,
  `File` varchar(100) NOT NULL,
  PRIMARY KEY (`PostID`)
) ENGINE=InnoDB AUTO_INCREMENT=8 DEFAULT CHARSET=latin1 COLLATE=latin1_swedish_ci;

--
-- Dumping data for table `post`
--

INSERT INTO `post` VALUES (1,0,1,'Home','','','','','','','2012-09-21 15:22:31',0,'post','main',1,'',''),(2,0,2,'About Us','','<p>&nbsp;</p>\r\n<p><img src=\"http://www.futuremediatrix.com/demo/chronoforce2/administrator/resources/scripts/tinymce/ImageManager/about_us.jpg\" alt=\"\" width=\"903\" height=\"643\" /></p>','Image1.png','About Us - Chronoforce','','','2013-03-07 01:48:29',0,'post','',1,'',''),(3,0,3,'Collections','','','Image2.png','','','','2012-09-11 17:48:00',0,'module','Collections',1,'',''),(4,0,4,'News And Info','','','','','','','2012-09-03 13:43:32',0,'module','News-And-Info',1,'',''),(5,0,5,'After Sales','','','','','','','2012-09-03 13:43:41',0,'module','After-Sales',1,'',''),(6,0,6,'Contact','','','','','','','2012-09-03 15:48:14',0,'module','Contact',1,'',''),(7,NULL,1,'Partnership And Ambassador','','','bannerkecil3.jpg','d','d','d','2012-10-21 16:07:03',0,'post','',1,'','');

--
-- Table structure for table `slide`
--

CREATE TABLE `slide` (
  `SlideID` int(11) NOT NULL AUTO_INCREMENT,
  `Image` varchar(100) NOT NULL,
  `Link` varchar(500) NOT NULL,
  `status` enum('1','0') NOT NULL,
  PRIMARY KEY (`SlideID`)
) ENGINE=InnoDB AUTO_INCREMENT=9 DEFAULT CHARSET=latin1 COLLATE=latin1_swedish_ci;

--
-- Dumping data for table `slide`
--

INSERT INTO `slide` VALUES (2,'image1.png','','0'),(6,'header2.jpg','','0'),(7,'Header1.png','','1'),(8,'header2.jpg','','1');


