--
-- Host: localhost    Database: fmedia_edu
-- ------------------------------------------------------


--
-- Table structure for table `acara`
--

CREATE TABLE `acara` (
  `AcaraID` int(11) NOT NULL AUTO_INCREMENT,
  `Title` varchar(100) NOT NULL,
  `Link` varchar(200) NOT NULL,
  `Date` date NOT NULL,
  `DateEntry` timestamp NOT NULL DEFAULT current_timestamp() ON UPDATE current_timestamp(),
  PRIMARY KEY (`AcaraID`)
) ENGINE=InnoDB AUTO_INCREMENT=8 DEFAULT CHARSET=latin1 COLLATE=latin1_swedish_ci;

--
-- Dumping data for table `acara`
--

INSERT INTO `acara` VALUES (3,'SIRI JELAJAH INDONESIA 2012 BALI','twitter.com','2012-05-08','2012-04-23 19:27:35'),(4,'SIRI JELAJAH INDONESIA 2012 PEKANBARU','facebook.com','2012-03-20','2012-04-23 19:27:05'),(5,'EDUSMART - The Wonder Of Indonesia DEPOK','yahoo.com','2012-03-13','2012-04-23 19:28:39'),(7,'SIRI JELAJAH INDONESIA 2012 PADANG','google.com','2012-03-13','2012-04-23 19:25:35');

--
-- Table structure for table `agent`
--

CREATE TABLE `agent` (
  `AgentID` int(20) NOT NULL AUTO_INCREMENT,
  `Name` varchar(150) NOT NULL,
  `Gender` enum('l','p') NOT NULL,
  `City` varchar(50) NOT NULL,
  `Address` longtext NOT NULL,
  `Company` varchar(100) NOT NULL,
  `Phone` varchar(50) NOT NULL,
  `Fax` varchar(50) NOT NULL,
  `Email` varchar(100) NOT NULL,
  `Photo` varchar(50) NOT NULL,
  `Description` longtext NOT NULL,
  `DateEntry` date NOT NULL,
  PRIMARY KEY (`AgentID`)
) ENGINE=InnoDB AUTO_INCREMENT=70 DEFAULT CHARSET=latin1 COLLATE=latin1_swedish_ci;

--
-- Dumping data for table `agent`
--

INSERT INTO `agent` VALUES (26,'AUDY KURNIAWAN','l','Jakarta Pusat','Bangun tjipta building 2nd Floor Jl. Gatot subroto .No.54, Slipi','MEC XAVERIANA centre JAKARTA','021 - 5709089 /5709090','021-92923399','jes@indo.net.id','','<p>TAYLOR\'S , LIMKOKWING, CURTIN, LEGENDA COLLEGE, UCSI , MANTISSA, TOC, etc</p>','2012-08-14'),(27,'RIKA','l','Jakarta Utara','KELAPA GADING BRANCH JL. BOULEVARD BLOK NE 1/41','EDLINK +CONEX','021 452 5965','021- 536 3669','edlinkkg@cbn.net.id','','<p>TAYLOR\'S , LIMKOKWING, CURTIN, LEGENDA COLLEGE, MONASH, SUNWAY, INTI, etc</p>','2012-08-14'),(28,'SUMARJONO SUWITO','l','Jakarta Pusat','RUKO MEGA GROSIR CEMPAKA MAS BLOK Q. NO 9 JL. LETJEN, SUPRAPTO, CEMPAKA PUTIH ','EDUWORLD JAKARTA','62-21 4288 411','62-21 42 888 412','info@eduworld.co.id','','<p>International</p>','2012-08-14'),(29,'NINDYA S.','l','Jakarta Barat','JL. SUKARJO WIRYOPRANOTO NO. 65 JAKARTA BARAT 1116','FALINDO','021- 629 4415','62-21 625 1695','','','<p>HELP UNIVERSITY</p>','2012-08-14'),(30,'IING / Cylvie','p','Jakarta Pusat','JL. GUNUNG SAHARI RAYA NO.12E, JAKARTA 10720','COSMO EDUCATION','021-600 9111 / 6009147 / 6297268','021-6250536/ 021 79191467','cosmo3@indosat.net.id','','<p>MONASH, SUNWAY</p>','2012-08-14'),(31,'LIENA ','p','Jakarta Selatan','WISMA HAROEN,   PS. MINGGU, JAKARTA SELATAN','PT.CIPTA MANDIRI PUTRI (CMP)','021 - 7971133','021 - 7975939','','','<p>MMU , KDU COLLEGE , LIMKOKWING, UTM, ICOM, &nbsp;etc.&nbsp;</p>','2012-08-14'),(32,'MEY / SHERLY ','p','Jakarta Selatan','Gedung Surya Lt.12 Jl. MH. Thamrin','PELANGI EDUCATION','021-70601518','021-39835778','pelanginusantara@gmail.com','','<p>APIIT/UCTI, &nbsp;SUNWAY, KLIUC, KDU, etc.</p>','2012-08-14'),(33,'Gani Djuandi ','l','Jakarta Pusat','Jl. M Moch Ridwan Rais No 6 (Jalan Medan Merdeka Timur) Gambir, Jakarta 10110','Fortrust Education Services ','62213440555','021-3450488','gani.d@fortrust.com','','<p>International</p>','2012-08-14'),(34,'HADIJITO / ADIT','l','Jakarta Utara','Jl. Boulevard Barat Raya LC7/27 Kelapa Gading, Jakarta Utara 14240','SPECTA','021-4506936','021-4506933','','','<p>INTI, The Otomotive Academic</p>','2012-08-14'),(35,'Reza / Rianti','p','Jakarta Pusat','Jl. Mesjid 1 No.3 Pejompongan, Benhil Jakarta 10210','I STUDTY EDUCATION','021-574 6320','021 - 573 4924','sms_education@yahoo.com','','<p>International Islamic University Malaysia (IIUM) ( Universiti Islamic Antarabangsa &nbsp;Malaysia UIAM)</p>','2012-08-14'),(36,'Widya / Siti Mayang / Ayank','p','Jakarta Selatan','WISMA KODEL  , Jl. H.R.Rasuna Said Kav.B4 Lt. Dasar','NET ASIA','021 -98565607 ','021-5221512','ui_toha@yahoo.co.id','','<p>WADI SOPIAH SCHOOL, IIUM, UCTI, UNISEL, HELP , KTJ, &nbsp;UM, etc.</p>','2012-08-14'),(37,'AFIFAH AUDAH','p','Surabaya','JL. Cliwung 32 33 Surabaya  60 12  ','NIS EDU Consultant','031 5678 664   /   021- 5228901','031 5044087  / 021- 70997204','','','<p>MMU, UCTI/APIIT, etc</p>','2012-08-14'),(38,'Kevin Tan','l','Jakarta Barat','30, Level 4, Mal Ciputra, Jl. Arteri S.parman, Jakarta 11470, Indonesia','ERAJASA GLOBALINDO','021-5636758','021-563 67 59','erajasa@indosat.net.id, admin@erajasa.com, kevin@erajasa.com','','<p>International</p>','2012-08-14'),(39,'Martha S. Legowo ','p','Jakarta Selatan','Bumi Daya Plaza Podium Block 2nd FL Jl. Imam Bonjol 61 Jakarta 10310','INTER LINK EDUCATION SERVICE','021-3983 4104','021-3983 4106','interducation@yahoo.co.id','','<p>International</p>','2012-08-14'),(40,'GANI DJUANDI','l','Jakarta Pusat','Jl. M.Ichwan Ridwan Rais No.6 Gambir jakarta Pusat 10110 Indonesia','FORTRUST EDUCATION','021-5319 602','021- 5341969','','','<p>International</p>','2012-08-14'),(41,'Rika Patricia Indra','p','Jakarta Pusat','KONICA BUILDING Lt. 3A Jl.Gunung Sahari Raya 78 Jakarta Pusat','VISTA EDUCATION','021-422 5775','021-422 5752','','','<p>International</p>','2012-08-14'),(42,'Gianti Admodjo','l','Jakarta Pusat','Cikini Hias Plaza Level 1, Room 02 Jl Cikini Raya No 90 Jakarta 103303','Aspectama International Student Advisor','021-3142122','021-325843','gianti@cbn.net.id','','<p>International</p>','2012-08-14'),(43,'Lisye Wijaya','p','Makassar','Jl. Veteran Utara No.248 Makassar','INTER LINK EDUCATION SERVICE','0411-327 861 / 331 223','','interducation@yahoo.co.id','','<p>International</p>','2012-08-14'),(44,'Anita l. Sutandya','p','Jakarta Selatan','8 th Floor Bank Panin Pusat Jl. Jend. Sudirman Senayan,Jakarta 10270 Indonesia','ANINDO ','021- 572 1018 / 914 5139','021- 584 5555','','','<p>International</p>','2012-08-14'),(45,'','l','Jakarta Barat','Pusat Niaga Roxy Mas Blok D1/27 Jl. K.H. Hasyim Ashari Jakarta 10150','ANZAC Education Counsellors','62-21-6385.8508 ','62-21-6385.8509','','','<p>International</p>','2012-08-14'),(46,'Gunawati Tiotama','p','Medan','Jl. K.L Yos Sudarso No.71 -c Glugur Kota, Medan 20115, Sumatera Utara','Global Total ',' +62  261  662 9074','+62 261 820 0788','gtedu@indosat.net.id','','<p>International</p>','2012-08-14'),(47,'Deasy Sartika','p','Jakarta Selatan','Wisma GKBI,39F Jl. Jendral Sudirman Jakarta 10210','STUDY GROUP','021 - 5799 8161','021 - 5799 8080','','','<p>International</p>','2012-08-14'),(48,'','l','Jakarta Selatan','S. Widjojo 10 th floor Jenderal Sudirman Kav. 71, Jakarta Selatan INDONESIA 12190','Exist Jakarta','021.526.3956 or 021 526.3941','021.526.5779','','','<p>International</p>','2012-08-14'),(49,'Cahyadi','l','Jakarta Selatan','WISMA TUGU II, 6 th floor Jl. H.R. Rasuna Said Kav. C 7-9Kuningan Jakarta 12940','FUTURE EDUCATION','021 - 5200 883','021 - 5200 993','','','<p>International</p>','2012-08-14'),(50,'','l','Jakarta Selatan','Menara BDN 5 th Floor Jl. MH. Thamrin Kav. 5','Hope 2000 Education & Travel',' (62 21) 3983 2925','(62 21) 3983 3704','','','<p>International</p>','2012-08-14'),(51,'Lisa Malonda ','p','Jakarta Timur','Jl. Otista 3 Komp. 2 No. 8, Jakarta 13340 Indonesia ','Atlas Education & Services','(0813) 1535 1010','021 819 5458','lisa@atlas-edu.com ','','<p>International</p>','2012-08-14'),(52,'Randi Anwar ','l','Jakarta Selatan','Komplek Golden Truly Plaza blok B 24 Floor 2-3 Jl. RS Fatmawati No 15 Jakarta 12420','Dhafira Dutagraha','021 7507829','021 7691725','ddg@centrin.net.id ','','<p>International</p>','2012-08-14'),(53,'Arleta Darusalam','l','Jakarta Selatan','Wisma Tamara 4th floor room 403 Jl Jend Sudirman Kav 24 Jakarta 12920','EF Language Programs Abroad','021 5203655','021 5204707','arleta@ef.com','','<p>International</p>','2012-08-14'),(54,'Puspitasari Gunawan /Tetty Novomaria ','p','Jakarta Utara','Jl. Boulevard Timur Raya Blok CA No. 2 Kelapa Gading Permai Jakarta Utara','Education Information Center (EIC) ','021 451 3008','021 452 8520','eic_indo@yahoo.com','','<p>International</p>','2012-08-14'),(55,'','l','Jakarta Selatan','S Widjojo 10th floor Jl Jenderal Sudirman 71 Jakarta 12190','Exist Overseas Education Consultants','021 5263956, 5263941','021 5265779','existjkt@centrin.net.id','','<p>International</p>','2012-08-14'),(56,'Jimmy Kamajaya / Lusiana Metasanggara ','l','Jakarta Utara','Bukit Gading Mediterania Blok AA No.32 Jalan Boulevard BGR, Kelapa Gading Barat Jakarta Utara 14241, Indonesia','Global One Interactive','021 4585 7278, 4584 5528','021 4585 7279','global_one@cbn.net.id','','<p>International</p>','2012-08-14'),(57,'Yenny Lim, Rosa Cecilia','p','Jakarta Barat','Kompleks Roxy Mas Blok C4 No 12 Jl KH HAsyim Ashari 125B Jakarta 10150','Palmers Education','021 6332053','021 6327424','palmers@dnet.net.id','','<p>International</p>','2012-08-14'),(58,'CINDY ','p','Pekanbaru','Jl. Dr. Sam Ratu Langi No. 6 Lt.2 Pekanbaru','IES ','0761-856810','','','','<p>International</p>','2012-08-14'),(59,'RIA WIJAYA','p','Surabaya','Landmark Delta Permai No.AB Floor l Jl. Raya Panjang Jiwa Permai, Surabaya 60299','OVERSEAS EDUCATION & CULTURAL','031 - 8474792','031- 8474792','','','<p>International</p>','2012-08-14'),(60,'IKA / KARIN','p','Bekasi','Pondok Pekayon Indah Blok A12 No. 5 Bekasi Selatan','Explore Education','021-3153927','021-82043','','','<p>LIMKOKWING, UNITEN, UKM, UTM ,INTERNATIONAL SHOOL, ETC.</p>','2012-08-14'),(61,'ARIEF','l','Jakarta Utara','MEGAMALL 3rd Floor, 41 B, Jl. Pluit Indah Raya, Jakarta 14440','LINCOLN EDUCATION','021 666 70355','021-66670354','','','<p>UCSI</p>','2012-08-14'),(62,'KAVIN','l','Jakarta Barat','Gedung Graha Kencana, Level 9 Unit A Jl. Raya Perjuangan No.88 Kebon Jeruk','SUN EDUCATION CONSULTANT','021 -53660001','021 -53660012','harianto@Suneducationgroup.com','','<p>International</p>','2012-08-14'),(63,'Catharina Jenny','p','Jakarta Barat','Komp Ruko Roxi Mas Blok D5 No14 Jl. KH. Hasyim Ashari Jakarta','MEDIA Education','021-632 8261','021-632 2160','Jenny@media-link.or.id','','<p>International</p>','2012-08-14'),(64,'Opie/Dita','p','Jakarta Utara','Jl BOULEVARD ARTHA GADING KAV>Komersial Blok D/5 Lt.2 Kelapa Gading Jakarta Utara','OVERSEAS ZONE EDUCATION','021-4587 4787','021-4586 6204','marketing@overseaszone.com','','<p>SEGI College, Monas, SUNWAY</p>','2012-08-14'),(65,'SHANTI','p','Samarinda','Jl. Gurami No.38 Depan Navigasi Jembatan 1, Samarinda Kaltim','LINGUA  EDUCATION CONSULTANT','0541-732470','0541-731821','','','<p>SUNWAY, MONAS, UCSI</p>','2012-08-14'),(66,'Mrs. ESTER','p','Denpasar','Pertokoaan Sudirman Agung Blok B-16, Denpasar Bali','UNIVERSAL SERVICE','361 241 288 ','0361 740 7941','','','<p>Limkokwing, Help univ, APIIT /UCTI</p>','2012-08-14'),(67,'SYAKIEB TALIB','p','Surabaya','JL. CILIWUNG 39 SURABAYA 60241','NIS EDU Consultant','031 5678 664','031 605 39545','','','','2012-08-14'),(68,'Nana','l','Medan','KO,PLEKS MEGA MAS BLOK 1-12 MEDAN 20216','FIRST  CLASS EDUCATION CENTRE','0261 735 9675','0261 732 1342','sms_education@yahoo.com','','<p>Limkokwing, Help univ, APIIT /UCTI</p>','2012-08-14'),(69,'IDA / ITA','p','Jakarta Selatan','Wisma Tendean Lt.4 Jl. Kap.P. Tendean No.7 Jak-Sel 12790','SPECTRA PERFORMA','021-7990366 , 79198486','021-7990366','spectra@cbn.net.id','','<p>LEGENDA UNIVERSITY COLLEGE, ICOM, STAMFORD University, Wahdi Sofia International School, etc</p>','2012-08-14');

--
-- Table structure for table `alumni`
--

CREATE TABLE `alumni` (
  `AlumniID` int(11) NOT NULL AUTO_INCREMENT,
  `Name` varchar(150) NOT NULL,
  `Address` varchar(500) NOT NULL,
  `Phone` varchar(50) NOT NULL,
  `Email` varchar(150) NOT NULL,
  `CV` varchar(100) NOT NULL,
  `Image` varchar(150) NOT NULL,
  `Description` longtext NOT NULL,
  `Tahun` varchar(10) NOT NULL,
  `Almamater` varchar(250) NOT NULL,
  PRIMARY KEY (`AlumniID`)
) ENGINE=InnoDB AUTO_INCREMENT=14 DEFAULT CHARSET=latin1 COLLATE=latin1_swedish_ci;

--
-- Dumping data for table `alumni`
--

INSERT INTO `alumni` VALUES (6,'Dadang','Perancis','123456','dadang@dada.com','sji2012_05.jpg','sji2012_04.jpg','<p>Dadang is one of the best alumni.</p>','2011','International Medical University (IMU)'),(9,'Bonbon','Duren','963258','bonbon@es.com','sji2012_02.jpg','sji2012_00.jpg','<p>Bonbon is one of several people that got scholarship from this university</p>','2011','International Medical University (IMU)'),(10,'dudung','dsfghdfjg','416+461','sfhgfujkjhk','img04.jpg','img01.jpg','<p>hgkghl tsgjhg hshjkhk</p>','2011','Management & Science University (MSU)'),(11,'dedeng','gdhdjgk','451310321','koghcjnghk','img02.jpg','01.jpg','<p>gfjgkgli</p>','2012','International Medical University (IMU)'),(12,'diding','mfldnhglnldfksnh','164651321','dmfgkndsgklnd','04.jpg','02.jpg','<p>jfbs;jk vsdlhgnbkdfmg n bngdlmn</p>','2012','Management & Science University (MSU)'),(13,'Renville','Sunter','0215708920','renviller@gmail.com','','Koala.jpg','<p>renville</p>','2011','International Medical University (IMU)');

--
-- Table structure for table `article`
--

CREATE TABLE `article` (
  `id` int(11) NOT NULL AUTO_INCREMENT,
  `subject` varchar(255) NOT NULL,
  `summary` text NOT NULL,
  `tgl` timestamp NOT NULL DEFAULT current_timestamp(),
  `filepdf` varchar(255) NOT NULL,
  `full_text` text NOT NULL,
  `tag` text NOT NULL,
  `key_url` text NOT NULL,
  PRIMARY KEY (`id`)
) ENGINE=MyISAM AUTO_INCREMENT=93 DEFAULT CHARSET=latin1 COLLATE=latin1_swedish_ci;

--
-- Dumping data for table `article`
--

INSERT INTO `article` VALUES (88,'Grand Launching','','2012-04-26 18:01:10','','<span style=\"line-height: 1.5em !important; color: rgb(51, 51, 51); font-size: 14px; text-align: justify; background-color: rgb(255, 255, 255); \">On behalf of all stakeholders, we are pleased to announce that The Education Malaysia website was launched in the beginning of February 2012.</span><br style=\"color: rgb(51, 51, 51); font-size: 14px; line-height: 20px; text-align: justify; \"><br style=\"color: rgb(51, 51, 51); font-size: 14px; line-height: 20px; text-align: justify; \"><span style=\"line-height: 1.5em !important; color: rgb(51, 51, 51); font-size: 14px; text-align: justify; background-color: rgb(255, 255, 255); \">26-28 Februari 2012</span><br style=\"color: rgb(51, 51, 51); font-size: 14px; line-height: 20px; text-align: justify; \"><span style=\"line-height: 1.5em !important; color: rgb(51, 51, 51); font-size: 14px; text-align: justify; background-color: rgb(255, 255, 255); \">28 Februari - 4 Maret 2012</span><font size=\"2\"><span style=\"line-height: 1.5em !important;\">&nbsp;</span></font>','','Grand Launching'),(90,'Soft Launching','','2012-04-26 19:53:02','','<span style=\"color: rgb(51, 51, 51); font-size: 14px; line-height: 20px; text-align: justify; background-color: rgb(255, 255, 255); \">The beta version of Education Malaysia Website was launch in mid January 2012. Congratulation!</span><div><span style=\"color: rgb(51, 51, 51); font-size: 14px; line-height: 20px; text-align: justify; background-color: rgb(255, 255, 255); \"><br></span></div><div><span style=\"color: rgb(51, 51, 51); font-size: 14px; line-height: 20px; text-align: justify; background-color: rgb(255, 255, 255); \">7-12 Februari 2012&nbsp;</span></div>','','Soft Launching'),(92,'Graduate','','2012-08-10 03:44:34','','Graduate berita <a href=\"http://www.kompas.com\">kompas</a>','','Graduate');

--
-- Table structure for table `awalan`
--

CREATE TABLE `awalan` (
  `AwalanID` int(11) NOT NULL AUTO_INCREMENT,
  `Title` varchar(100) NOT NULL,
  `ShortDescription` varchar(500) NOT NULL,
  `Link` varchar(150) NOT NULL,
  `Image` varchar(100) NOT NULL,
  `DateEntry` timestamp NOT NULL DEFAULT current_timestamp() ON UPDATE current_timestamp(),
  PRIMARY KEY (`AwalanID`)
) ENGINE=InnoDB AUTO_INCREMENT=6 DEFAULT CHARSET=latin1 COLLATE=latin1_swedish_ci;

--
-- Dumping data for table `awalan`
--

INSERT INTO `awalan` VALUES (2,'Alumni','Saling bertukar informasi sesama alumnus','futuremediatrix.com/demo/educationmalaysia/alumni.php','img04.jpg','2012-05-08 17:56:18'),(3,'Syaratnya','6 Langkah mudah untuk belajar di Malaysia','futuremediatrix.com/demo/educationmalaysia/artikel.php?ref=104','img02.jpg','2012-05-08 17:55:34'),(4,'Sebagai Pelajar','Kenapa belajar di Malaysia','futuremediatrix.com/demo/educationmalaysia/artikel.php?ref=103','img01.jpg','2012-05-08 17:53:26'),(5,'Paruh Waktu','Bekerja paruh waktu','futuremediatrix.com/demo/educationmalaysia/artikel.php?ref=105','img03.jpg','2012-05-08 17:55:54');

--
-- Table structure for table `category`
--

CREATE TABLE `category` (
  `CatID` int(11) NOT NULL AUTO_INCREMENT,
  `Type` varchar(100) NOT NULL,
  `Place` varchar(100) NOT NULL,
  `Category` varchar(200) NOT NULL,
  PRIMARY KEY (`CatID`)
) ENGINE=InnoDB AUTO_INCREMENT=32 DEFAULT CHARSET=latin1 COLLATE=latin1_swedish_ci;

--
-- Dumping data for table `category`
--

INSERT INTO `category` VALUES (8,'foto','Jakarta','SIRI JELAJAH INDONESIA 2012'),(11,'alumni','','asdadas'),(12,'alumni','','adasd'),(13,'foto','Makassar','SIRI JELAJAH INDONESIA 2012'),(14,'foto','Manado','SIRI JELAJAH INDONESIA 2012'),(15,'foto','Bandung','SIRI JELAJAH INDONESIA 2012'),(16,'foto','Surabaya','SIRI JELAJAH INDONESIA 2012'),(25,'tahunalumni','','2011'),(26,'tahunalumni','','2012'),(27,'almamateralumni','','International Medical University (IMU)'),(28,'almamateralumni','','Management & Science University (MSU)'),(29,'tahunalumni','','2010'),(31,'tahunalumni','','2009');

--
-- Table structure for table `contactus`
--

CREATE TABLE `contactus` (
  `MessageID` int(20) NOT NULL AUTO_INCREMENT,
  `Name` varchar(150) NOT NULL,
  `IP` varchar(100) NOT NULL,
  `Email` varchar(100) NOT NULL,
  `Message` longtext NOT NULL,
  PRIMARY KEY (`MessageID`)
) ENGINE=InnoDB AUTO_INCREMENT=54 DEFAULT CHARSET=latin1 COLLATE=latin1_swedish_ci;

--
-- Dumping data for table `contactus`
--

INSERT INTO `contactus` VALUES (53,'asdfasda','127.0.0.1','asdsada@jhas.com','sdsadasdasd');

--
-- Table structure for table `description`
--

CREATE TABLE `description` (
  `DescriptionID` int(11) NOT NULL AUTO_INCREMENT,
  `Description` longtext NOT NULL,
  `Cat` varchar(100) NOT NULL,
  PRIMARY KEY (`DescriptionID`)
) ENGINE=InnoDB AUTO_INCREMENT=3 DEFAULT CHARSET=latin1 COLLATE=latin1_swedish_ci;

--
-- Dumping data for table `description`
--

INSERT INTO `description` VALUES (1,'<h3>Program Sarjana</h3>\r\n<p>Program sarjana malaysia memberikan siswa internasional kesempatan fantastis baik di publik dan swasta institusi pendidikan tinggi. Belajar bersama kami selama 3 tahun atau lebih pada salah satu dari lebih dari 200 derajat. Jika anda berencana untuk mendaftar di lembaga tinggi umum, pastikan anda memeriksa di website universitas untuk rincian tentang bagaimana menerapkan dan tenggat waktu.</p>','main'),(2,'<p>\r\n<table border=\"0\">\r\n<tbody>\r\n<tr align=\"left\" valign=\"top\">\r\n<td>\r\n<p>Address: &nbsp; &nbsp; &nbsp; &nbsp; &nbsp; &nbsp; &nbsp; &nbsp; &nbsp;</p>\r\n</td>\r\n<td align=\"left\" valign=\"top\">\r\n<p>Malaysia Education Promotion Centre<br />Education Malaysia Indonesia<br />EMBASSY OF MALAYSIA - JAKARTA</p>\r\n<p>Wisma Kodel, Lantai Dasar Jl. HR Rasuna Said.<br />Kuningan Kav. B4 Jakarta, 12920 Indonesia</p>\r\n</td>\r\n</tr>\r\n<tr align=\"left\" valign=\"top\">\r\n<td>Phone:</td>\r\n<td>00-62-21-522 2270/252 4544</td>\r\n</tr>\r\n<tr align=\"left\" valign=\"top\">\r\n<td>Fax:</td>\r\n<td>00-62-21-252 4548&nbsp;</td>\r\n</tr>\r\n<tr align=\"left\" valign=\"top\">\r\n<td>Email:</td>\r\n<td>info@educationmalaysia.or.id</td>\r\n</tr>\r\n</tbody>\r\n</table>\r\n</p>','contact');

--
-- Table structure for table `foto`
--

CREATE TABLE `foto` (
  `FotoID` int(11) NOT NULL AUTO_INCREMENT,
  `Image` varchar(100) NOT NULL,
  `Category` varchar(200) NOT NULL,
  PRIMARY KEY (`FotoID`)
) ENGINE=InnoDB AUTO_INCREMENT=50 DEFAULT CHARSET=latin1 COLLATE=latin1_swedish_ci;

--
-- Dumping data for table `foto`
--

INSERT INTO `foto` VALUES (19,'slider-portfolio.png','11'),(20,'sji2012_00.jpg','8'),(21,'sji2012_01.jpg','8'),(22,'sji2012_02.jpg','8'),(23,'sji2012_03.jpg','8'),(24,'sji2012_04.jpg','8'),(25,'sji2012_05.jpg','8'),(26,'sji2012_00 (1).jpg','13'),(27,'sji2012_01.jpg','13'),(28,'sji2012_02.jpg','13'),(29,'sji2012_03.jpg','13'),(30,'sji2012_04.jpg','13'),(31,'sji2012_05.jpg','13'),(32,'sji2012_00.jpg','14'),(33,'sji2012_01.jpg','14'),(34,'sji2012_02.jpg','14'),(35,'sji2012_03.jpg','14'),(36,'sji2012_04.jpg','14'),(37,'sji2012_05.jpg','14'),(38,'sji2012_00 (1).jpg','15'),(39,'sji2012_01.jpg','15'),(40,'sji2012_02.jpg','15'),(41,'sji2012_03.jpg','15'),(42,'sji2012_04.jpg','15'),(43,'sji2012_05.jpg','15'),(44,'sji2012_00 (1).jpg','16'),(45,'sji2012_01.jpg','16'),(46,'sji2012_02.jpg','16'),(47,'sji2012_03.jpg','16'),(48,'sji2012_04.jpg','16'),(49,'sji2012_05.jpg','16');

--
-- Table structure for table `meta`
--

CREATE TABLE `meta` (
  `MetaTitle` longtext NOT NULL,
  `MetaKeyword` longtext NOT NULL,
  `MetaDescription` longtext NOT NULL
) ENGINE=InnoDB DEFAULT CHARSET=latin1 COLLATE=latin1_swedish_ci;

--
-- Dumping data for table `meta`
--

INSERT INTO `meta` VALUES ('test2ewew','test2','test3');

--
-- Table structure for table `post`
--

CREATE TABLE `post` (
  `PostID` int(20) NOT NULL AUTO_INCREMENT,
  `Sub` int(20) NOT NULL,
  `Ordering` int(20) NOT NULL,
  `Title` varchar(200) NOT NULL,
  `ShortDescription` longtext NOT NULL,
  `Description` longtext NOT NULL,
  `Banner` varchar(100) NOT NULL,
  `MetaTitle` longtext NOT NULL,
  `MetaKeyword` longtext NOT NULL,
  `MetaDescription` longtext NOT NULL,
  `DateEntry` timestamp NOT NULL DEFAULT current_timestamp() ON UPDATE current_timestamp(),
  `Highlight` int(11) NOT NULL DEFAULT 0,
  `Type` varchar(100) NOT NULL,
  `Prefix` varchar(100) NOT NULL,
  `Activate` int(11) NOT NULL DEFAULT 1,
  PRIMARY KEY (`PostID`)
) ENGINE=InnoDB AUTO_INCREMENT=120 DEFAULT CHARSET=latin1 COLLATE=latin1_swedish_ci;

--
-- Dumping data for table `post`
--

INSERT INTO `post` VALUES (85,0,1,'Beranda','','','','','','','2012-04-13 20:09:30',0,'module','main',1),(87,0,2,'Tentang EM','','<h3>Tentang EM</h3>\r\n<p><img class=\"center\" src=\"images/struktur-organisasi-1.jpg\" alt=\"\" /><br /><br /> MASA DEPAN GEMILANG DALAM GENGGAMAN<br /><br /> <strong>Pilihan Program Pendidikan Berkualitas dan Standar International</strong><br /> Pelajar lokal dan asing yang ingin melanjutkan pendidikan tingginya di Malaysia dimanja oleh berbagai macam pilihan bidang studi yang ditawarkan oleh universitas lokal dan luar negeri yang sesuai dengan preferensi setiap individu dengan harga terjangkau. Institusi pendidikan tinggi swasta menawarkan kursus internal yang bermutu international, kursus professional dan semi professional dan kursus bahasa inggris. Ini dapat dilihat dari kecenderungan universitas dari Inggris dan Australia untuk membuka kampus cabang di Malaysia. Dan berbagai universitas dari Amerika Serikat, Inggris, Kanada, Australia, Prancis, Jerman dan Selandia Baru yang menawarkan program kembar, franchised dan external yang bekerjasama dengan lembaga pendidikan di Malaysia. Universitas swasta juga menawarkan program sarjana dengan harga terjangkau dan bermutu tinggi sebagai tambahan.<br /><br /> Dipercaya sebagai pusat pendidikan yang bermutu di Asia Tenggara dan Asia Pasific, Program pendidikan Malaysia yang ditawarkan institusi pendidikan tinggi swasta (PHEIS) berkualitas tinggi dan standar internasional dimana operasionalnya dimonitor oleh pemerintah. Dengan pengakuan dari KEMENTRIAN TINGGI MALAYSIA, LEMBAGA-LEMBAGA PENDIDIKAN DI ATUR DALAM UNDANG-UNDANG KETETAPAN PENDIDIKAN 1996. AMANDEMEN PENDIDIKAN TINGGI 1996, KETETAPAN PENDIDIKAN LEMBAGA TINGGI TINGGI SWASTA 1996, KETETAPAN DEWAN NASIONAL TENTANG PENDIDIKAN TINGGI 1996 DAN AKTA KUALIFIKASI AGEN MALAYSIA 2007.</p>','','','','','2012-05-08 18:10:43',0,'post','about',1),(88,0,3,'Program Pendidikan','','<h3>Program Pendidikan</h3>\r\n<p>PILIHAN PROGRAM STUDY YANG BERANEKA RAGAM                  Ada banyak Universitas/Perguruan Tinggi di Malaysia yang memberikan para pelajar pilihan program bidang study sesuai dengan keinginan dengan kualitas pendidikan terbaik berstandar internasional.</p>\r\n<ul>\r\n<li>Bisnis</li>\r\n<li>Teknik</li>\r\n<li>IT</li>\r\n<li>Marketing</li>\r\n<li>Akutansi</li>\r\n<li>Mass Comm</li>\r\n<li>Bahasa</li>\r\n<li>Perhotelan dan Pelancongan</li>\r\n<li>Farmasi</li>\r\n<li>Keperawatan</li>\r\n<li>Pertanian</li>\r\n<li>Kulinari</li>\r\n</ul>','','','','','2012-05-08 18:11:43',0,'post','program_pendidikan',1),(89,0,4,'Universitas','','<h3>Universitas</h3>\r\n<p><a href=\"artikel.php?ref=99\">Univesitas Negeri</a><br /><a href=\"artikel.php?ref=100\">Universitas Swasta</a><br /><a href=\"artikel.php?ref=101\">Cabang Kampus Universitas Asing</a><br /><a href=\"artikel.php?ref=102\">Kolej Universiti (Perguruan Tinggi setingkat Universitas)</a></p>','','','','','2012-05-08 18:02:23',0,'post','universitas',1),(90,0,5,'Panduan','','<h3>Panduan</h3>\r\n<p><a href=\"artikel.php?ref=103\">Kenapa Belajar di Malaysia?</a><br /> <a href=\"artikel.php?ref=104\">6 Langkah Mudah Untuk Belajar di Malaysia</a><br /> <a href=\"artikel.php?ref=105\">Bekerja Paruh Waktu</a><br /> <a href=\"artikel.php?ref=106\">Pendidikan Berkualitas dengan Biaya Terjangkau</a></p>','','','','','2012-05-08 18:02:23',0,'post','panduan',1),(91,0,6,'Galery','','','','','','','2012-05-08 18:02:23',0,'menu','',1),(92,0,8,'Kontak','','','','','','','2012-11-05 12:30:51',0,'module','contact',1),(96,88,2,'Program Transfer Sarjana','','<h3 style=\"text-align: center;\"><strong>Program Transfer Sarjana</strong></h3>\r\n<ul>\r\n<li><strong>Program Berkembar</strong><br />Memberikan kesempatan kepada pelajar untuk memenuhi program pembelajaran pada tahun pertama atau kedua di perguruan tinggi setempat dengan sisa tahun berikutnya di lanjutkan di Universitas di luar negeri yang bersangkutan yan akan memberikan kualifikasi sarjana</li>\r\n<li><strong>Program Transfer Nilai Kredit</strong><br />Berarti perguruan tinggi swasta mempunyai hubungan dengan berbagai universitas luar negeri dan para pelajar yang sudah memiliki syarat nilai kredit dapat ditransfer ke universitas-universitas luar negeri sesuai dengan pilihan mereka. Pengaturan yang fleksibel ini merupakan system yang paling popular dengan Universitas Amerika Serikat.</li>\r\n<li><strong>Program Pindahan</strong><br />Mengharuskan para pelajar untuk menghabiskan waktu 1-2 tahun di perguruan tinggi swasta dalam negeri dimana fakultas-fakultas dan mata pelajaran yang ditawarkan sudah diakui dan disesuaikan dengan status &ldquo;Advance Standing&rdquo; oleh universitas-universitas luar negeri. Ini berarti fakultas-fakultas tersebut (beserta mata pelajarannya) sudah diakui, baik sebagian maupun semuanya, dan para pelajarnya akan mendapatkan gelar diploma sebagai persyaratan untuk masuk ke universitas luar negeri. Kenudian gelar sarjana akan di berikan pada para pelajar yang telah sukses menyelesaikan sisa bagian dari program tersebut.</li>\r\n</ul>\r\n<p>&nbsp;</p>','','','','','2012-08-14 03:48:35',0,'post','',1),(97,88,3,'Program Sarjana Penuh','','<h3>Program Sarjana Penuh</h3>\r\n<p>Program ini memberikan kesempatan kepada para pelajar untuk menyelesaikan program sarjana secara keseluruhan di perguruan tinggi swasta yang ada di Malaysia</p>\r\n<ul>\r\n<li> <strong>Program Gelar Sarjana 3+0 dari Universitas luar negeri</strong><br /> Program gelar sarjana 3+0 dari Universitas Luar Negeri Pada Program ini, Perguruan Tinggi swasta mendapatkan izin dari universitas-universitas asing yang merupakan partner dari perguruan tinggi swasta tersebut yang akan memberikan gelar kualifikasi sarjana. Pilihan belajar jenis ini, sejak yahun 1998 telah menjadikan Malaysia sebagai tujuan pendidikan popular di kalangan pelajar yang ingin menghemat pengeluaran. </li>\r\n<li> <strong>Program External untuk kualifikasi sarjana</strong><br /> Program Eksternal untuk Kualifikasi Sarjana Program Eksternal di perguruan tinggi swasta berfungsi untuk mempersiapkan para pelajar dengan pelajaran tambahan dala menghadapi ujian akhir. Gelar yang didapat tidak berbeda dari para pelajar secara langsung di unversitas negeri maupun swasta. </li>\r\n<li> <strong>Program Belajar di Universitas Swasta Malaysia</strong><br /> Pelajar dapat belajar di universitas yang dibutuhkan di Malaysia untuk mendapatkan kualifikasi sarjana S1 dan pascasarjana dimana bahasa inggris adalah bahasa pengantar. Biaya kuliah cukup rendah disamping telah dia akui di seluruh dunia. Kampus-kampus ini banyak di cari ole pelajar setempat maupun pelajar Internasional. Bidang pendidikan termasuk bisnis, sains computer, teknik, IT, Kedokteran, Sosial dan juga bahasa. </li>\r\n<li> <strong>Pilihan Belajar di Kampus Cabang Universitas Asing</strong><br /> Cabang kampus Universitas asing yang terletak di Malaysia menawarkan kualitas sarjana yang sama persis dari dari segala aspek dengan kualifikasi dari kampus utama yang terletak di Negara asal.</li>\r\n</ul>','','','','','2012-05-08 18:13:25',0,'post','',1),(98,88,9,'Program Penggajian Tinggi','','<h3>Pilihan Program Penggajian Tinggi Malaysia</h3>\r\n<h4>Management &amp; Ekonomi</h4>\r\n<ul>\r\n<li>Asia Pasific Institute Of International Technology (APIIT Kuala Lumpur)</li>\r\n<li>Nilai University College</li>\r\n<li>UCSI University</li>\r\n<li>HELP University</li>\r\n<li>TAYLOR&rsquo;S University College</li>\r\n<li>Management &amp; Science University (MSU)</li>\r\n</ul>\r\n<h4>Teknik (Engineering)</h4>\r\n<ul>\r\n<li>Asia Pasific University College of Technology &amp; Innovation (UCTI)</li>\r\n<li>INTI International University</li>\r\n<li>University Tenaga Nasional(UNITEN)</li>\r\n<li>University Kuala Lumpur(UNKL)</li>\r\n<li>Universitas TENGKU ABDUL RAHMAN(UTAR)</li>\r\n<li>Kaual Lumpur Infrastructure University College(KLIUC)</li>\r\n<li>TATI University College</li>\r\n</ul>\r\n<h4>Psikologi</h4>\r\n<ul>\r\n<li>HELP University College</li>\r\n<li>MONASH University</li>\r\n<li>SUNWAY University College</li>\r\n<li>UCSI University</li>\r\n<li>SEGI University College</li>\r\n<li>International Medical University (IMU)</li>\r\n</ul>\r\n<h4>Akuntansi &amp; Bisnis</h4>\r\n<ul>\r\n<li>Binary University College of Management And Enterpreneurship (BUCME)</li>\r\n<li>Management &amp; Science University (MSU)</li>\r\n<li>NILAI University College</li>\r\n<li>Darul Aman (INSANIAH)</li>\r\n<li>International Centre for Education In Islamic Finance</li>\r\n<li>UCSI University</li>\r\n<li>SEGI University College</li>\r\n</ul>\r\n<h4>Perhotelan, Kulineri dan Mass Comin</h4>\r\n<ul>\r\n<li>Taylor&rsquo;s University College</li>\r\n<li>Berjaya University College of Hospitality</li>\r\n<li>Limkokwing University of Creative Technology</li>\r\n<li>Nilai University College</li>\r\n<li>Sunway University College</li>\r\n</ul>\r\n<h4>Farmasi dan Keperawatan</h4>\r\n<ul>\r\n<li>Mahsa University College</li>\r\n<li>Aimst University</li>\r\n<li>Cyberjaya University College of Medical Science</li>\r\n<li>Internasional University College of Nursing (IUCN)</li>\r\n</ul>\r\n<h4>Art, Design dan Musik</h4>\r\n<ul>\r\n<li>Limkokwing University of Creative Technology</li>\r\n<li>Ucsi University</li>\r\n<li>University Industry Selangor (UNISEL)</li>\r\n<li>Kuala Lumpur Metropolitan University College</li>\r\n<li>University Kuala Lumpur (UNIKL)</li>\r\n<li>International College Of usic (ICOM)</li>\r\n</ul>','','','','','2012-05-08 18:14:37',0,'post','',1),(99,89,10,'Universitas Negeri','','<h3><strong>Universitas Negeri</strong></h3>\r\n<ul>\r\n<li><span style=\"font-family: arial, helvetica, sans-serif;\">Universiti Malaya, (UM)<br />Website :&nbsp;<a href=\"http://www.um.edu.my/\" target=\"_blank\">www.um.edu.my</a><br /></span></li>\r\n<li><span style=\"font-family: arial, helvetica, sans-serif;\">Universiti Sains Malaysia (USM)<br />Website :&nbsp;<a href=\"http://www.usm.my/\" target=\"_blank\">www.usm.my</a><br /></span></li>\r\n<li><span style=\"font-family: arial, helvetica, sans-serif;\">Universiti Kebangsaan Malaysia (UKM)<br />Website :&nbsp;<a href=\"http://www.ukm.my/\" target=\"_blank\">www.ukm.my</a><br /></span></li>\r\n<li><span style=\"font-family: arial, helvetica, sans-serif;\">Universiti Putra Malaysia (UPM)<br />Website :&nbsp;<a href=\"http://www.upm.edu.my/\" target=\"_blank\">www.upm.edu.my</a><br /></span></li>\r\n<li><span style=\"font-family: arial, helvetica, sans-serif;\">Universiti Teknologi Malaysia (UTM)<br />Website :&nbsp;<a href=\"http://www.utm.my/\" target=\"_blank\">www.utm.my</a><br /></span></li>\r\n<li><span style=\"font-family: arial, helvetica, sans-serif;\">Universiti Teknologi Mara (UiTM)<br />Website :&nbsp;<a href=\"http://www.uitm.edu.my/\" target=\"_blank\">www.uitm.edu.my</a><br /></span></li>\r\n<li><span style=\"font-family: arial, helvetica, sans-serif;\">Universiti Islam Antarabangsa Malaysia (UIAM)<br />Website :&nbsp;<a href=\"http://www.iiu.edu.my/\" target=\"_blank\">www.iiu.edu.my</a><br /></span></li>\r\n<li><span style=\"font-family: arial, helvetica, sans-serif;\">Universiti Utara Malaysia (UUM)<br />Website :&nbsp;<a href=\"http://www.uum.edu.my/\" target=\"_blank\">www.uum.edu.my</a><br /></span></li>\r\n<li><span style=\"font-family: arial, helvetica, sans-serif;\">Universiti Malaysia Sarawak (UNIMAS)<br />Website :&nbsp;<a href=\"http://www.unimas.edu.my/\" target=\"_blank\">www.unimas.edu.my</a><br /></span></li>\r\n<li><span style=\"font-family: arial, helvetica, sans-serif;\">Universiti Malaysia Sabah (UMS)<br />Website :&nbsp;<a href=\"http://www.ums.edu.my/\" target=\"_blank\">www.ums.edu.my</a><br /></span></li>\r\n<li><span style=\"font-family: arial, helvetica, sans-serif;\">Universiti Pendidikan Sultan Idris (UPSI)<br />Website :&nbsp;<a href=\"http://www.upsi.edu.my/\" target=\"_blank\">www.upsi.edu.my</a><br /></span></li>\r\n<li><span style=\"font-family: arial, helvetica, sans-serif;\">Universiti Sains Islam Malaysia (USIM)<br />Website :&nbsp;<a href=\"http://www.usim.edu.my/\" target=\"_blank\">www.usim.edu.my</a><br /></span></li>\r\n<li><span style=\"font-family: arial, helvetica, sans-serif;\">Malaysia Terengganu (UMT)<br />Website :&nbsp;<a href=\"http://www.umt.edu.my/\" target=\"_blank\">www.umt.edu.my</a><br /></span></li>\r\n<li><span style=\"font-family: arial, helvetica, sans-serif;\">Universiti Tun Husein Onn Malaysia (UTHM)<br />Website :&nbsp;<a href=\"http://www.uthm.edu.my/\" target=\"_blank\">www.uthm.edu.my</a><br /></span></li>\r\n<li><span style=\"font-family: arial, helvetica, sans-serif;\">Universiti Teknikal Malaysia Melaka (UTeM)<br />Website :&nbsp;<a href=\"http://www.utem.edu.my/\" target=\"_blank\">www.utem.edu.my</a><br /></span></li>\r\n<li><span style=\"font-family: arial, helvetica, sans-serif;\">Universiti Malaysia Pahang (UMP)<br />Website :&nbsp;<a href=\"http://www.ump.edu.my/\" target=\"_blank\">www.ump.edu.my</a><br /></span></li>\r\n<li><span style=\"font-family: arial, helvetica, sans-serif;\">Universiti Malaysia Perlis (UniMAP)<br />Website :&nbsp;<a href=\"http://www.unimap.edu.my/\" target=\"_blank\">www.unimap.edu.my</a><br /></span></li>\r\n<li><span style=\"font-family: arial, helvetica, sans-serif;\">Universiti Darul Iman (UDM)<br />Website :&nbsp;<a href=\"http://www.udm.edu.my/\" target=\"_blank\">www.udm.edu.my</a><br /></span></li>\r\n<li><span style=\"font-family: arial, helvetica, sans-serif;\">Universiti Malaysia Kelantan (UMK)<br />Website :&nbsp;<a href=\"http://www.umk.edu.my/\" target=\"_blank\">www.umk.edu.my</a><br /></span></li>\r\n<li><span style=\"font-family: arial, helvetica, sans-serif;\">Universiti Pertahanan Nasional Malaysia (UPNM)<br />Website :&nbsp;<a href=\"http://www.upnm.edu.my/\" target=\"_blank\">www.upnm.edu.my</a></span></li>\r\n</ul>\r\n<p>&nbsp;</p>','','','','','2012-08-14 03:53:41',0,'post','',1),(100,89,11,'Universitas Swasta','','<h3>Universitas Swasta</h3>\r\n<ul>\r\n<li>Universiti Multimedia Malaysia (MMU)<br />Website :&nbsp;<a href=\"http://www.mmu.edu.my/\" target=\"_blank\">www.mmu.edu.my</a><br /></li>\r\n<li>Universiti Tenaga Nasional (UNITEN)(2 Campuses)<br />Website :&nbsp;<a href=\"http://www.uniten.edu.my/\" target=\"_blank\">www.uniten.edu.my</a><br /></li>\r\n<li>Universiti Teknologi Petronas (UTP)<br />Website :&nbsp;<a href=\"http://www.utp.edu.my/\" target=\"_blank\">www.utp.edu.my</a><br /></li>\r\n<li>Internasional Medical University (IMU)<br />Website :&nbsp;<a href=\"http://www.imu.edu.my/\" target=\"_blank\">www.imu.edu.my</a><br /></li>\r\n<li>Universiti Tun Abdul Razak (UNITAR)(2 Campuses)<br />Website :&nbsp;<a href=\"http://www.unitar.edu.my/\" target=\"_blank\">www.unitar.edu.my</a><br /></li>\r\n<li>Universiti Industri Selangor (UNISEL) (2 Campuses)<br />Website :&nbsp;<a href=\"http://www.unisel.edu.my/\" target=\"_blank\">www.unisel.edu.my</a><br /></li>\r\n<li>Open Universiti Malaysia (OUM)<br />Website :&nbsp;<a href=\"http://www.oum.edu.my/\" target=\"_blank\">www.oum.edu.my</a><br /></li>\r\n<li>AIMST University<br />Website :&nbsp;<a href=\"http://www.aimst.edu.my/\" target=\"_blank\">www.aimst.edu.my</a><br /></li>\r\n<li>Universiti Tunku Abdul Rahman (UTAR)(4 Campuses)<br />Website :&nbsp;<a href=\"http://www.utar.edu.my/\" target=\"_blank\">www.utar.edu.my</a><br /></li>\r\n<li>University Kuala Lumpur (UniKL) (9 Campuses)<br />Website :&nbsp;<a href=\"http://www.unikl.edu.my/\" target=\"_blank\">www.unikl.edu.my</a><br /></li>\r\n<li>Management &amp; Science University (MSU)<br />Website :&nbsp;<a href=\"http://educationmalaysia.or.id/www.msu.edu.my\" target=\"_blank\">www.msu.edu.my</a><br /></li>\r\n<li>LinKokWing University of Creative Technology<br />Website :&nbsp;<a href=\"http://www.linkokwing.edu.my/\" target=\"_blank\">www.linkokwing.edu.my</a><br /></li>\r\n<li>Universiti Terbuka Wawasan<br />Website :&nbsp;<a href=\"http://www.wou.edu.my/\" target=\"_blank\">www.wou.edu.my</a><br /></li>\r\n<li>INTI Internasional University<br />Website :&nbsp;<a href=\"http://www.inti.edu.my/\" target=\"_blank\">www.inti.edu.my</a><br /></li>\r\n<li>University Antar Bangsa Albukhary Asia e University (AeU)<br />Website :&nbsp;<a href=\"http://www.aeu.edu.my/\" target=\"_blank\">www.aeu.edu.my</a><br /></li>\r\n<li>Al Madinah Internasional University Internasional Centre<br />for Education in Islamic Finance<br /></li>\r\n<li>UCSI Universiti (3Campuses)<br />Website :&nbsp;<a href=\"http://www.ucsi.edu.my/\" target=\"_blank\">www.ucsi.edu.my</a><br /></li>\r\n<li>Premire International University Perak<br /></li>\r\n<li>Kuala Lumpur Infrastructure University College (KLIUC)<br />Website :&nbsp;<a href=\"http://www.kliuc.edu.my/\" target=\"_blank\">www.kliuc.edu.my</a><br /></li>\r\n<li>Asia Pasific University College of Technology &amp; Innovation (UCTI)<br />Website :&nbsp;<a href=\"http://www.ucti.edu.my/\" target=\"_blank\">www.ucti.edu.my</a><br /></li>\r\n<li>Binary University College of Management and Enterpreneurship<br />Website :&nbsp;<a href=\"http://www.binary.edu.my/\" target=\"_blank\">www.binary.edu.my</a><br /></li>\r\n<li>Sunway University College<br />Website :&nbsp;<a href=\"http://www.binary.edu.my/\" target=\"_blank\">www.binary.edu.my</a><br /></li>\r\n<li>HELP University College<br />Website :&nbsp;<a href=\"http://www.help.edu.my/\" target=\"_blank\">www.help.edu.my</a><br /></li>\r\n<li>Selangor International Islamic University College<br />Website :&nbsp;<a href=\"http://www.kuis.edu.my/\" target=\"_blank\">www.kuis.edu.my</a><br /></li>\r\n<li>Cyber Jaya University Colege of Medical Science<br />Website :&nbsp;<a href=\"http://www.cybermed.edu.my/\" target=\"_blank\">www.cybermed.edu.my</a><br /></li>\r\n<li>Insani University College<br />Website :&nbsp;<a href=\"http://www.kuin.edu.my/\" target=\"_blank\">www.kuin.edu.my</a><br /></li>\r\n<li>Kuala Lumpur Metropolitan University College<br />Website :&nbsp;<a href=\"http://www.kimuc.edu.my/\" target=\"_blank\">www.kimuc.edu.my</a><br /></li>\r\n<li>Taylor University College<br />Website :&nbsp;<a href=\"http://www.taylors.edu.my/\" target=\"_blank\">www.taylors.edu.my</a><br /></li>\r\n<li>Nilai University College<br />Website :&nbsp;<a href=\"http://www.nilai.edu.my/\" target=\"_blank\">www.nilai.edu.my</a><br /></li>\r\n<li>TATI University College<br />Website :&nbsp;<a href=\"http://www.tati.edu.my/\" target=\"_blank\">www.tati.edu.my</a><br /></li>\r\n<li>SEGI University College<br />Website :&nbsp;<a href=\"http://www.segi.edu.my/\" target=\"_blank\">www.segi.edu.my</a><br /></li>\r\n<li>Berjaya University College of Hospitality<br />Website :&nbsp;<a href=\"http://www.berjay.edu.my/\" target=\"_blank\">www.berjay.edu.my</a><br /></li>\r\n<li>Master Skill University College Health Science<br />Website :&nbsp;<a href=\"http://www.masterskill.edu.my/\" target=\"_blank\">www.masterskill.edu.my</a><br /></li>\r\n<li>Malaysia University of Science and Technology (MUST)<br />Website :&nbsp;<a href=\"http://www.must.edu.my/\" target=\"_blank\">www.must.edu.my</a><br /></li>\r\n<li>International University College of Nursing (IUCN)<br /></li>\r\n<li>MAHSA University College<br />Website :&nbsp;<a href=\"http://www.mahsa.edu.my/\" target=\"_blank\">www.mahsa.edu.my</a><br /></li>\r\n<li>Linton University College<br />Website :&nbsp;<a href=\"http://www.legendagroup.edu.my/\" target=\"_blank\">www.legendagroup.edu.my</a><br /></li>\r\n<li>City University College of Science and Technology<br />Website :&nbsp;<a href=\"http://www.city.edu.my/\" target=\"_blank\">www.city.edu.my</a><br /></li>\r\n<li>Melaka Islamic University College<br />Website :&nbsp;<a href=\"http://www.ktmi.edu.my/\" target=\"_blank\">www.ktmi.edu.my</a></li>\r\n</ul>\r\n<p>&nbsp;</p>','','','','','2012-04-16 15:15:14',0,'post','',1),(101,89,12,'Cabang Universitas Asing','','<h3>Cabang Kampus Universitas Asing</h3>\r\n<ul>\r\n<li>University Monash Malaysia, Selangor<br />Website :&nbsp;<a href=\"http://www.monash.edu.my/\" target=\"_blank\">www.monash.edu.my</a><br /></li>\r\n<li>Curtin University of Technology Serawak Campus<br />Website :&nbsp;<a href=\"http://www.curtin.edu.my/\" target=\"_blank\">www.curtin.edu.my</a><br /></li>\r\n<li>The University of Nottingham Malaysia Campus<br />Website :&nbsp;<a href=\"http://www.nottingham.edu.my/\" target=\"_blank\">www.nottingham.edu.my</a><br /></li>\r\n<li>Swinburne University of Technology ( Serawak Campus)<br />Website :&nbsp;<a href=\"http://www.swinburne.edu.my/\" target=\"_blank\">www.swinburne.edu.my</a><br /></li>\r\n<li>Newcastle University Medicine Malaysia<br />Website :&nbsp;<a href=\"http://numed.ncl.ac.uk/\" target=\"_blank\">http://numed.ncl.ac.uk</a><br /></li>\r\n<li>Universiti Tenaga Nasional (UNITEN), Selangor</li>\r\n<li>Universiti Industri Selangor (UNISEL), Selangor</li>\r\n<li>Universiti Multimedia Malaysia (MMU), Selangor</li>\r\n<li>Universiti Perubatan Antarabangsa (IMU), Kuala Lumpur</li>\r\n<li>Universiti Teknologi Petronas (UTP), Perak</li>\r\n<li>Universiti Terbuka Malaysia (OUM), Selangor</li>\r\n<li>Universiti Tun Abdul Razak (UNITAR), Selangor</li>\r\n<li>Universiti Nottingham Malaysia (UNiM), Kuala Lumpur</li>\r\n<li>Universiti Teknologi Curtin, Sarawak</li>\r\n<li>FTMS De Monfort University, Kuala Lumpur</li>\r\n<li>Universiti Tunku Abdul Rahman (UTAR), Kuala Lumpur</li>\r\n<li>[Unity International College Malaysia], Kuala Lumpur</li>\r\n</ul>\r\n<p>&nbsp;</p>','','','','','2012-04-16 15:16:00',0,'post','',1),(102,89,13,'Setingkat Universitas','','<h3>Daftar Kolej Universiti (Perguruan Tinggi setingkat Universitas)</h3>\r\n<ul>\r\n<li>Kolej Sultan Abdul Hamid</li>\r\n<li>Kolej Universiti Islam Malaysia (KUIM), Kuala Lumpur</li>\r\n<li>Kolej Universiti Sains dan Teknologi Malaysia (KUSTEM), Terengganu</li>\r\n<li>Kolej Universiti Teknologi Tun Hussein Onn (KUiTTHO), Johor</li>\r\n<li>Kolej Universiti Kejuruteraan Utara Malaysia (KUKUM), Perlis</li>\r\n<li>Kolej Universiti Kejuruteraan dan Teknologi Malaysia (KUKTEM), Pahang</li>\r\n<li>Kolej Universiti Teknologi dan Pengurusan Malaysia (KUTPM), Selangor</li>\r\n<li>Kolej Universiti Taylors, Shah Alam, Kuala Lumpur</li>\r\n</ul>\r\n<p>&nbsp;</p>','','','','','2012-04-16 15:16:49',0,'post','',1),(103,90,14,'Kenapa Belajar di Malaysia?','','<h3>Kenapa Belajar di Malaysia?</h3>\r\n<p>Banyak yang harus dipertimbangkan oleh pelajar-pelajar dan para orangtua sebelum memutuskan untuk belajar program, apa dan dimana. Dengan memilih Malaysia sebgai tempat belajar, pelajar mendapat keuntungan dari:</p>\r\n<ul>\r\n<li> Pendidikan yang berkualitas tinggi dengan taraf Internasional, yang dimonitor oleh Kementrian Pengajian Tinggi Malaysia, melalui pengendali kwalitas yang berwenang dan undang-undang yang sesuai, seperti Education Act Malaysian Qualification Agency Act 2007. </li>\r\n<li> Harga kursus yang terjangkau dan pilihan kursus-kursus popular yang luas. </li>\r\n<li> Pilihan untuk belajar yang luas dan banyak universitas untuk memenuhi keinginan Individu, seperti: Home grown, Twinning degree (2+1, 3+1 dst), Credit transfer program, 3+0 foreign university degree, Degree from a foreign university branch campus, Open/Distance learning, Short-course program, edu tourism. </li>\r\n<li> Cabang-cabang dari universitas luar negeri yang beroperasi di Malaysia memungkinkan pelajar memperoleh kualitas berstandar Internasional. Total ada sekitar 500 institusi pendidikan tinggi. </li>\r\n<li> Pilihan belajar di perguruan tinggi swasta </li>\r\n<li> Program transfer sarjana </li>\r\n<li> Program sarjana penuh </li>\r\n<li> Universitas luar negeri </li>\r\n</ul>','','','','','2012-05-08 18:16:13',0,'post','',1),(104,90,15,'6 Langkah Mudah','','<h3>6 Langkah Mudah Untuk Belajar di Malaysia</h3>\r\n<ul>\r\n<li> Mengajukan formulir aplikasi universitas sesuai dokumen </li>\r\n<li> Universitas/perguruan tinggi membantu mengajukan kartu tanda mahasiswa ke Departemen Imigrasi Malaysia </li>\r\n<li> Surat izin kartu tanda mahasiswa di keluarkan oleh Departemen Imigrasi Malaysia </li>\r\n<li> Mahasiswa memberitahukan Universitas/perguruan tinggi nomor penerbangan, tanggal dan waktu kedatangannya. </li>\r\n<li> Ketika sampai di bandara, perwakilan universitas/perguruan tinggi akan menerima mahasiswa di check-point imigrasi. </li>\r\n<li> Dalam waktu 2 minggu setelah kedatangan mahasiswa, universitas/perguruan tinggi akan menyerahkan passport pelajar keDepartemen Imigrasi untuk di tempelkan stiker kartu tanda mahasiswa. </li>\r\n</ul>','','','','','2012-04-16 15:09:50',0,'post','',1),(105,90,16,'Bekerja Paruh Waktu','','<h3>Bekerja Paruh Waktu</h3>\r\n<ul>\r\n<li> Mahasiswa diijinkan bekerja paruh waktu MAKSIMAL 20 jam per minggu hanya pada saat libur semester atau liburan yang lebih dari 7 hari. </li>\r\n<li> Lokasi yang diizinkan: restoran, SPBU, mini market dan hotel selama kartu mahasiswa masih berlaku. </li>\r\n<li> Mahasiswa tidak diijinkan bekerja sebagai kasir. </li>\r\n<li> Pada sector hotel, mahasiswa DILARANG bekerja sebai penyanyi, tukang pijat, musisi, GRO dan kegiatan yang dianggap tidak bermoral. </li>\r\n<li> Aplikasi untuk bekerja paruh waktu harus dibaut oleh institusi pendidikan tempat mahasiswa belajar. </li>\r\n<li> Mahasiswa harus hadir dengan perwakilan lembaga pendidikan di Departemen Imigrasi ketika mengajukan aplikasi. </li>\r\n</ul>','','','','','2012-04-16 15:10:27',0,'post','',1),(106,90,17,'Pendidikan Berkualitas','','<h3>Pendidikan Berkualitas dengan Biaya Terjangkau</h3>\r\n<p>Daya tarik bagi pelajar asing untuk belajar dimalaysia karena biaya hidup yang relative murah. Total biaya pengeluaran untuk tempat tinggal baik didalam kampus maupun d luar kampus di sesuaikan dengan kemampuan keuangan para pelajar. Berdasarkan lokasi tinggal dan juga pilihan, biaya rata-rata sewa kamar untuk ditempati satu orang (single room) atau dua orang berbagi satu kamar (twin sharing room) adalah berkisar antara RM 300-RM 450 (USD 86-USD 129). Pengeluaran lain-lain seperti makanan, transportasi, laundry, dan sebagainya diperkirakan antara RM 700-RM 950 (USD 200-USD 270/bulan).<br /> Maka Rata-rata total biaya hidup setiap tahun adalah RM 12.000-RM 17.000 (USD 3.430-USD 4860).</p>\r\n<h4>PERBANDINGAN BIAYA</h4>\r\n<p><br /> Biaya Pendidikan untuk Akreditasi Gelar standar \"Washington Accord\"</p>\r\n<div>\r\n<div class=\"left\" style=\"width: 180px; text-align: left;\"><strong>Negara</strong></div>\r\n<div class=\"left\" style=\"width: 120px;\"><strong>Biaya Kuliah</strong></div>\r\n<div class=\"left\" style=\"width: 120px;\"><strong>Biaya Hidup</strong></div>\r\n</div>\r\n<p>&nbsp;</p>\r\n<div>\r\n<div class=\"left\" style=\"width: 180px; text-align: left;\">Malaysia (Negeri)</div>\r\n<div class=\"left\" style=\"width: 120px;\">USD 3.000</div>\r\n<div class=\"left\" style=\"width: 120px;\">USD 5.000</div>\r\n</div>\r\n<p>&nbsp;</p>\r\n<div>\r\n<div class=\"left\" style=\"width: 180px; text-align: left;\">Malaysia (Swasta)</div>\r\n<div class=\"left\" style=\"width: 120px;\">USD 6.000</div>\r\n<div class=\"left\" style=\"width: 120px;\">USD 5.000</div>\r\n</div>\r\n<p>&nbsp;</p>\r\n<div>\r\n<div class=\"left\" style=\"width: 180px; text-align: left;\">Singapura</div>\r\n<div class=\"left\" style=\"width: 120px;\">USD 15.000</div>\r\n<div class=\"left\" style=\"width: 120px;\">USD 11.000</div>\r\n</div>\r\n<p>&nbsp;</p>\r\n<div>\r\n<div class=\"left\" style=\"width: 180px; text-align: left;\">Kanada</div>\r\n<div class=\"left\" style=\"width: 120px;\">USD 16.000</div>\r\n<div class=\"left\" style=\"width: 120px;\">USD 12.000</div>\r\n</div>\r\n<p>&nbsp;</p>\r\n<div>\r\n<div class=\"left\" style=\"width: 180px; text-align: left;\">Australia</div>\r\n<div class=\"left\" style=\"width: 120px;\">USD 17.000</div>\r\n<div class=\"left\" style=\"width: 120px;\">USD 13.000</div>\r\n</div>\r\n<p>&nbsp;</p>\r\n<div>\r\n<div class=\"left\" style=\"width: 180px; text-align: left;\">Inggris</div>\r\n<div class=\"left\" style=\"width: 120px;\">USD 18.000</div>\r\n<div class=\"left\" style=\"width: 120px;\">USD 13.000</div>\r\n</div>\r\n<p>&nbsp;</p>\r\n<div>\r\n<div class=\"left\" style=\"width: 180px; text-align: left;\">Amerika Serikat (Negeri)</div>\r\n<div class=\"left\" style=\"width: 120px;\">USD 18.000</div>\r\n<div class=\"left\" style=\"width: 120px;\">USD 12.000</div>\r\n</div>\r\n<p>&nbsp;</p>\r\n<div>\r\n<div class=\"left\" style=\"width: 180px; text-align: left;\">Amerika Serikat (Swasta)</div>\r\n<div class=\"left\" style=\"width: 120px;\">USD 35.000</div>\r\n<div class=\"left\" style=\"width: 120px;\">USD 12.000</div>\r\n</div>','','','','','2012-04-30 13:55:23',0,'post','',1),(107,91,18,'Berita','','<p>dadadadadadadada</p>','','','','','2012-04-16 17:51:33',0,'module','berita',1),(108,91,19,'Video','','','','','','','2012-04-23 18:59:00',0,'module','video',1),(109,91,20,'Foto','','','','','','','2012-04-16 15:26:59',0,'module','foto',1),(110,0,7,'Community','','','','','','','2012-05-08 18:02:23',0,'menu','',1),(112,110,22,'Alumni','','<p><span style=\"font-size: medium;\"><strong>Alumni</strong></span></p>\r\n<p><span style=\"font-size: small;\">\"Lorem ipsum dolor sit amet, consectetur adipisicing elit, sed do eiusmod tempor incididunt ut labore et dolore magna aliqua. Ut enim ad minim veniam, quis nostrud exercitation ullamco laboris nisi ut aliquip ex ea commodo consequat. Duis aute irure dolor in reprehenderit in voluptate velit esse cillum dolore eu fugiat nulla pariatur. Excepteur sint occaecat cupidatat non proident, sunt in culpa qui officia deserunt mollit anim id est laborum.\"</span></p>','','','','','2012-04-24 21:38:14',0,'module','alumni',1),(118,110,1,'Agent','','','','','','','2012-04-16 18:53:24',0,'module','agent',1),(119,87,23,'Organization Structure ','','','','','','','2012-08-10 03:58:49',0,'post','',1);

--
-- Table structure for table `slide`
--

CREATE TABLE `slide` (
  `SlideID` int(11) NOT NULL AUTO_INCREMENT,
  `Image` varchar(200) NOT NULL,
  PRIMARY KEY (`SlideID`)
) ENGINE=InnoDB AUTO_INCREMENT=11 DEFAULT CHARSET=latin1 COLLATE=latin1_swedish_ci;

--
-- Dumping data for table `slide`
--

INSERT INTO `slide` VALUES (6,'01.jpg'),(7,'02.jpg'),(8,'03.jpg'),(9,'04.jpg'),(10,'05.jpg');

--
-- Table structure for table `video`
--

CREATE TABLE `video` (
  `VideoID` int(11) NOT NULL AUTO_INCREMENT,
  `Title` varchar(150) NOT NULL,
  `Link` longtext NOT NULL,
  PRIMARY KEY (`VideoID`)
) ENGINE=InnoDB AUTO_INCREMENT=7 DEFAULT CHARSET=latin1 COLLATE=latin1_swedish_ci;

--
-- Dumping data for table `video`
--

INSERT INTO `video` VALUES (5,'Education Malaysia','<p style=\"text-align: center;\">\r\n<object classid=\"clsid:d27cdb6e-ae6d-11cf-96b8-444553540000\" width=\"425\" height=\"350\" codebase=\"http://download.macromedia.com/pub/shockwave/cabs/flash/swflash.cab#version=6,0,40,0\">\r\n<param name=\"src\" value=\"http://www.youtube.com/v/BvPhAd7fs0E\" /><embed type=\"application/x-shockwave-flash\" width=\"425\" height=\"350\" src=\"http://www.youtube.com/v/BvPhAd7fs0E\"></embed>\r\n</object>\r\n</p>\r\n<p>&nbsp;</p>\r\n<p>&nbsp;</p>'),(6,'Globalising Malaysian Education','<p>\r\n<object classid=\"clsid:d27cdb6e-ae6d-11cf-96b8-444553540000\" width=\"425\" height=\"350\" codebase=\"http://download.macromedia.com/pub/shockwave/cabs/flash/swflash.cab#version=6,0,40,0\">\r\n<param name=\"src\" value=\"http://www.youtube.com/v/mPQZi3gE3XE\" /><embed type=\"application/x-shockwave-flash\" width=\"425\" height=\"350\" src=\"http://www.youtube.com/v/mPQZi3gE3XE\"></embed>\r\n</object>\r\n</p>');


