--
-- Host: localhost    Database: fmedia_lokalo
-- ------------------------------------------------------


--
-- Table structure for table `lk_address`
--

CREATE TABLE `lk_address` (
  `address_id` int(11) NOT NULL AUTO_INCREMENT,
  `customer_id` int(11) NOT NULL,
  `firstname` varchar(32) NOT NULL,
  `lastname` varchar(32) NOT NULL,
  `company` varchar(40) NOT NULL,
  `address_1` varchar(128) NOT NULL,
  `address_2` varchar(128) NOT NULL,
  `city` varchar(128) NOT NULL,
  `postcode` varchar(10) NOT NULL,
  `country_id` int(11) NOT NULL DEFAULT 0,
  `zone_id` int(11) NOT NULL DEFAULT 0,
  `custom_field` text NOT NULL,
  PRIMARY KEY (`address_id`),
  KEY `customer_id` (`customer_id`)
) ENGINE=MyISAM AUTO_INCREMENT=4 DEFAULT CHARSET=utf8 COLLATE=utf8_general_ci;

--
-- Dumping data for table `lk_address`
--

INSERT INTO `lk_address` VALUES (1,1,'John','Doe','Webkul','Noida','Noida','Noida','110092',99,1489,''),(2,2,'Test','Test','Webkul','Noida','Noida','Noida','110092',218,3418,''),(3,3,'Henrico','Wijaya','','Jalan Dr Susilo IIE nomor 102A','','Jakarta','11450',100,1513,'[]');

--
-- Table structure for table `lk_affiliate`
--

CREATE TABLE `lk_affiliate` (
  `affiliate_id` int(11) NOT NULL AUTO_INCREMENT,
  `firstname` varchar(32) NOT NULL,
  `lastname` varchar(32) NOT NULL,
  `email` varchar(96) NOT NULL,
  `telephone` varchar(32) NOT NULL,
  `fax` varchar(32) NOT NULL,
  `password` varchar(40) NOT NULL,
  `salt` varchar(9) NOT NULL,
  `company` varchar(40) NOT NULL,
  `website` varchar(255) NOT NULL,
  `address_1` varchar(128) NOT NULL,
  `address_2` varchar(128) NOT NULL,
  `city` varchar(128) NOT NULL,
  `postcode` varchar(10) NOT NULL,
  `country_id` int(11) NOT NULL,
  `zone_id` int(11) NOT NULL,
  `code` varchar(64) NOT NULL,
  `commission` decimal(4,2) NOT NULL DEFAULT 0.00,
  `tax` varchar(64) NOT NULL,
  `payment` varchar(6) NOT NULL,
  `cheque` varchar(100) NOT NULL,
  `paypal` varchar(64) NOT NULL,
  `bank_name` varchar(64) NOT NULL,
  `bank_branch_number` varchar(64) NOT NULL,
  `bank_swift_code` varchar(64) NOT NULL,
  `bank_account_name` varchar(64) NOT NULL,
  `bank_account_number` varchar(64) NOT NULL,
  `ip` varchar(40) NOT NULL,
  `status` tinyint(1) NOT NULL,
  `approved` tinyint(1) NOT NULL,
  `date_added` datetime NOT NULL,
  PRIMARY KEY (`affiliate_id`)
) ENGINE=MyISAM DEFAULT CHARSET=utf8 COLLATE=utf8_general_ci;

--
-- Dumping data for table `lk_affiliate`
--


--
-- Table structure for table `lk_affiliate_activity`
--

CREATE TABLE `lk_affiliate_activity` (
  `affiliate_activity_id` int(11) NOT NULL AUTO_INCREMENT,
  `affiliate_id` int(11) NOT NULL,
  `key` varchar(64) NOT NULL,
  `data` text NOT NULL,
  `ip` varchar(40) NOT NULL,
  `date_added` datetime NOT NULL,
  PRIMARY KEY (`affiliate_activity_id`)
) ENGINE=MyISAM DEFAULT CHARSET=utf8 COLLATE=utf8_general_ci;

--
-- Dumping data for table `lk_affiliate_activity`
--


--
-- Table structure for table `lk_affiliate_login`
--

CREATE TABLE `lk_affiliate_login` (
  `affiliate_login_id` int(11) NOT NULL AUTO_INCREMENT,
  `email` varchar(96) NOT NULL,
  `ip` varchar(40) NOT NULL,
  `total` int(4) NOT NULL,
  `date_added` datetime NOT NULL,
  `date_modified` datetime NOT NULL,
  PRIMARY KEY (`affiliate_login_id`),
  KEY `email` (`email`),
  KEY `ip` (`ip`)
) ENGINE=MyISAM DEFAULT CHARSET=utf8 COLLATE=utf8_general_ci;

--
-- Dumping data for table `lk_affiliate_login`
--


--
-- Table structure for table `lk_affiliate_transaction`
--

CREATE TABLE `lk_affiliate_transaction` (
  `affiliate_transaction_id` int(11) NOT NULL AUTO_INCREMENT,
  `affiliate_id` int(11) NOT NULL,
  `order_id` int(11) NOT NULL,
  `description` text NOT NULL,
  `amount` decimal(15,4) NOT NULL,
  `date_added` datetime NOT NULL,
  PRIMARY KEY (`affiliate_transaction_id`)
) ENGINE=MyISAM DEFAULT CHARSET=utf8 COLLATE=utf8_general_ci;

--
-- Dumping data for table `lk_affiliate_transaction`
--


--
-- Table structure for table `lk_api`
--

CREATE TABLE `lk_api` (
  `api_id` int(11) NOT NULL AUTO_INCREMENT,
  `name` varchar(64) NOT NULL,
  `key` text NOT NULL,
  `status` tinyint(1) NOT NULL,
  `date_added` datetime NOT NULL,
  `date_modified` datetime NOT NULL,
  PRIMARY KEY (`api_id`)
) ENGINE=MyISAM AUTO_INCREMENT=2 DEFAULT CHARSET=utf8 COLLATE=utf8_general_ci;

--
-- Dumping data for table `lk_api`
--

INSERT INTO `lk_api` VALUES (1,'Default','CkD8071AR0LvuW3J5FNMhKt8nxe0yyvZk0l5ECsVX0v6wNjZFFSrfg3z72kIjv2nEjw9fxnWO2ZXXEIIc29TpDzXYQ57py5S2bar7WTmdpn1Je7wWnKXXIr4pt9GEZT1Bi6q1lji0dbPURxQfYguGb4yfDfWCxZTmzPS4M1WTSNrKoU9o3p9rAfmF3TpAygr4nd1aFxawRBNm15xHiCWMqKmImp0irFVquJ8HwxHNe4ieuluSeGlyNga2NOEP7t3',1,'2017-08-22 07:23:29','2017-08-22 07:23:29');

--
-- Table structure for table `lk_api_ip`
--

CREATE TABLE `lk_api_ip` (
  `api_ip_id` int(11) NOT NULL AUTO_INCREMENT,
  `api_id` int(11) NOT NULL,
  `ip` varchar(40) NOT NULL,
  PRIMARY KEY (`api_ip_id`)
) ENGINE=MyISAM DEFAULT CHARSET=utf8 COLLATE=utf8_general_ci;

--
-- Dumping data for table `lk_api_ip`
--


--
-- Table structure for table `lk_api_session`
--

CREATE TABLE `lk_api_session` (
  `api_session_id` int(11) NOT NULL AUTO_INCREMENT,
  `api_id` int(11) NOT NULL,
  `token` varchar(32) NOT NULL,
  `session_id` varchar(32) NOT NULL,
  `session_name` varchar(32) NOT NULL,
  `ip` varchar(40) NOT NULL,
  `date_added` datetime NOT NULL,
  `date_modified` datetime NOT NULL,
  PRIMARY KEY (`api_session_id`)
) ENGINE=MyISAM DEFAULT CHARSET=utf8 COLLATE=utf8_general_ci;

--
-- Dumping data for table `lk_api_session`
--


--
-- Table structure for table `lk_attribute`
--

CREATE TABLE `lk_attribute` (
  `attribute_id` int(11) NOT NULL AUTO_INCREMENT,
  `attribute_group_id` int(11) NOT NULL,
  `sort_order` int(3) NOT NULL,
  PRIMARY KEY (`attribute_id`)
) ENGINE=MyISAM AUTO_INCREMENT=12 DEFAULT CHARSET=utf8 COLLATE=utf8_general_ci;

--
-- Dumping data for table `lk_attribute`
--

INSERT INTO `lk_attribute` VALUES (1,6,1),(2,6,5),(3,6,3),(4,3,1),(5,3,2),(6,3,3),(7,3,4),(8,3,5),(9,3,6),(10,3,7),(11,3,8);

--
-- Table structure for table `lk_attribute_description`
--

CREATE TABLE `lk_attribute_description` (
  `attribute_id` int(11) NOT NULL,
  `language_id` int(11) NOT NULL,
  `name` varchar(64) NOT NULL,
  PRIMARY KEY (`attribute_id`,`language_id`)
) ENGINE=MyISAM DEFAULT CHARSET=utf8 COLLATE=utf8_general_ci;

--
-- Dumping data for table `lk_attribute_description`
--

INSERT INTO `lk_attribute_description` VALUES (1,1,'Description'),(2,1,'No. of Cores'),(4,1,'test 1'),(5,1,'test 2'),(6,1,'test 3'),(7,1,'test 4'),(8,1,'test 5'),(9,1,'test 6'),(10,1,'test 7'),(11,1,'test 8'),(3,1,'Clockspeed');

--
-- Table structure for table `lk_attribute_group`
--

CREATE TABLE `lk_attribute_group` (
  `attribute_group_id` int(11) NOT NULL AUTO_INCREMENT,
  `sort_order` int(3) NOT NULL,
  PRIMARY KEY (`attribute_group_id`)
) ENGINE=MyISAM AUTO_INCREMENT=7 DEFAULT CHARSET=utf8 COLLATE=utf8_general_ci;

--
-- Dumping data for table `lk_attribute_group`
--

INSERT INTO `lk_attribute_group` VALUES (3,2),(4,1),(5,3),(6,4);

--
-- Table structure for table `lk_attribute_group_description`
--

CREATE TABLE `lk_attribute_group_description` (
  `attribute_group_id` int(11) NOT NULL,
  `language_id` int(11) NOT NULL,
  `name` varchar(64) NOT NULL,
  PRIMARY KEY (`attribute_group_id`,`language_id`)
) ENGINE=MyISAM DEFAULT CHARSET=utf8 COLLATE=utf8_general_ci;

--
-- Dumping data for table `lk_attribute_group_description`
--

INSERT INTO `lk_attribute_group_description` VALUES (3,1,'Memory'),(4,1,'Technical'),(5,1,'Motherboard'),(6,1,'Processor');

--
-- Table structure for table `lk_banner`
--

CREATE TABLE `lk_banner` (
  `banner_id` int(11) NOT NULL AUTO_INCREMENT,
  `name` varchar(64) NOT NULL,
  `status` tinyint(1) NOT NULL,
  PRIMARY KEY (`banner_id`)
) ENGINE=MyISAM AUTO_INCREMENT=9 DEFAULT CHARSET=utf8 COLLATE=utf8_general_ci;

--
-- Dumping data for table `lk_banner`
--

INSERT INTO `lk_banner` VALUES (6,'HP Products',1),(7,'Home Page Slideshow',1),(8,'Manufacturers',1);

--
-- Table structure for table `lk_banner_image`
--

CREATE TABLE `lk_banner_image` (
  `banner_image_id` int(11) NOT NULL AUTO_INCREMENT,
  `banner_id` int(11) NOT NULL,
  `language_id` int(11) NOT NULL,
  `title` varchar(64) NOT NULL,
  `link` varchar(255) NOT NULL,
  `image` varchar(255) NOT NULL,
  `sort_order` int(3) NOT NULL DEFAULT 0,
  PRIMARY KEY (`banner_image_id`)
) ENGINE=MyISAM AUTO_INCREMENT=99 DEFAULT CHARSET=utf8 COLLATE=utf8_general_ci;

--
-- Dumping data for table `lk_banner_image`
--

INSERT INTO `lk_banner_image` VALUES (79,7,1,'iPhone 6','index.php?route=product/product&amp;path=57&amp;product_id=49','catalog/demo/banners/iPhone6.jpg',0),(87,6,1,'HP Banner','index.php?route=product/manufacturer/info&amp;manufacturer_id=7','catalog/demo/compaq_presario.jpg',0),(94,8,1,'NFL','','catalog/demo/manufacturer/nfl.png',0),(95,8,1,'RedBull','','catalog/demo/manufacturer/redbull.png',0),(96,8,1,'Sony','','catalog/demo/manufacturer/sony.png',0),(91,8,1,'Coca Cola','','catalog/demo/manufacturer/cocacola.png',0),(92,8,1,'Burger King','','catalog/demo/manufacturer/burgerking.png',0),(93,8,1,'Canon','','catalog/demo/manufacturer/canon.png',0),(88,8,1,'Harley Davidson','','catalog/demo/manufacturer/harley.png',0),(89,8,1,'Dell','','catalog/demo/manufacturer/dell.png',0),(90,8,1,'Disney','','catalog/demo/manufacturer/disney.png',0),(80,7,1,'MacBookAir','','catalog/demo/banners/MacBookAir.jpg',0),(97,8,1,'Starbucks','','catalog/demo/manufacturer/starbucks.png',0),(98,8,1,'Nintendo','','catalog/demo/manufacturer/nintendo.png',0);

--
-- Table structure for table `lk_cart`
--

CREATE TABLE `lk_cart` (
  `cart_id` int(11) unsigned NOT NULL AUTO_INCREMENT,
  `api_id` int(11) NOT NULL,
  `customer_id` int(11) NOT NULL,
  `session_id` varchar(32) NOT NULL,
  `product_id` int(11) NOT NULL,
  `recurring_id` int(11) NOT NULL,
  `option` text NOT NULL,
  `quantity` int(5) NOT NULL,
  `date_added` datetime NOT NULL,
  PRIMARY KEY (`cart_id`),
  KEY `cart_id` (`api_id`,`customer_id`,`session_id`,`product_id`,`recurring_id`)
) ENGINE=InnoDB AUTO_INCREMENT=3 DEFAULT CHARSET=utf8 COLLATE=utf8_general_ci;

--
-- Dumping data for table `lk_cart`
--

INSERT INTO `lk_cart` VALUES (1,0,1,'tv2sbj286u38isvk111gcdjm57',50,0,'[]',2,'2017-08-23 23:48:06'),(2,0,3,'6m8m1a84q06vfmtqo4mm2hngh5',43,0,'[]',1,'2017-09-22 10:38:15');

--
-- Table structure for table `lk_category`
--

CREATE TABLE `lk_category` (
  `category_id` int(11) NOT NULL AUTO_INCREMENT,
  `image` varchar(255) DEFAULT NULL,
  `parent_id` int(11) NOT NULL DEFAULT 0,
  `top` tinyint(1) NOT NULL,
  `column` int(3) NOT NULL,
  `sort_order` int(3) NOT NULL DEFAULT 0,
  `status` tinyint(1) NOT NULL,
  `date_added` datetime NOT NULL,
  `date_modified` datetime NOT NULL,
  PRIMARY KEY (`category_id`),
  KEY `parent_id` (`parent_id`)
) ENGINE=MyISAM AUTO_INCREMENT=59 DEFAULT CHARSET=utf8 COLLATE=utf8_general_ci;

--
-- Dumping data for table `lk_category`
--

INSERT INTO `lk_category` VALUES (25,'',0,1,1,3,1,'2009-01-31 01:04:25','2011-05-30 12:14:55'),(27,'',20,0,0,2,1,'2009-01-31 01:55:34','2010-08-22 06:32:15'),(20,'catalog/demo/compaq_presario.jpg',0,1,1,1,1,'2009-01-05 21:49:43','2011-07-16 02:14:42'),(24,'',0,1,1,5,1,'2009-01-20 02:36:26','2011-05-30 12:15:18'),(18,'catalog/demo/hp_2.jpg',0,1,0,2,1,'2009-01-05 21:49:15','2011-05-30 12:13:55'),(17,'',0,1,1,4,1,'2009-01-03 21:08:57','2011-05-30 12:15:11'),(28,'',25,0,0,1,1,'2009-02-02 13:11:12','2010-08-22 06:32:46'),(26,'',20,0,0,1,1,'2009-01-31 01:55:14','2010-08-22 06:31:45'),(29,'',25,0,0,1,1,'2009-02-02 13:11:37','2010-08-22 06:32:39'),(30,'',25,0,0,1,1,'2009-02-02 13:11:59','2010-08-22 06:33:00'),(31,'',25,0,0,1,1,'2009-02-03 14:17:24','2010-08-22 06:33:06'),(32,'',25,0,0,1,1,'2009-02-03 14:17:34','2010-08-22 06:33:12'),(33,'',0,1,1,6,1,'2009-02-03 14:17:55','2011-05-30 12:15:25'),(34,'catalog/demo/ipod_touch_4.jpg',0,1,4,7,1,'2009-02-03 14:18:11','2011-05-30 12:15:31'),(35,'',28,0,0,0,1,'2010-09-17 10:06:48','2010-09-18 14:02:42'),(36,'',28,0,0,0,1,'2010-09-17 10:07:13','2010-09-18 14:02:55'),(37,'',34,0,0,0,1,'2010-09-18 14:03:39','2011-04-22 01:55:08'),(38,'',34,0,0,0,1,'2010-09-18 14:03:51','2010-09-18 14:03:51'),(39,'',34,0,0,0,1,'2010-09-18 14:04:17','2011-04-22 01:55:20'),(40,'',34,0,0,0,1,'2010-09-18 14:05:36','2010-09-18 14:05:36'),(41,'',34,0,0,0,1,'2010-09-18 14:05:49','2011-04-22 01:55:30'),(42,'',34,0,0,0,1,'2010-09-18 14:06:34','2010-11-07 20:31:04'),(43,'',34,0,0,0,1,'2010-09-18 14:06:49','2011-04-22 01:55:40'),(44,'',34,0,0,0,1,'2010-09-21 15:39:21','2010-11-07 20:30:55'),(45,'',18,0,0,0,1,'2010-09-24 18:29:16','2011-04-26 08:52:11'),(46,'',18,0,0,0,1,'2010-09-24 18:29:31','2011-04-26 08:52:23'),(47,'',34,0,0,0,1,'2010-11-07 11:13:16','2010-11-07 11:13:16'),(48,'',34,0,0,0,1,'2010-11-07 11:13:33','2010-11-07 11:13:33'),(49,'',34,0,0,0,1,'2010-11-07 11:14:04','2010-11-07 11:14:04'),(50,'',34,0,0,0,1,'2010-11-07 11:14:23','2011-04-22 01:16:01'),(51,'',34,0,0,0,1,'2010-11-07 11:14:38','2011-04-22 01:16:13'),(52,'',34,0,0,0,1,'2010-11-07 11:16:09','2011-04-22 01:54:57'),(53,'',34,0,0,0,1,'2010-11-07 11:28:53','2011-04-22 01:14:36'),(54,'',34,0,0,0,1,'2010-11-07 11:29:16','2011-04-22 01:16:50'),(55,'',34,0,0,0,1,'2010-11-08 10:31:32','2010-11-08 10:31:32'),(56,'',34,0,0,0,1,'2010-11-08 10:31:50','2011-04-22 01:16:37'),(57,'',0,1,1,3,1,'2011-04-26 08:53:16','2011-05-30 12:15:05'),(58,'',52,0,0,0,1,'2011-05-08 13:44:16','2011-05-08 13:44:16');

--
-- Table structure for table `lk_category_description`
--

CREATE TABLE `lk_category_description` (
  `category_id` int(11) NOT NULL,
  `language_id` int(11) NOT NULL,
  `name` varchar(255) NOT NULL,
  `description` text NOT NULL,
  `meta_title` varchar(255) NOT NULL,
  `meta_description` varchar(255) NOT NULL,
  `meta_keyword` varchar(255) NOT NULL,
  PRIMARY KEY (`category_id`,`language_id`),
  KEY `name` (`name`)
) ENGINE=MyISAM DEFAULT CHARSET=utf8 COLLATE=utf8_general_ci;

--
-- Dumping data for table `lk_category_description`
--

INSERT INTO `lk_category_description` VALUES (28,1,'Monitors','','Monitors','',''),(33,1,'Cameras','','Cameras','',''),(32,1,'Web Cameras','','Web Cameras','',''),(31,1,'Scanners','','Scanners','',''),(30,1,'Printers','','Printers','',''),(29,1,'Mice and Trackballs','','Mice and Trackballs','',''),(27,1,'Mac','','Mac','',''),(26,1,'PC','','PC','',''),(17,1,'Software','','Software','',''),(25,1,'Components','','Components','',''),(24,1,'Phones &amp; PDAs','','Phones &amp; PDAs','',''),(20,1,'Desktops','&lt;p&gt;\r\n	Example of category description text&lt;/p&gt;\r\n','Desktops','Example of category description',''),(35,1,'test 1','','test 1','',''),(36,1,'test 2','','test 2','',''),(37,1,'test 5','','test 5','',''),(38,1,'test 4','','test 4','',''),(39,1,'test 6','','test 6','',''),(40,1,'test 7','','test 7','',''),(41,1,'test 8','','test 8','',''),(42,1,'test 9','','test 9','',''),(43,1,'test 11','','test 11','',''),(34,1,'MP3 Players','&lt;p&gt;\r\n	Shop Laptop feature only the best laptop deals on the market. By comparing laptop deals from the likes of PC World, Comet, Dixons, The Link and Carphone Warehouse, Shop Laptop has the most comprehensive selection of laptops on the internet. At Shop Laptop, we pride ourselves on offering customers the very best laptop deals. From refurbished laptops to netbooks, Shop Laptop ensures that every laptop - in every colour, style, size and technical spec - is featured on the site at the lowest possible price.&lt;/p&gt;\r\n','MP3 Players','',''),(18,1,'Laptops &amp; Notebooks','&lt;p&gt;\r\n	Shop Laptop feature only the best laptop deals on the market. By comparing laptop deals from the likes of PC World, Comet, Dixons, The Link and Carphone Warehouse, Shop Laptop has the most comprehensive selection of laptops on the internet. At Shop Laptop, we pride ourselves on offering customers the very best laptop deals. From refurbished laptops to netbooks, Shop Laptop ensures that every laptop - in every colour, style, size and technical spec - is featured on the site at the lowest possible price.&lt;/p&gt;\r\n','Laptops &amp; Notebooks','',''),(44,1,'test 12','','test 12','',''),(45,1,'Windows','','Windows','',''),(46,1,'Macs','','Macs','',''),(47,1,'test 15','','test 15','',''),(48,1,'test 16','','test 16','',''),(49,1,'test 17','','test 17','',''),(50,1,'test 18','','test 18','',''),(51,1,'test 19','','test 19','',''),(52,1,'test 20','','test 20','',''),(53,1,'test 21','','test 21','',''),(54,1,'test 22','','test 22','',''),(55,1,'test 23','','test 23','',''),(56,1,'test 24','','test 24','',''),(57,1,'Tablets','','Tablets','',''),(58,1,'test 25','','test 25','','');

--
-- Table structure for table `lk_category_filter`
--

CREATE TABLE `lk_category_filter` (
  `category_id` int(11) NOT NULL,
  `filter_id` int(11) NOT NULL,
  PRIMARY KEY (`category_id`,`filter_id`)
) ENGINE=MyISAM DEFAULT CHARSET=utf8 COLLATE=utf8_general_ci;

--
-- Dumping data for table `lk_category_filter`
--


--
-- Table structure for table `lk_category_path`
--

CREATE TABLE `lk_category_path` (
  `category_id` int(11) NOT NULL,
  `path_id` int(11) NOT NULL,
  `level` int(11) NOT NULL,
  PRIMARY KEY (`category_id`,`path_id`)
) ENGINE=MyISAM DEFAULT CHARSET=utf8 COLLATE=utf8_general_ci;

--
-- Dumping data for table `lk_category_path`
--

INSERT INTO `lk_category_path` VALUES (25,25,0),(28,25,0),(28,28,1),(35,25,0),(35,28,1),(35,35,2),(36,25,0),(36,28,1),(36,36,2),(29,25,0),(29,29,1),(30,25,0),(30,30,1),(31,25,0),(31,31,1),(32,25,0),(32,32,1),(20,20,0),(27,20,0),(27,27,1),(26,20,0),(26,26,1),(24,24,0),(18,18,0),(45,18,0),(45,45,1),(46,18,0),(46,46,1),(17,17,0),(33,33,0),(34,34,0),(37,34,0),(37,37,1),(38,34,0),(38,38,1),(39,34,0),(39,39,1),(40,34,0),(40,40,1),(41,34,0),(41,41,1),(42,34,0),(42,42,1),(43,34,0),(43,43,1),(44,34,0),(44,44,1),(47,34,0),(47,47,1),(48,34,0),(48,48,1),(49,34,0),(49,49,1),(50,34,0),(50,50,1),(51,34,0),(51,51,1),(52,34,0),(52,52,1),(58,34,0),(58,52,1),(58,58,2),(53,34,0),(53,53,1),(54,34,0),(54,54,1),(55,34,0),(55,55,1),(56,34,0),(56,56,1),(57,57,0);

--
-- Table structure for table `lk_category_to_layout`
--

CREATE TABLE `lk_category_to_layout` (
  `category_id` int(11) NOT NULL,
  `store_id` int(11) NOT NULL,
  `layout_id` int(11) NOT NULL,
  PRIMARY KEY (`category_id`,`store_id`)
) ENGINE=MyISAM DEFAULT CHARSET=utf8 COLLATE=utf8_general_ci;

--
-- Dumping data for table `lk_category_to_layout`
--


--
-- Table structure for table `lk_category_to_store`
--

CREATE TABLE `lk_category_to_store` (
  `category_id` int(11) NOT NULL,
  `store_id` int(11) NOT NULL,
  PRIMARY KEY (`category_id`,`store_id`)
) ENGINE=MyISAM DEFAULT CHARSET=utf8 COLLATE=utf8_general_ci;

--
-- Dumping data for table `lk_category_to_store`
--

INSERT INTO `lk_category_to_store` VALUES (17,0),(18,0),(20,0),(24,0),(25,0),(26,0),(27,0),(28,0),(29,0),(30,0),(31,0),(32,0),(33,0),(34,0),(35,0),(36,0),(37,0),(38,0),(39,0),(40,0),(41,0),(42,0),(43,0),(44,0),(45,0),(46,0),(47,0),(48,0),(49,0),(50,0),(51,0),(52,0),(53,0),(54,0),(55,0),(56,0),(57,0),(58,0);

--
-- Table structure for table `lk_country`
--

CREATE TABLE `lk_country` (
  `country_id` int(11) NOT NULL AUTO_INCREMENT,
  `name` varchar(128) NOT NULL,
  `iso_code_2` varchar(2) NOT NULL,
  `iso_code_3` varchar(3) NOT NULL,
  `address_format` text NOT NULL,
  `postcode_required` tinyint(1) NOT NULL,
  `status` tinyint(1) NOT NULL DEFAULT 1,
  PRIMARY KEY (`country_id`)
) ENGINE=MyISAM AUTO_INCREMENT=258 DEFAULT CHARSET=utf8 COLLATE=utf8_general_ci;

--
-- Dumping data for table `lk_country`
--

INSERT INTO `lk_country` VALUES (1,'Afghanistan','AF','AFG','',0,1),(2,'Albania','AL','ALB','',0,1),(3,'Algeria','DZ','DZA','',0,1),(4,'American Samoa','AS','ASM','',0,1),(5,'Andorra','AD','AND','',0,1),(6,'Angola','AO','AGO','',0,1),(7,'Anguilla','AI','AIA','',0,1),(8,'Antarctica','AQ','ATA','',0,1),(9,'Antigua and Barbuda','AG','ATG','',0,1),(10,'Argentina','AR','ARG','',0,1),(11,'Armenia','AM','ARM','',0,1),(12,'Aruba','AW','ABW','',0,1),(13,'Australia','AU','AUS','',0,1),(14,'Austria','AT','AUT','',0,1),(15,'Azerbaijan','AZ','AZE','',0,1),(16,'Bahamas','BS','BHS','',0,1),(17,'Bahrain','BH','BHR','',0,1),(18,'Bangladesh','BD','BGD','',0,1),(19,'Barbados','BB','BRB','',0,1),(20,'Belarus','BY','BLR','',0,1),(21,'Belgium','BE','BEL','{firstname} {lastname}\r\n{company}\r\n{address_1}\r\n{address_2}\r\n{postcode} {city}\r\n{country}',0,1),(22,'Belize','BZ','BLZ','',0,1),(23,'Benin','BJ','BEN','',0,1),(24,'Bermuda','BM','BMU','',0,1),(25,'Bhutan','BT','BTN','',0,1),(26,'Bolivia','BO','BOL','',0,1),(27,'Bosnia and Herzegovina','BA','BIH','',0,1),(28,'Botswana','BW','BWA','',0,1),(29,'Bouvet Island','BV','BVT','',0,1),(30,'Brazil','BR','BRA','',0,1),(31,'British Indian Ocean Territory','IO','IOT','',0,1),(32,'Brunei Darussalam','BN','BRN','',0,1),(33,'Bulgaria','BG','BGR','',0,1),(34,'Burkina Faso','BF','BFA','',0,1),(35,'Burundi','BI','BDI','',0,1),(36,'Cambodia','KH','KHM','',0,1),(37,'Cameroon','CM','CMR','',0,1),(38,'Canada','CA','CAN','',0,1),(39,'Cape Verde','CV','CPV','',0,1),(40,'Cayman Islands','KY','CYM','',0,1),(41,'Central African Republic','CF','CAF','',0,1),(42,'Chad','TD','TCD','',0,1),(43,'Chile','CL','CHL','',0,1),(44,'China','CN','CHN','',0,1),(45,'Christmas Island','CX','CXR','',0,1),(46,'Cocos (Keeling) Islands','CC','CCK','',0,1),(47,'Colombia','CO','COL','',0,1),(48,'Comoros','KM','COM','',0,1),(49,'Congo','CG','COG','',0,1),(50,'Cook Islands','CK','COK','',0,1),(51,'Costa Rica','CR','CRI','',0,1),(52,'Cote D\'Ivoire','CI','CIV','',0,1),(53,'Croatia','HR','HRV','',0,1),(54,'Cuba','CU','CUB','',0,1),(55,'Cyprus','CY','CYP','',0,1),(56,'Czech Republic','CZ','CZE','',0,1),(57,'Denmark','DK','DNK','',0,1),(58,'Djibouti','DJ','DJI','',0,1),(59,'Dominica','DM','DMA','',0,1),(60,'Dominican Republic','DO','DOM','',0,1),(61,'East Timor','TL','TLS','',0,1),(62,'Ecuador','EC','ECU','',0,1),(63,'Egypt','EG','EGY','',0,1),(64,'El Salvador','SV','SLV','',0,1),(65,'Equatorial Guinea','GQ','GNQ','',0,1),(66,'Eritrea','ER','ERI','',0,1),(67,'Estonia','EE','EST','',0,1),(68,'Ethiopia','ET','ETH','',0,1),(69,'Falkland Islands (Malvinas)','FK','FLK','',0,1),(70,'Faroe Islands','FO','FRO','',0,1),(71,'Fiji','FJ','FJI','',0,1),(72,'Finland','FI','FIN','',0,1),(74,'France, Metropolitan','FR','FRA','{firstname} {lastname}\r\n{company}\r\n{address_1}\r\n{address_2}\r\n{postcode} {city}\r\n{country}',1,1),(75,'French Guiana','GF','GUF','',0,1),(76,'French Polynesia','PF','PYF','',0,1),(77,'French Southern Territories','TF','ATF','',0,1),(78,'Gabon','GA','GAB','',0,1),(79,'Gambia','GM','GMB','',0,1),(80,'Georgia','GE','GEO','',0,1),(81,'Germany','DE','DEU','{company}\r\n{firstname} {lastname}\r\n{address_1}\r\n{address_2}\r\n{postcode} {city}\r\n{country}',1,1),(82,'Ghana','GH','GHA','',0,1),(83,'Gibraltar','GI','GIB','',0,1),(84,'Greece','GR','GRC','',0,1),(85,'Greenland','GL','GRL','',0,1),(86,'Grenada','GD','GRD','',0,1),(87,'Guadeloupe','GP','GLP','',0,1),(88,'Guam','GU','GUM','',0,1),(89,'Guatemala','GT','GTM','',0,1),(90,'Guinea','GN','GIN','',0,1),(91,'Guinea-Bissau','GW','GNB','',0,1),(92,'Guyana','GY','GUY','',0,1),(93,'Haiti','HT','HTI','',0,1),(94,'Heard and Mc Donald Islands','HM','HMD','',0,1),(95,'Honduras','HN','HND','',0,1),(96,'Hong Kong','HK','HKG','',0,1),(97,'Hungary','HU','HUN','',0,1),(98,'Iceland','IS','ISL','',0,1),(99,'India','IN','IND','',0,1),(100,'Indonesia','ID','IDN','',0,1),(101,'Iran (Islamic Republic of)','IR','IRN','',0,1),(102,'Iraq','IQ','IRQ','',0,1),(103,'Ireland','IE','IRL','',0,1),(104,'Israel','IL','ISR','',0,1),(105,'Italy','IT','ITA','',0,1),(106,'Jamaica','JM','JAM','',0,1),(107,'Japan','JP','JPN','',0,1),(108,'Jordan','JO','JOR','',0,1),(109,'Kazakhstan','KZ','KAZ','',0,1),(110,'Kenya','KE','KEN','',0,1),(111,'Kiribati','KI','KIR','',0,1),(112,'North Korea','KP','PRK','',0,1),(113,'South Korea','KR','KOR','',0,1),(114,'Kuwait','KW','KWT','',0,1),(115,'Kyrgyzstan','KG','KGZ','',0,1),(116,'Lao People\'s Democratic Republic','LA','LAO','',0,1),(117,'Latvia','LV','LVA','',0,1),(118,'Lebanon','LB','LBN','',0,1),(119,'Lesotho','LS','LSO','',0,1),(120,'Liberia','LR','LBR','',0,1),(121,'Libyan Arab Jamahiriya','LY','LBY','',0,1),(122,'Liechtenstein','LI','LIE','',0,1),(123,'Lithuania','LT','LTU','',0,1),(124,'Luxembourg','LU','LUX','',0,1),(125,'Macau','MO','MAC','',0,1),(126,'FYROM','MK','MKD','',0,1),(127,'Madagascar','MG','MDG','',0,1),(128,'Malawi','MW','MWI','',0,1),(129,'Malaysia','MY','MYS','',0,1),(130,'Maldives','MV','MDV','',0,1),(131,'Mali','ML','MLI','',0,1),(132,'Malta','MT','MLT','',0,1),(133,'Marshall Islands','MH','MHL','',0,1),(134,'Martinique','MQ','MTQ','',0,1),(135,'Mauritania','MR','MRT','',0,1),(136,'Mauritius','MU','MUS','',0,1),(137,'Mayotte','YT','MYT','',0,1),(138,'Mexico','MX','MEX','',0,1),(139,'Micronesia, Federated States of','FM','FSM','',0,1),(140,'Moldova, Republic of','MD','MDA','',0,1),(141,'Monaco','MC','MCO','',0,1),(142,'Mongolia','MN','MNG','',0,1),(143,'Montserrat','MS','MSR','',0,1),(144,'Morocco','MA','MAR','',0,1),(145,'Mozambique','MZ','MOZ','',0,1),(146,'Myanmar','MM','MMR','',0,1),(147,'Namibia','NA','NAM','',0,1),(148,'Nauru','NR','NRU','',0,1),(149,'Nepal','NP','NPL','',0,1),(150,'Netherlands','NL','NLD','',0,1),(151,'Netherlands Antilles','AN','ANT','',0,1),(152,'New Caledonia','NC','NCL','',0,1),(153,'New Zealand','NZ','NZL','',0,1),(154,'Nicaragua','NI','NIC','',0,1),(155,'Niger','NE','NER','',0,1),(156,'Nigeria','NG','NGA','',0,1),(157,'Niue','NU','NIU','',0,1),(158,'Norfolk Island','NF','NFK','',0,1),(159,'Northern Mariana Islands','MP','MNP','',0,1),(160,'Norway','NO','NOR','',0,1),(161,'Oman','OM','OMN','',0,1),(162,'Pakistan','PK','PAK','',0,1),(163,'Palau','PW','PLW','',0,1),(164,'Panama','PA','PAN','',0,1),(165,'Papua New Guinea','PG','PNG','',0,1),(166,'Paraguay','PY','PRY','',0,1),(167,'Peru','PE','PER','',0,1),(168,'Philippines','PH','PHL','',0,1),(169,'Pitcairn','PN','PCN','',0,1),(170,'Poland','PL','POL','',0,1),(171,'Portugal','PT','PRT','',0,1),(172,'Puerto Rico','PR','PRI','',0,1),(173,'Qatar','QA','QAT','',0,1),(174,'Reunion','RE','REU','',0,1),(175,'Romania','RO','ROM','',0,1),(176,'Russian Federation','RU','RUS','',0,1),(177,'Rwanda','RW','RWA','',0,1),(178,'Saint Kitts and Nevis','KN','KNA','',0,1),(179,'Saint Lucia','LC','LCA','',0,1),(180,'Saint Vincent and the Grenadines','VC','VCT','',0,1),(181,'Samoa','WS','WSM','',0,1),(182,'San Marino','SM','SMR','',0,1),(183,'Sao Tome and Principe','ST','STP','',0,1),(184,'Saudi Arabia','SA','SAU','',0,1),(185,'Senegal','SN','SEN','',0,1),(186,'Seychelles','SC','SYC','',0,1),(187,'Sierra Leone','SL','SLE','',0,1),(188,'Singapore','SG','SGP','',0,1),(189,'Slovak Republic','SK','SVK','{firstname} {lastname}\r\n{company}\r\n{address_1}\r\n{address_2}\r\n{city} {postcode}\r\n{zone}\r\n{country}',0,1),(190,'Slovenia','SI','SVN','',0,1),(191,'Solomon Islands','SB','SLB','',0,1),(192,'Somalia','SO','SOM','',0,1),(193,'South Africa','ZA','ZAF','',0,1),(194,'South Georgia &amp; South Sandwich Islands','GS','SGS','',0,1),(195,'Spain','ES','ESP','',0,1),(196,'Sri Lanka','LK','LKA','',0,1),(197,'St. Helena','SH','SHN','',0,1),(198,'St. Pierre and Miquelon','PM','SPM','',0,1),(199,'Sudan','SD','SDN','',0,1),(200,'Suriname','SR','SUR','',0,1),(201,'Svalbard and Jan Mayen Islands','SJ','SJM','',0,1),(202,'Swaziland','SZ','SWZ','',0,1),(203,'Sweden','SE','SWE','{company}\r\n{firstname} {lastname}\r\n{address_1}\r\n{address_2}\r\n{postcode} {city}\r\n{country}',1,1),(204,'Switzerland','CH','CHE','',0,1),(205,'Syrian Arab Republic','SY','SYR','',0,1),(206,'Taiwan','TW','TWN','',0,1),(207,'Tajikistan','TJ','TJK','',0,1),(208,'Tanzania, United Republic of','TZ','TZA','',0,1),(209,'Thailand','TH','THA','',0,1),(210,'Togo','TG','TGO','',0,1),(211,'Tokelau','TK','TKL','',0,1),(212,'Tonga','TO','TON','',0,1),(213,'Trinidad and Tobago','TT','TTO','',0,1),(214,'Tunisia','TN','TUN','',0,1),(215,'Turkey','TR','TUR','',0,1),(216,'Turkmenistan','TM','TKM','',0,1),(217,'Turks and Caicos Islands','TC','TCA','',0,1),(218,'Tuvalu','TV','TUV','',0,1),(219,'Uganda','UG','UGA','',0,1),(220,'Ukraine','UA','UKR','',0,1),(221,'United Arab Emirates','AE','ARE','',0,1),(222,'United Kingdom','GB','GBR','',1,1),(223,'United States','US','USA','{firstname} {lastname}\r\n{company}\r\n{address_1}\r\n{address_2}\r\n{city}, {zone} {postcode}\r\n{country}',0,1),(224,'United States Minor Outlying Islands','UM','UMI','',0,1),(225,'Uruguay','UY','URY','',0,1),(226,'Uzbekistan','UZ','UZB','',0,1),(227,'Vanuatu','VU','VUT','',0,1),(228,'Vatican City State (Holy See)','VA','VAT','',0,1),(229,'Venezuela','VE','VEN','',0,1),(230,'Viet Nam','VN','VNM','',0,1),(231,'Virgin Islands (British)','VG','VGB','',0,1),(232,'Virgin Islands (U.S.)','VI','VIR','',0,1),(233,'Wallis and Futuna Islands','WF','WLF','',0,1),(234,'Western Sahara','EH','ESH','',0,1),(235,'Yemen','YE','YEM','',0,1),(237,'Democratic Republic of Congo','CD','COD','',0,1),(238,'Zambia','ZM','ZMB','',0,1),(239,'Zimbabwe','ZW','ZWE','',0,1),(242,'Montenegro','ME','MNE','',0,1),(243,'Serbia','RS','SRB','',0,1),(244,'Aaland Islands','AX','ALA','',0,1),(245,'Bonaire, Sint Eustatius and Saba','BQ','BES','',0,1),(246,'Curacao','CW','CUW','',0,1),(247,'Palestinian Territory, Occupied','PS','PSE','',0,1),(248,'South Sudan','SS','SSD','',0,1),(249,'St. Barthelemy','BL','BLM','',0,1),(250,'St. Martin (French part)','MF','MAF','',0,1),(251,'Canary Islands','IC','ICA','',0,1),(252,'Ascension Island (British)','AC','ASC','',0,1),(253,'Kosovo, Republic of','XK','UNK','',0,1),(254,'Isle of Man','IM','IMN','',0,1),(255,'Tristan da Cunha','TA','SHN','',0,1),(256,'Guernsey','GG','GGY','',0,1),(257,'Jersey','JE','JEY','',0,1);

--
-- Table structure for table `lk_coupon`
--

CREATE TABLE `lk_coupon` (
  `coupon_id` int(11) NOT NULL AUTO_INCREMENT,
  `name` varchar(128) NOT NULL,
  `code` varchar(20) NOT NULL,
  `type` char(1) NOT NULL,
  `discount` decimal(15,4) NOT NULL,
  `logged` tinyint(1) NOT NULL,
  `shipping` tinyint(1) NOT NULL,
  `total` decimal(15,4) NOT NULL,
  `date_start` date NOT NULL DEFAULT '0000-00-00',
  `date_end` date NOT NULL DEFAULT '0000-00-00',
  `uses_total` int(11) NOT NULL,
  `uses_customer` varchar(11) NOT NULL,
  `status` tinyint(1) NOT NULL,
  `date_added` datetime NOT NULL,
  PRIMARY KEY (`coupon_id`)
) ENGINE=MyISAM AUTO_INCREMENT=7 DEFAULT CHARSET=utf8 COLLATE=utf8_general_ci;

--
-- Dumping data for table `lk_coupon`
--

INSERT INTO `lk_coupon` VALUES (4,'-10% Discount','2222','P',10.0000,0,0,0.0000,'2014-01-01','2020-01-01',10,'10',0,'2009-01-27 13:55:03'),(5,'Free Shipping','3333','P',0.0000,0,1,100.0000,'2014-01-01','2014-02-01',10,'10',0,'2009-03-14 21:13:53'),(6,'-10.00 Discount','1111','F',10.0000,0,0,10.0000,'2014-01-01','2020-01-01',100000,'10000',0,'2009-03-14 21:15:18');

--
-- Table structure for table `lk_coupon_category`
--

CREATE TABLE `lk_coupon_category` (
  `coupon_id` int(11) NOT NULL,
  `category_id` int(11) NOT NULL,
  PRIMARY KEY (`coupon_id`,`category_id`)
) ENGINE=MyISAM DEFAULT CHARSET=utf8 COLLATE=utf8_general_ci;

--
-- Dumping data for table `lk_coupon_category`
--


--
-- Table structure for table `lk_coupon_history`
--

CREATE TABLE `lk_coupon_history` (
  `coupon_history_id` int(11) NOT NULL AUTO_INCREMENT,
  `coupon_id` int(11) NOT NULL,
  `order_id` int(11) NOT NULL,
  `customer_id` int(11) NOT NULL,
  `amount` decimal(15,4) NOT NULL,
  `date_added` datetime NOT NULL,
  PRIMARY KEY (`coupon_history_id`)
) ENGINE=MyISAM DEFAULT CHARSET=utf8 COLLATE=utf8_general_ci;

--
-- Dumping data for table `lk_coupon_history`
--


--
-- Table structure for table `lk_coupon_product`
--

CREATE TABLE `lk_coupon_product` (
  `coupon_product_id` int(11) NOT NULL AUTO_INCREMENT,
  `coupon_id` int(11) NOT NULL,
  `product_id` int(11) NOT NULL,
  PRIMARY KEY (`coupon_product_id`)
) ENGINE=MyISAM DEFAULT CHARSET=utf8 COLLATE=utf8_general_ci;

--
-- Dumping data for table `lk_coupon_product`
--


--
-- Table structure for table `lk_currency`
--

CREATE TABLE `lk_currency` (
  `currency_id` int(11) NOT NULL AUTO_INCREMENT,
  `title` varchar(32) NOT NULL,
  `code` varchar(3) NOT NULL,
  `symbol_left` varchar(12) NOT NULL,
  `symbol_right` varchar(12) NOT NULL,
  `decimal_place` char(1) NOT NULL,
  `value` float(15,8) NOT NULL,
  `status` tinyint(1) NOT NULL,
  `date_modified` datetime NOT NULL,
  PRIMARY KEY (`currency_id`)
) ENGINE=MyISAM AUTO_INCREMENT=4 DEFAULT CHARSET=utf8 COLLATE=utf8_general_ci;

--
-- Dumping data for table `lk_currency`
--

INSERT INTO `lk_currency` VALUES (1,'Pound Sterling','GBP','£','','2',0.75970000,1,'2017-10-10 04:20:34'),(2,'US Dollar','USD','$','','2',1.00000000,1,'2017-10-10 15:53:39'),(3,'Euro','EUR','','€','2',0.84950000,1,'2017-10-10 04:20:34');

--
-- Table structure for table `lk_custom_field`
--

CREATE TABLE `lk_custom_field` (
  `custom_field_id` int(11) NOT NULL AUTO_INCREMENT,
  `type` varchar(32) NOT NULL,
  `value` text NOT NULL,
  `validation` varchar(255) NOT NULL,
  `location` varchar(7) NOT NULL,
  `status` tinyint(1) NOT NULL,
  `sort_order` int(3) NOT NULL,
  PRIMARY KEY (`custom_field_id`)
) ENGINE=MyISAM DEFAULT CHARSET=utf8 COLLATE=utf8_general_ci;

--
-- Dumping data for table `lk_custom_field`
--


--
-- Table structure for table `lk_custom_field_customer_group`
--

CREATE TABLE `lk_custom_field_customer_group` (
  `custom_field_id` int(11) NOT NULL,
  `customer_group_id` int(11) NOT NULL,
  `required` tinyint(1) NOT NULL,
  PRIMARY KEY (`custom_field_id`,`customer_group_id`)
) ENGINE=MyISAM DEFAULT CHARSET=utf8 COLLATE=utf8_general_ci;

--
-- Dumping data for table `lk_custom_field_customer_group`
--


--
-- Table structure for table `lk_custom_field_description`
--

CREATE TABLE `lk_custom_field_description` (
  `custom_field_id` int(11) NOT NULL,
  `language_id` int(11) NOT NULL,
  `name` varchar(128) NOT NULL,
  PRIMARY KEY (`custom_field_id`,`language_id`)
) ENGINE=MyISAM DEFAULT CHARSET=utf8 COLLATE=utf8_general_ci;

--
-- Dumping data for table `lk_custom_field_description`
--


--
-- Table structure for table `lk_custom_field_value`
--

CREATE TABLE `lk_custom_field_value` (
  `custom_field_value_id` int(11) NOT NULL AUTO_INCREMENT,
  `custom_field_id` int(11) NOT NULL,
  `sort_order` int(3) NOT NULL,
  PRIMARY KEY (`custom_field_value_id`)
) ENGINE=MyISAM DEFAULT CHARSET=utf8 COLLATE=utf8_general_ci;

--
-- Dumping data for table `lk_custom_field_value`
--


--
-- Table structure for table `lk_custom_field_value_description`
--

CREATE TABLE `lk_custom_field_value_description` (
  `custom_field_value_id` int(11) NOT NULL,
  `language_id` int(11) NOT NULL,
  `custom_field_id` int(11) NOT NULL,
  `name` varchar(128) NOT NULL,
  PRIMARY KEY (`custom_field_value_id`,`language_id`)
) ENGINE=MyISAM DEFAULT CHARSET=utf8 COLLATE=utf8_general_ci;

--
-- Dumping data for table `lk_custom_field_value_description`
--


--
-- Table structure for table `lk_customer`
--

CREATE TABLE `lk_customer` (
  `customer_id` int(11) NOT NULL AUTO_INCREMENT,
  `customer_group_id` int(11) NOT NULL,
  `store_id` int(11) NOT NULL DEFAULT 0,
  `language_id` int(11) NOT NULL,
  `firstname` varchar(32) NOT NULL,
  `lastname` varchar(32) NOT NULL,
  `email` varchar(96) NOT NULL,
  `telephone` varchar(32) NOT NULL,
  `fax` varchar(32) NOT NULL,
  `password` varchar(40) NOT NULL,
  `salt` varchar(9) NOT NULL,
  `cart` text DEFAULT NULL,
  `wishlist` text DEFAULT NULL,
  `newsletter` tinyint(1) NOT NULL DEFAULT 0,
  `address_id` int(11) NOT NULL DEFAULT 0,
  `custom_field` text NOT NULL,
  `ip` varchar(40) NOT NULL,
  `status` tinyint(1) NOT NULL,
  `approved` tinyint(1) NOT NULL,
  `safe` tinyint(1) NOT NULL,
  `token` text NOT NULL,
  `code` varchar(40) NOT NULL,
  `date_added` datetime NOT NULL,
  PRIMARY KEY (`customer_id`)
) ENGINE=MyISAM AUTO_INCREMENT=4 DEFAULT CHARSET=utf8 COLLATE=utf8_general_ci;

--
-- Dumping data for table `lk_customer`
--

INSERT INTO `lk_customer` VALUES (1,1,0,1,'John','Doe','johndoe@gmail.com','123456789','12345','a8193575a3277b93418c1b55fc7d4d378e21d756','aNksINRI1',NULL,NULL,0,1,'','203.122.41.218',1,1,0,'','','2017-08-23 23:42:14'),(2,1,0,1,'Test','Test','test@webkul.com','123456','123456','473825dd2cdd3e766c8e13266b6a044806fb4b30','qedHaGrNC',NULL,NULL,0,2,'','203.122.41.218',1,1,0,'','','2017-08-23 23:49:18'),(3,1,0,1,'Henrico','Wijaya','h3nrico_wjy@yahoo.co.id','085228241628','','06689f739477b04b7c2358aad5da12cfe6de57b6','gzGebxDWz',NULL,NULL,0,3,'[]','139.193.106.192',1,1,0,'','','2017-09-22 10:37:23');

--
-- Table structure for table `lk_customer_activity`
--

CREATE TABLE `lk_customer_activity` (
  `customer_activity_id` int(11) NOT NULL AUTO_INCREMENT,
  `customer_id` int(11) NOT NULL,
  `key` varchar(64) NOT NULL,
  `data` text NOT NULL,
  `ip` varchar(40) NOT NULL,
  `date_added` datetime NOT NULL,
  PRIMARY KEY (`customer_activity_id`)
) ENGINE=MyISAM DEFAULT CHARSET=utf8 COLLATE=utf8_general_ci;

--
-- Dumping data for table `lk_customer_activity`
--


--
-- Table structure for table `lk_customer_group`
--

CREATE TABLE `lk_customer_group` (
  `customer_group_id` int(11) NOT NULL AUTO_INCREMENT,
  `approval` int(1) NOT NULL,
  `sort_order` int(3) NOT NULL,
  PRIMARY KEY (`customer_group_id`)
) ENGINE=MyISAM AUTO_INCREMENT=2 DEFAULT CHARSET=utf8 COLLATE=utf8_general_ci;

--
-- Dumping data for table `lk_customer_group`
--

INSERT INTO `lk_customer_group` VALUES (1,0,1);

--
-- Table structure for table `lk_customer_group_description`
--

CREATE TABLE `lk_customer_group_description` (
  `customer_group_id` int(11) NOT NULL,
  `language_id` int(11) NOT NULL,
  `name` varchar(32) NOT NULL,
  `description` text NOT NULL,
  PRIMARY KEY (`customer_group_id`,`language_id`)
) ENGINE=MyISAM DEFAULT CHARSET=utf8 COLLATE=utf8_general_ci;

--
-- Dumping data for table `lk_customer_group_description`
--

INSERT INTO `lk_customer_group_description` VALUES (1,1,'Default','test');

--
-- Table structure for table `lk_customer_history`
--

CREATE TABLE `lk_customer_history` (
  `customer_history_id` int(11) NOT NULL AUTO_INCREMENT,
  `customer_id` int(11) NOT NULL,
  `comment` text NOT NULL,
  `date_added` datetime NOT NULL,
  PRIMARY KEY (`customer_history_id`)
) ENGINE=MyISAM DEFAULT CHARSET=utf8 COLLATE=utf8_general_ci;

--
-- Dumping data for table `lk_customer_history`
--


--
-- Table structure for table `lk_customer_ip`
--

CREATE TABLE `lk_customer_ip` (
  `customer_ip_id` int(11) NOT NULL AUTO_INCREMENT,
  `customer_id` int(11) NOT NULL,
  `ip` varchar(40) NOT NULL,
  `date_added` datetime NOT NULL,
  PRIMARY KEY (`customer_ip_id`),
  KEY `ip` (`ip`)
) ENGINE=MyISAM AUTO_INCREMENT=8 DEFAULT CHARSET=utf8 COLLATE=utf8_general_ci;

--
-- Dumping data for table `lk_customer_ip`
--

INSERT INTO `lk_customer_ip` VALUES (1,1,'203.122.41.218','2017-08-23 23:42:14'),(2,2,'203.122.41.218','2017-08-23 23:49:19'),(3,3,'111.94.228.159','2017-09-22 10:37:23'),(4,3,'182.253.38.11','2017-10-09 21:25:44'),(5,3,'36.88.52.204','2017-10-09 21:28:23'),(6,3,'202.62.17.118','2017-10-09 21:54:42'),(7,3,'139.193.106.192','2017-10-10 06:31:11');

--
-- Table structure for table `lk_customer_login`
--

CREATE TABLE `lk_customer_login` (
  `customer_login_id` int(11) NOT NULL AUTO_INCREMENT,
  `email` varchar(96) NOT NULL,
  `ip` varchar(40) NOT NULL,
  `total` int(4) NOT NULL,
  `date_added` datetime NOT NULL,
  `date_modified` datetime NOT NULL,
  PRIMARY KEY (`customer_login_id`),
  KEY `email` (`email`),
  KEY `ip` (`ip`)
) ENGINE=MyISAM AUTO_INCREMENT=12 DEFAULT CHARSET=utf8 COLLATE=utf8_general_ci;

--
-- Dumping data for table `lk_customer_login`
--

INSERT INTO `lk_customer_login` VALUES (1,'h3nr','139.193.106.192',1,'2017-10-10 13:30:55','2017-10-10 13:30:55'),(2,'\'','36.82.83.24',1,'2017-11-30 04:07:12','2017-11-30 04:07:12'),(3,'alinasagma@y7m0y3ir.xzzy.info','188.68.3.122',1,'2018-06-04 12:41:42','2018-06-04 12:41:42'),(4,'longattext@y7m0y3ir.xzzy.info','5.62.154.62',1,'2018-06-04 16:22:24','2018-06-04 16:22:24'),(5,'longattext@y7m0y3ir.xzzy.info','188.68.0.185',1,'2018-06-04 18:33:26','2018-06-04 18:33:26'),(6,'diandruche@5zlz03gx.xzzy.info','93.179.90.52',1,'2018-06-06 23:50:16','2018-06-06 23:50:16'),(7,'tinishamor@5zlz03gx.xzzy.info','46.161.61.51',1,'2018-06-07 03:11:54','2018-06-07 03:11:54'),(8,'tinishamor@5zlz03gx.xzzy.info','5.62.159.214',1,'2018-06-07 05:27:00','2018-06-07 05:27:00'),(9,'erichboify@1yuyrzp4.xzzy.info','95.181.176.15',1,'2018-06-24 09:16:53','2018-06-24 09:16:53'),(10,'lionellerb@1yuyrzp4.xzzy.info','185.223.165.235',1,'2018-06-24 14:48:54','2018-06-24 14:48:54'),(11,'lionellerb@1yuyrzp4.xzzy.info','95.181.176.136',1,'2018-06-25 02:54:17','2018-06-25 02:54:17');

--
-- Table structure for table `lk_customer_online`
--

CREATE TABLE `lk_customer_online` (
  `ip` varchar(40) NOT NULL,
  `customer_id` int(11) NOT NULL,
  `url` text NOT NULL,
  `referer` text NOT NULL,
  `date_added` datetime NOT NULL,
  PRIMARY KEY (`ip`)
) ENGINE=MyISAM DEFAULT CHARSET=utf8 COLLATE=utf8_general_ci;

--
-- Dumping data for table `lk_customer_online`
--


--
-- Table structure for table `lk_customer_reward`
--

CREATE TABLE `lk_customer_reward` (
  `customer_reward_id` int(11) NOT NULL AUTO_INCREMENT,
  `customer_id` int(11) NOT NULL DEFAULT 0,
  `order_id` int(11) NOT NULL DEFAULT 0,
  `description` text NOT NULL,
  `points` int(8) NOT NULL DEFAULT 0,
  `date_added` datetime NOT NULL,
  PRIMARY KEY (`customer_reward_id`)
) ENGINE=MyISAM DEFAULT CHARSET=utf8 COLLATE=utf8_general_ci;

--
-- Dumping data for table `lk_customer_reward`
--


--
-- Table structure for table `lk_customer_search`
--

CREATE TABLE `lk_customer_search` (
  `customer_search_id` int(11) NOT NULL AUTO_INCREMENT,
  `store_id` int(11) NOT NULL,
  `language_id` int(11) NOT NULL,
  `customer_id` int(11) NOT NULL,
  `keyword` varchar(255) NOT NULL,
  `category_id` int(11) DEFAULT NULL,
  `sub_category` tinyint(1) NOT NULL,
  `description` tinyint(1) NOT NULL,
  `products` int(11) NOT NULL,
  `ip` varchar(40) NOT NULL,
  `date_added` datetime NOT NULL,
  PRIMARY KEY (`customer_search_id`)
) ENGINE=MyISAM DEFAULT CHARSET=utf8 COLLATE=utf8_general_ci;

--
-- Dumping data for table `lk_customer_search`
--


--
-- Table structure for table `lk_customer_transaction`
--

CREATE TABLE `lk_customer_transaction` (
  `customer_transaction_id` int(11) NOT NULL AUTO_INCREMENT,
  `customer_id` int(11) NOT NULL,
  `order_id` int(11) NOT NULL,
  `description` text NOT NULL,
  `amount` decimal(15,4) NOT NULL,
  `date_added` datetime NOT NULL,
  PRIMARY KEY (`customer_transaction_id`)
) ENGINE=MyISAM DEFAULT CHARSET=utf8 COLLATE=utf8_general_ci;

--
-- Dumping data for table `lk_customer_transaction`
--


--
-- Table structure for table `lk_customer_wishlist`
--

CREATE TABLE `lk_customer_wishlist` (
  `customer_id` int(11) NOT NULL,
  `product_id` int(11) NOT NULL,
  `date_added` datetime NOT NULL,
  PRIMARY KEY (`customer_id`,`product_id`)
) ENGINE=MyISAM DEFAULT CHARSET=utf8 COLLATE=utf8_general_ci;

--
-- Dumping data for table `lk_customer_wishlist`
--

INSERT INTO `lk_customer_wishlist` VALUES (2,51,'2017-08-23 23:58:29');

--
-- Table structure for table `lk_customerpartner_commission_category`
--

CREATE TABLE `lk_customerpartner_commission_category` (
  `id` int(11) NOT NULL AUTO_INCREMENT,
  `category_id` int(100) NOT NULL,
  `fixed` float NOT NULL,
  `percentage` float NOT NULL,
  PRIMARY KEY (`id`)
) ENGINE=MyISAM DEFAULT CHARSET=utf8 COLLATE=utf8_general_ci;

--
-- Dumping data for table `lk_customerpartner_commission_category`
--


--
-- Table structure for table `lk_customerpartner_download`
--

CREATE TABLE `lk_customerpartner_download` (
  `download_id` int(11) NOT NULL AUTO_INCREMENT,
  `seller_id` int(11) NOT NULL,
  PRIMARY KEY (`download_id`)
) ENGINE=MyISAM AUTO_INCREMENT=2 DEFAULT CHARSET=utf8 COLLATE=utf8_general_ci;

--
-- Dumping data for table `lk_customerpartner_download`
--

INSERT INTO `lk_customerpartner_download` VALUES (1,2);

--
-- Table structure for table `lk_customerpartner_flatshipping`
--

CREATE TABLE `lk_customerpartner_flatshipping` (
  `id` int(11) NOT NULL AUTO_INCREMENT,
  `partner_id` int(11) NOT NULL,
  `amount` float DEFAULT NULL,
  `tax_class_id` float NOT NULL,
  `status` int(1) NOT NULL,
  PRIMARY KEY (`id`)
) ENGINE=MyISAM AUTO_INCREMENT=2 DEFAULT CHARSET=utf8 COLLATE=utf8_general_ci;

--
-- Dumping data for table `lk_customerpartner_flatshipping`
--

INSERT INTO `lk_customerpartner_flatshipping` VALUES (1,2,20,0,1);

--
-- Table structure for table `lk_customerpartner_mail`
--

CREATE TABLE `lk_customerpartner_mail` (
  `id` int(11) NOT NULL AUTO_INCREMENT,
  `name` varchar(100) NOT NULL,
  `subject` varchar(1000) NOT NULL,
  `message` varchar(5000) NOT NULL,
  PRIMARY KEY (`id`)
) ENGINE=MyISAM DEFAULT CHARSET=utf8 COLLATE=utf8_general_ci;

--
-- Dumping data for table `lk_customerpartner_mail`
--


--
-- Table structure for table `lk_customerpartner_shipping`
--

CREATE TABLE `lk_customerpartner_shipping` (
  `id` int(10) unsigned NOT NULL AUTO_INCREMENT,
  `seller_id` int(10) NOT NULL,
  `country_code` varchar(100) NOT NULL,
  `zip_to` varchar(100) NOT NULL,
  `zip_from` varchar(100) NOT NULL,
  `price` float NOT NULL,
  `weight_from` decimal(10,2) NOT NULL,
  `weight_to` decimal(10,2) NOT NULL,
  `max_days` int(10) NOT NULL,
  PRIMARY KEY (`id`)
) ENGINE=MyISAM AUTO_INCREMENT=6 DEFAULT CHARSET=utf8 COLLATE=utf8_general_ci;

--
-- Dumping data for table `lk_customerpartner_shipping`
--

INSERT INTO `lk_customerpartner_shipping` VALUES (1,2,'IN','200000','100000',20,1.00,100.00,5),(2,2,'IN','400000','300000',20,1.00,100.00,3),(3,2,'IN','600000','500000',20,1.00,100.00,4),(4,2,'IN','800000','700000',20,1.00,100.00,2),(5,2,'IN','100000','800000',20,1.00,100.00,3);

--
-- Table structure for table `lk_customerpartner_sold_tracking`
--

CREATE TABLE `lk_customerpartner_sold_tracking` (
  `product_id` int(11) NOT NULL,
  `order_id` int(11) NOT NULL,
  `customer_id` int(11) NOT NULL,
  `date_added` date NOT NULL DEFAULT '0000-00-00',
  `tracking` varchar(100) NOT NULL
) ENGINE=MyISAM DEFAULT CHARSET=utf8 COLLATE=utf8_general_ci;

--
-- Dumping data for table `lk_customerpartner_sold_tracking`
--

INSERT INTO `lk_customerpartner_sold_tracking` VALUES (50,2,2,'0000-00-00','78945');

--
-- Table structure for table `lk_customerpartner_to_category`
--

CREATE TABLE `lk_customerpartner_to_category` (
  `id` int(11) NOT NULL AUTO_INCREMENT,
  `seller_id` int(11) NOT NULL,
  `category_id` varchar(1000) NOT NULL,
  PRIMARY KEY (`id`)
) ENGINE=MyISAM DEFAULT CHARSET=utf8 COLLATE=utf8_general_ci;

--
-- Dumping data for table `lk_customerpartner_to_category`
--


--
-- Table structure for table `lk_customerpartner_to_commission`
--

CREATE TABLE `lk_customerpartner_to_commission` (
  `id` int(11) NOT NULL AUTO_INCREMENT,
  `customer_id` int(100) NOT NULL,
  `commission_id` int(100) NOT NULL,
  `fixed` float NOT NULL,
  `percentage` float NOT NULL,
  PRIMARY KEY (`id`)
) ENGINE=MyISAM DEFAULT CHARSET=utf8 COLLATE=utf8_general_ci;

--
-- Dumping data for table `lk_customerpartner_to_commission`
--


--
-- Table structure for table `lk_customerpartner_to_customer`
--

CREATE TABLE `lk_customerpartner_to_customer` (
  `customer_id` int(11) NOT NULL,
  `is_partner` int(1) NOT NULL,
  `screenname` varchar(255) NOT NULL,
  `gender` varchar(255) NOT NULL,
  `shortprofile` text NOT NULL,
  `avatar` varchar(255) NOT NULL,
  `twitterid` varchar(255) NOT NULL,
  `paypalid` varchar(255) NOT NULL,
  `paypalfirstname` varchar(255) DEFAULT NULL,
  `paypallastname` varchar(255) DEFAULT NULL,
  `country` varchar(255) NOT NULL,
  `facebookid` varchar(255) NOT NULL,
  `backgroundcolor` varchar(255) NOT NULL,
  `companybanner` varchar(255) NOT NULL,
  `companylogo` varchar(255) NOT NULL,
  `companylocality` varchar(255) NOT NULL,
  `companyname` varchar(255) NOT NULL,
  `companydescription` text NOT NULL,
  `countrylogo` varchar(1000) NOT NULL,
  `otherpayment` text NOT NULL,
  `taxinfo` varchar(500) DEFAULT NULL,
  `commission` decimal(10,2) NOT NULL,
  PRIMARY KEY (`customer_id`)
) ENGINE=MyISAM DEFAULT CHARSET=utf8 COLLATE=utf8_general_ci;

--
-- Dumping data for table `lk_customerpartner_to_customer`
--

INSERT INTO `lk_customerpartner_to_customer` VALUES (1,1,'First Seller','','','','','',NULL,NULL,'IN','','','','','','First Seller','','image/flags/in.png','',NULL,0.00),(2,1,'Test 12','','','wkseller/2/c05059975.png','','','','','TV','','','wkseller/2/canon_eos_5d_mark_iv_1274706.jpg','','','Test 1','','image/flags/tv.png','','',10.00),(3,1,'Henrico-Wijaya-fbe021704f8c8500a65c89e4cf2820c0','','','','','',NULL,NULL,'','','','','','','Henrico-Wijaya-fbe021704f8c8500a65c89e4cf2820c0','','','','',700.00);

--
-- Table structure for table `lk_customerpartner_to_feedback`
--

CREATE TABLE `lk_customerpartner_to_feedback` (
  `id` int(11) NOT NULL AUTO_INCREMENT,
  `customer_id` smallint(6) NOT NULL,
  `seller_id` smallint(6) NOT NULL,
  `nickname` varchar(255) NOT NULL,
  `summary` text NOT NULL,
  `review` text NOT NULL,
  `status` int(1) NOT NULL,
  `createdate` datetime NOT NULL,
  PRIMARY KEY (`id`)
) ENGINE=MyISAM DEFAULT CHARSET=utf8 COLLATE=utf8_general_ci;

--
-- Dumping data for table `lk_customerpartner_to_feedback`
--


--
-- Table structure for table `lk_customerpartner_to_order`
--

CREATE TABLE `lk_customerpartner_to_order` (
  `id` int(11) NOT NULL AUTO_INCREMENT,
  `order_id` int(11) NOT NULL,
  `customer_id` int(11) NOT NULL,
  `product_id` int(11) NOT NULL,
  `order_product_id` int(100) NOT NULL,
  `price` float NOT NULL,
  `quantity` float NOT NULL,
  `shipping` varchar(255) NOT NULL,
  `shipping_rate` float NOT NULL,
  `payment` varchar(255) NOT NULL,
  `payment_rate` float NOT NULL,
  `admin` float NOT NULL,
  `customer` float NOT NULL,
  `shipping_applied` float NOT NULL,
  `commission_applied` decimal(10,2) NOT NULL,
  `currency_code` varchar(10) NOT NULL,
  `currency_value` decimal(15,8) NOT NULL,
  `details` varchar(255) NOT NULL,
  `paid_status` tinyint(1) NOT NULL,
  `date_added` datetime NOT NULL DEFAULT '0000-00-00 00:00:00',
  `order_product_status` int(11) NOT NULL,
  `option_data` varchar(5000) DEFAULT NULL,
  `seller_access` int(1) NOT NULL,
  PRIMARY KEY (`id`)
) ENGINE=MyISAM AUTO_INCREMENT=3 DEFAULT CHARSET=utf8 COLLATE=utf8_general_ci;

--
-- Dumping data for table `lk_customerpartner_to_order`
--

INSERT INTO `lk_customerpartner_to_order` VALUES (1,1,2,50,60,1020,1,'Flat Shipping Rate',0,'Cash On Delivery',0,0,1025,5,0.00,'USD',1.00000000,'Partner Fixed Based',0,'2017-08-24 00:20:20',1,'[]',1),(2,2,2,50,171,3702.6,3,'Flat Shipping Rate',0,'Cash On Delivery',0,336.6,3371,5,10.00,'USD',1.00000000,'Partner Fixed Based',0,'2017-08-24 00:26:07',3,'[]',1);

--
-- Table structure for table `lk_customerpartner_to_order_status`
--

CREATE TABLE `lk_customerpartner_to_order_status` (
  `change_orderstatus_id` int(11) NOT NULL AUTO_INCREMENT,
  `order_id` int(11) NOT NULL,
  `product_id` int(11) NOT NULL,
  `customer_id` int(11) NOT NULL,
  `order_status_id` int(11) NOT NULL,
  `comment` text NOT NULL,
  `date_added` datetime NOT NULL DEFAULT '0000-00-00 00:00:00',
  PRIMARY KEY (`change_orderstatus_id`)
) ENGINE=MyISAM AUTO_INCREMENT=4 DEFAULT CHARSET=utf8 COLLATE=utf8_general_ci;

--
-- Dumping data for table `lk_customerpartner_to_order_status`
--

INSERT INTO `lk_customerpartner_to_order_status` VALUES (1,2,50,2,3,'Product 1  status has been changed to Shipped','2017-08-24 00:27:46'),(2,2,50,2,3,'Product 1  status has been changed to Shipped','2017-08-24 01:11:49'),(3,2,50,2,1,'Product - Product 1<br/>Seller Tracking No - 78945<br/>','2017-08-24 01:12:42');

--
-- Table structure for table `lk_customerpartner_to_payment`
--

CREATE TABLE `lk_customerpartner_to_payment` (
  `id` int(11) NOT NULL AUTO_INCREMENT,
  `customer_id` int(11) NOT NULL,
  `amount` float NOT NULL,
  `text` varchar(255) NOT NULL,
  `details` varchar(255) NOT NULL,
  `request_type` varchar(255) NOT NULL,
  `paid` int(10) NOT NULL,
  `balance_reduced` int(10) NOT NULL,
  `payment` varchar(255) NOT NULL,
  `date_added` date NOT NULL DEFAULT '0000-00-00',
  `date_modified` date NOT NULL DEFAULT '0000-00-00',
  `added_by` varchar(255) NOT NULL,
  PRIMARY KEY (`id`)
) ENGINE=MyISAM DEFAULT CHARSET=utf8 COLLATE=utf8_general_ci;

--
-- Dumping data for table `lk_customerpartner_to_payment`
--


--
-- Table structure for table `lk_customerpartner_to_product`
--

CREATE TABLE `lk_customerpartner_to_product` (
  `id` int(11) NOT NULL AUTO_INCREMENT,
  `customer_id` int(100) NOT NULL,
  `product_id` int(100) NOT NULL,
  `price` float NOT NULL,
  `seller_price` float NOT NULL,
  `currency_code` varchar(11) NOT NULL,
  `quantity` int(100) NOT NULL,
  PRIMARY KEY (`id`)
) ENGINE=MyISAM AUTO_INCREMENT=8 DEFAULT CHARSET=utf8 COLLATE=utf8_general_ci;

--
-- Dumping data for table `lk_customerpartner_to_product`
--

INSERT INTO `lk_customerpartner_to_product` VALUES (1,2,50,1020,1020,'USD',96),(2,2,51,1246,1246,'USD',0),(3,2,52,2463,2463,'USD',0),(4,3,41,100,100,'',977),(5,3,40,101,101,'',970),(6,3,42,100,100,'',990),(7,3,53,50,50,'USD',100);

--
-- Table structure for table `lk_customerpartner_to_transaction`
--

CREATE TABLE `lk_customerpartner_to_transaction` (
  `id` int(11) NOT NULL AUTO_INCREMENT,
  `customer_id` int(11) NOT NULL,
  `order_id` varchar(500) NOT NULL,
  `order_product_id` varchar(500) NOT NULL,
  `amount` float NOT NULL,
  `text` varchar(255) NOT NULL,
  `details` varchar(255) NOT NULL,
  `date_added` date NOT NULL DEFAULT '0000-00-00',
  PRIMARY KEY (`id`)
) ENGINE=MyISAM DEFAULT CHARSET=utf8 COLLATE=utf8_general_ci;

--
-- Dumping data for table `lk_customerpartner_to_transaction`
--


--
-- Table structure for table `lk_download`
--

CREATE TABLE `lk_download` (
  `download_id` int(11) NOT NULL AUTO_INCREMENT,
  `filename` varchar(160) NOT NULL,
  `mask` varchar(128) NOT NULL,
  `date_added` datetime NOT NULL,
  PRIMARY KEY (`download_id`)
) ENGINE=MyISAM AUTO_INCREMENT=2 DEFAULT CHARSET=utf8 COLLATE=utf8_general_ci;

--
-- Dumping data for table `lk_download`
--

INSERT INTO `lk_download` VALUES (1,'download.jpg.a5c3c6bf0dccb941ac2b2fc867a284c0','download.jpg','2017-08-24 00:28:35');

--
-- Table structure for table `lk_download_description`
--

CREATE TABLE `lk_download_description` (
  `download_id` int(11) NOT NULL,
  `language_id` int(11) NOT NULL,
  `name` varchar(64) NOT NULL,
  PRIMARY KEY (`download_id`,`language_id`)
) ENGINE=MyISAM DEFAULT CHARSET=utf8 COLLATE=utf8_general_ci;

--
-- Dumping data for table `lk_download_description`
--

INSERT INTO `lk_download_description` VALUES (1,1,'Download1');

--
-- Table structure for table `lk_event`
--

CREATE TABLE `lk_event` (
  `event_id` int(11) NOT NULL AUTO_INCREMENT,
  `code` varchar(32) NOT NULL,
  `trigger` text NOT NULL,
  `action` text NOT NULL,
  `status` tinyint(1) NOT NULL,
  `date_added` datetime NOT NULL,
  PRIMARY KEY (`event_id`)
) ENGINE=MyISAM AUTO_INCREMENT=2 DEFAULT CHARSET=utf8 COLLATE=utf8_general_ci;

--
-- Dumping data for table `lk_event`
--

INSERT INTO `lk_event` VALUES (1,'voucher','catalog/model/checkout/order/addOrderHistory/after','extension/total/voucher/send',0,'0000-00-00 00:00:00');

--
-- Table structure for table `lk_extension`
--

CREATE TABLE `lk_extension` (
  `extension_id` int(11) NOT NULL AUTO_INCREMENT,
  `type` varchar(32) NOT NULL,
  `code` varchar(32) NOT NULL,
  PRIMARY KEY (`extension_id`)
) ENGINE=MyISAM AUTO_INCREMENT=32 DEFAULT CHARSET=utf8 COLLATE=utf8_general_ci;

--
-- Dumping data for table `lk_extension`
--

INSERT INTO `lk_extension` VALUES (1,'payment','cod'),(2,'total','shipping'),(3,'total','sub_total'),(4,'total','tax'),(5,'total','total'),(6,'module','banner'),(7,'module','carousel'),(8,'total','credit'),(9,'shipping','flat'),(10,'total','handling'),(11,'total','low_order_fee'),(12,'total','coupon'),(13,'module','category'),(14,'module','account'),(15,'total','reward'),(16,'total','voucher'),(17,'payment','free_checkout'),(18,'module','featured'),(19,'module','slideshow'),(20,'theme','theme_default'),(21,'dashboard','activity'),(22,'dashboard','sale'),(23,'dashboard','recent'),(24,'dashboard','order'),(25,'dashboard','online'),(26,'dashboard','map'),(27,'dashboard','customer'),(28,'dashboard','chart'),(30,'module','journal2'),(31,'module','marketplace');

--
-- Table structure for table `lk_filter`
--

CREATE TABLE `lk_filter` (
  `filter_id` int(11) NOT NULL AUTO_INCREMENT,
  `filter_group_id` int(11) NOT NULL,
  `sort_order` int(3) NOT NULL,
  PRIMARY KEY (`filter_id`)
) ENGINE=MyISAM DEFAULT CHARSET=utf8 COLLATE=utf8_general_ci;

--
-- Dumping data for table `lk_filter`
--


--
-- Table structure for table `lk_filter_description`
--

CREATE TABLE `lk_filter_description` (
  `filter_id` int(11) NOT NULL,
  `language_id` int(11) NOT NULL,
  `filter_group_id` int(11) NOT NULL,
  `name` varchar(64) NOT NULL,
  PRIMARY KEY (`filter_id`,`language_id`)
) ENGINE=MyISAM DEFAULT CHARSET=utf8 COLLATE=utf8_general_ci;

--
-- Dumping data for table `lk_filter_description`
--


--
-- Table structure for table `lk_filter_group`
--

CREATE TABLE `lk_filter_group` (
  `filter_group_id` int(11) NOT NULL AUTO_INCREMENT,
  `sort_order` int(3) NOT NULL,
  PRIMARY KEY (`filter_group_id`)
) ENGINE=MyISAM DEFAULT CHARSET=utf8 COLLATE=utf8_general_ci;

--
-- Dumping data for table `lk_filter_group`
--


--
-- Table structure for table `lk_filter_group_description`
--

CREATE TABLE `lk_filter_group_description` (
  `filter_group_id` int(11) NOT NULL,
  `language_id` int(11) NOT NULL,
  `name` varchar(64) NOT NULL,
  PRIMARY KEY (`filter_group_id`,`language_id`)
) ENGINE=MyISAM DEFAULT CHARSET=utf8 COLLATE=utf8_general_ci;

--
-- Dumping data for table `lk_filter_group_description`
--


--
-- Table structure for table `lk_geo_zone`
--

CREATE TABLE `lk_geo_zone` (
  `geo_zone_id` int(11) NOT NULL AUTO_INCREMENT,
  `name` varchar(32) NOT NULL,
  `description` varchar(255) NOT NULL,
  `date_modified` datetime NOT NULL,
  `date_added` datetime NOT NULL,
  PRIMARY KEY (`geo_zone_id`)
) ENGINE=MyISAM AUTO_INCREMENT=5 DEFAULT CHARSET=utf8 COLLATE=utf8_general_ci;

--
-- Dumping data for table `lk_geo_zone`
--

INSERT INTO `lk_geo_zone` VALUES (3,'UK VAT Zone','UK VAT','2010-02-26 22:33:24','2009-01-06 23:26:25'),(4,'UK Shipping','UK Shipping Zones','2010-12-15 15:18:13','2009-06-23 01:14:53');

--
-- Table structure for table `lk_information`
--

CREATE TABLE `lk_information` (
  `information_id` int(11) NOT NULL AUTO_INCREMENT,
  `bottom` int(1) NOT NULL DEFAULT 0,
  `sort_order` int(3) NOT NULL DEFAULT 0,
  `status` tinyint(1) NOT NULL DEFAULT 1,
  PRIMARY KEY (`information_id`)
) ENGINE=MyISAM AUTO_INCREMENT=7 DEFAULT CHARSET=utf8 COLLATE=utf8_general_ci;

--
-- Dumping data for table `lk_information`
--

INSERT INTO `lk_information` VALUES (3,1,3,1),(4,1,1,1),(5,1,4,1),(6,1,2,1);

--
-- Table structure for table `lk_information_description`
--

CREATE TABLE `lk_information_description` (
  `information_id` int(11) NOT NULL,
  `language_id` int(11) NOT NULL,
  `title` varchar(64) NOT NULL,
  `description` text NOT NULL,
  `meta_title` varchar(255) NOT NULL,
  `meta_description` varchar(255) NOT NULL,
  `meta_keyword` varchar(255) NOT NULL,
  PRIMARY KEY (`information_id`,`language_id`)
) ENGINE=MyISAM DEFAULT CHARSET=utf8 COLLATE=utf8_general_ci;

--
-- Dumping data for table `lk_information_description`
--

INSERT INTO `lk_information_description` VALUES (4,1,'About Us','&lt;p&gt;\r\n	About Us&lt;/p&gt;\r\n','About Us','',''),(5,1,'Terms &amp; Conditions','&lt;p&gt;\r\n	Terms &amp;amp; Conditions&lt;/p&gt;\r\n','Terms &amp; Conditions','',''),(3,1,'Privacy Policy','&lt;p&gt;\r\n	Privacy Policy&lt;/p&gt;\r\n','Privacy Policy','',''),(6,1,'Delivery Information','&lt;p&gt;\r\n	Delivery Information&lt;/p&gt;\r\n','Delivery Information','','');

--
-- Table structure for table `lk_information_to_layout`
--

CREATE TABLE `lk_information_to_layout` (
  `information_id` int(11) NOT NULL,
  `store_id` int(11) NOT NULL,
  `layout_id` int(11) NOT NULL,
  PRIMARY KEY (`information_id`,`store_id`)
) ENGINE=MyISAM DEFAULT CHARSET=utf8 COLLATE=utf8_general_ci;

--
-- Dumping data for table `lk_information_to_layout`
--


--
-- Table structure for table `lk_information_to_store`
--

CREATE TABLE `lk_information_to_store` (
  `information_id` int(11) NOT NULL,
  `store_id` int(11) NOT NULL,
  PRIMARY KEY (`information_id`,`store_id`)
) ENGINE=MyISAM DEFAULT CHARSET=utf8 COLLATE=utf8_general_ci;

--
-- Dumping data for table `lk_information_to_store`
--

INSERT INTO `lk_information_to_store` VALUES (3,0),(4,0),(5,0),(6,0);

--
-- Table structure for table `lk_journal2_blog_category`
--

CREATE TABLE `lk_journal2_blog_category` (
  `category_id` int(11) NOT NULL AUTO_INCREMENT,
  `parent_id` int(11) DEFAULT NULL,
  `image` varchar(256) DEFAULT NULL,
  `status` tinyint(1) DEFAULT NULL,
  `sort_order` int(11) DEFAULT NULL,
  PRIMARY KEY (`category_id`)
) ENGINE=MyISAM DEFAULT CHARSET=utf8 COLLATE=utf8_general_ci;

--
-- Dumping data for table `lk_journal2_blog_category`
--


--
-- Table structure for table `lk_journal2_blog_category_description`
--

CREATE TABLE `lk_journal2_blog_category_description` (
  `category_id` int(11) NOT NULL,
  `language_id` int(11) NOT NULL,
  `name` varchar(256) DEFAULT NULL,
  `description` text DEFAULT NULL,
  `meta_title` varchar(256) DEFAULT NULL,
  `meta_keywords` varchar(256) DEFAULT NULL,
  `meta_description` text DEFAULT NULL,
  `keyword` varchar(256) DEFAULT NULL,
  PRIMARY KEY (`category_id`,`language_id`)
) ENGINE=MyISAM DEFAULT CHARSET=utf8 COLLATE=utf8_general_ci;

--
-- Dumping data for table `lk_journal2_blog_category_description`
--


--
-- Table structure for table `lk_journal2_blog_category_to_layout`
--

CREATE TABLE `lk_journal2_blog_category_to_layout` (
  `category_id` int(11) NOT NULL AUTO_INCREMENT,
  `store_id` int(11) NOT NULL,
  `layout_id` int(11) DEFAULT NULL,
  PRIMARY KEY (`category_id`,`store_id`),
  KEY `layout_id` (`layout_id`)
) ENGINE=MyISAM DEFAULT CHARSET=utf8 COLLATE=utf8_general_ci;

--
-- Dumping data for table `lk_journal2_blog_category_to_layout`
--


--
-- Table structure for table `lk_journal2_blog_category_to_store`
--

CREATE TABLE `lk_journal2_blog_category_to_store` (
  `category_id` int(11) DEFAULT NULL,
  `store_id` int(11) DEFAULT NULL
) ENGINE=MyISAM DEFAULT CHARSET=utf8 COLLATE=utf8_general_ci;

--
-- Dumping data for table `lk_journal2_blog_category_to_store`
--


--
-- Table structure for table `lk_journal2_blog_comments`
--

CREATE TABLE `lk_journal2_blog_comments` (
  `comment_id` int(11) NOT NULL AUTO_INCREMENT,
  `parent_id` int(11) DEFAULT NULL,
  `post_id` int(11) DEFAULT NULL,
  `customer_id` int(11) DEFAULT NULL,
  `author_id` int(11) DEFAULT NULL,
  `name` varchar(256) DEFAULT NULL,
  `email` varchar(256) DEFAULT NULL,
  `website` varchar(256) DEFAULT NULL,
  `comment` text DEFAULT NULL,
  `status` tinyint(1) DEFAULT NULL,
  `date` datetime DEFAULT NULL,
  PRIMARY KEY (`comment_id`)
) ENGINE=MyISAM DEFAULT CHARSET=utf8 COLLATE=utf8_general_ci;

--
-- Dumping data for table `lk_journal2_blog_comments`
--


--
-- Table structure for table `lk_journal2_blog_post`
--

CREATE TABLE `lk_journal2_blog_post` (
  `post_id` int(11) NOT NULL AUTO_INCREMENT,
  `author_id` int(11) DEFAULT NULL,
  `image` varchar(256) DEFAULT NULL,
  `comments` tinyint(1) DEFAULT NULL,
  `status` tinyint(1) DEFAULT NULL,
  `sort_order` int(11) DEFAULT NULL,
  `date_created` datetime DEFAULT NULL,
  `date_updated` datetime DEFAULT NULL,
  `views` int(11) DEFAULT NULL,
  PRIMARY KEY (`post_id`)
) ENGINE=MyISAM DEFAULT CHARSET=utf8 COLLATE=utf8_general_ci;

--
-- Dumping data for table `lk_journal2_blog_post`
--


--
-- Table structure for table `lk_journal2_blog_post_description`
--

CREATE TABLE `lk_journal2_blog_post_description` (
  `post_id` int(11) NOT NULL,
  `language_id` int(11) NOT NULL,
  `name` varchar(256) DEFAULT NULL,
  `description` text DEFAULT NULL,
  `meta_title` varchar(256) DEFAULT NULL,
  `meta_keywords` varchar(256) DEFAULT NULL,
  `meta_description` text DEFAULT NULL,
  `keyword` varchar(256) DEFAULT NULL,
  `tags` varchar(256) DEFAULT NULL,
  PRIMARY KEY (`post_id`,`language_id`)
) ENGINE=MyISAM DEFAULT CHARSET=utf8 COLLATE=utf8_general_ci;

--
-- Dumping data for table `lk_journal2_blog_post_description`
--


--
-- Table structure for table `lk_journal2_blog_post_to_category`
--

CREATE TABLE `lk_journal2_blog_post_to_category` (
  `post_id` int(11) NOT NULL,
  `category_id` int(11) NOT NULL,
  PRIMARY KEY (`post_id`,`category_id`)
) ENGINE=MyISAM DEFAULT CHARSET=utf8 COLLATE=utf8_general_ci;

--
-- Dumping data for table `lk_journal2_blog_post_to_category`
--


--
-- Table structure for table `lk_journal2_blog_post_to_layout`
--

CREATE TABLE `lk_journal2_blog_post_to_layout` (
  `post_id` int(11) NOT NULL AUTO_INCREMENT,
  `store_id` int(11) NOT NULL,
  `layout_id` int(11) DEFAULT NULL,
  PRIMARY KEY (`post_id`,`store_id`),
  KEY `layout_id` (`layout_id`)
) ENGINE=MyISAM DEFAULT CHARSET=utf8 COLLATE=utf8_general_ci;

--
-- Dumping data for table `lk_journal2_blog_post_to_layout`
--


--
-- Table structure for table `lk_journal2_blog_post_to_product`
--

CREATE TABLE `lk_journal2_blog_post_to_product` (
  `post_id` int(11) NOT NULL,
  `product_id` int(11) NOT NULL,
  PRIMARY KEY (`post_id`,`product_id`)
) ENGINE=MyISAM DEFAULT CHARSET=utf8 COLLATE=utf8_general_ci;

--
-- Dumping data for table `lk_journal2_blog_post_to_product`
--


--
-- Table structure for table `lk_journal2_blog_post_to_store`
--

CREATE TABLE `lk_journal2_blog_post_to_store` (
  `post_id` int(11) DEFAULT NULL,
  `store_id` int(11) DEFAULT NULL
) ENGINE=MyISAM DEFAULT CHARSET=utf8 COLLATE=utf8_general_ci;

--
-- Dumping data for table `lk_journal2_blog_post_to_store`
--


--
-- Table structure for table `lk_journal2_config`
--

CREATE TABLE `lk_journal2_config` (
  `key` varchar(64) NOT NULL,
  `store_id` int(11) NOT NULL DEFAULT 0,
  `value` mediumtext NOT NULL,
  `serialized` tinyint(1) NOT NULL,
  PRIMARY KEY (`key`,`store_id`)
) ENGINE=MyISAM DEFAULT CHARSET=utf8 COLLATE=utf8_general_ci;

--
-- Dumping data for table `lk_journal2_config`
--

INSERT INTO `lk_journal2_config` VALUES ('active_skin',0,'4',0),('active_skin',3,'1',0),('blog_settings',0,'{\"posts_per_row\":{\"range\":\"1,10\",\"step\":\"1\",\"value\":{\"mobile\":{\"value\":\"1\",\"range\":\"1,10\",\"step\":\"1\"},\"mobile1\":{\"value\":\"2\",\"range\":\"1,10\",\"step\":\"1\"},\"tablet\":{\"value\":\"2\",\"range\":\"1,10\",\"step\":\"1\"},\"tablet1\":{\"value\":\"2\",\"range\":\"1,10\",\"step\":\"1\"},\"tablet2\":{\"value\":\"1\",\"range\":\"1,10\",\"step\":\"1\"},\"desktop\":{\"value\":\"3\",\"range\":\"1,10\",\"step\":\"1\"},\"desktop1\":{\"value\":\"3\",\"range\":\"1,10\",\"step\":\"1\"},\"desktop2\":{\"value\":\"2\",\"range\":\"1,10\",\"step\":\"1\"},\"large_desktop\":{\"value\":\"4\",\"range\":\"1,10\",\"step\":\"1\"},\"large_desktop1\":{\"value\":\"3\",\"range\":\"1,10\",\"step\":\"1\"},\"large_desktop2\":{\"value\":\"3\",\"range\":\"1,10\",\"step\":\"1\"}}},\"related_products_per_row\":{\"range\":\"1,10\",\"step\":\"1\",\"value\":{\"mobile\":{\"value\":\"1\",\"range\":\"1,10\",\"step\":\"1\"},\"mobile1\":{\"value\":\"2\",\"range\":\"1,10\",\"step\":\"1\"},\"tablet\":{\"value\":\"3\",\"range\":\"1,10\",\"step\":\"1\"},\"tablet1\":{\"value\":\"2\",\"range\":\"1,10\",\"step\":\"1\"},\"tablet2\":{\"value\":\"1\",\"range\":\"1,10\",\"step\":\"1\"},\"desktop\":{\"value\":\"4\",\"range\":\"1,10\",\"step\":\"1\"},\"desktop1\":{\"value\":\"3\",\"range\":\"1,10\",\"step\":\"1\"},\"desktop2\":{\"value\":\"2\",\"range\":\"1,10\",\"step\":\"1\"},\"large_desktop\":{\"value\":\"5\",\"range\":\"1,10\",\"step\":\"1\"},\"large_desktop1\":{\"value\":\"4\",\"range\":\"1,10\",\"step\":\"1\"},\"large_desktop2\":{\"value\":\"3\",\"range\":\"1,10\",\"step\":\"1\"}}},\"posts_display\":\"grid\",\"posts_sort\":\"newest\",\"author_name\":\"username\",\"posts_limit\":15,\"status\":\"1\",\"title\":{\"value\":{\"1\":\"Journal Blog\"}},\"keyword\":{\"value\":{\"1\":\"blog\"}},\"posts_image_type\":\"crop\",\"share_this\":\"1\",\"comments\":\"1\",\"auto_approve_comments\":\"1\",\"related_products_carousel\":\"1\",\"meta_title\":{\"value\":{\"1\":\"\"}},\"meta_keywords\":{\"value\":{\"1\":\"\"}},\"meta_description\":{\"value\":[]},\"posts_image_width\":\"300\",\"posts_image_height\":\"200\"}',1),('copyright',0,'{\"value\":{\"1\":\"Copyright \\u00a9 2014, Your Store, All Rights Reserved.\",\"2\":\"Copyright \\u00a9 2014, Your Store\"}}',1),('footer_menu',0,'{\"rows\":[{\"type\":\"columns\",\"text\":[],\"columns\":[{\"type\":\"products\",\"items\":[],\"text\":[],\"title\":{\"value\":{\"1\":\"Latest Products\",\"2\":\"\",\"4\":\"\"}},\"icon_status\":\"0\",\"icon\":{\"options\":{\"font_size\":\"16px\"}},\"icon_position\":\"top\",\"icon_border\":{\"value\":{\"border_rounded\":\"px\"}},\"icon_bg_color\":\"\",\"icon_width\":\"\",\"icon_height\":\"\",\"is_open\":true,\"newsletter_id\":\"\",\"section_type\":\"module\",\"products\":[],\"category\":\"\",\"items_limit\":\"4\",\"module_type\":\"latest\",\"posts_type\":\"newest\",\"posts\":[],\"status\":\"1\",\"enable_on_phone\":\"1\",\"enable_on_tablet\":\"1\",\"enable_on_desktop\":\"1\",\"disable_mobile\":\"0\",\"disable_desktop\":\"0\",\"random_from\":\"all\"},{\"type\":\"products\",\"items\":[],\"text\":[],\"title\":{\"value\":{\"1\":\"Special Offers\",\"2\":\"\",\"4\":\"\"}},\"icon_status\":\"0\",\"icon\":{\"options\":{\"font_size\":\"16px\"}},\"icon_position\":\"top\",\"icon_border\":{\"value\":{\"border_rounded\":\"px\"}},\"icon_bg_color\":\"\",\"icon_width\":\"\",\"icon_height\":\"\",\"is_open\":true,\"newsletter_id\":\"\",\"section_type\":\"module\",\"products\":[],\"category\":{\"data\":{\"id\":\"107\",\"name\":\"Fashion &gt; Bags\"}},\"items_limit\":\"4\",\"module_type\":\"specials\",\"posts_type\":\"newest\",\"posts\":[],\"status\":\"1\",\"enable_on_phone\":\"1\",\"enable_on_tablet\":\"1\",\"enable_on_desktop\":\"1\",\"disable_mobile\":\"0\",\"disable_desktop\":\"0\",\"random_from\":\"all\"},{\"type\":\"posts\",\"items\":[],\"text\":[],\"title\":{\"value\":{\"1\":\"Latest Blog Posts\",\"2\":\"\",\"4\":\"\"}},\"icon_status\":\"0\",\"icon\":{\"options\":{\"font_size\":\"16px\"}},\"icon_position\":\"top\",\"icon_border\":{\"value\":{\"border_rounded\":\"px\"}},\"icon_bg_color\":\"\",\"icon_width\":\"\",\"icon_height\":\"\",\"is_open\":true,\"newsletter_id\":\"\",\"section_type\":\"module\",\"products\":[],\"category\":\"\",\"items_limit\":\"4\",\"module_type\":\"bestsellers\",\"posts_type\":\"newest\",\"posts\":[],\"status\":\"1\",\"enable_on_phone\":\"1\",\"enable_on_tablet\":\"1\",\"enable_on_desktop\":\"1\",\"disable_mobile\":\"0\",\"disable_desktop\":\"0\",\"random_from\":\"all\"},{\"type\":\"posts\",\"items\":[],\"text\":[],\"title\":{\"value\":{\"1\":\"Popular Blog Posts\",\"2\":\"\",\"4\":\"\"}},\"icon_status\":\"0\",\"icon\":{\"options\":{\"font_size\":\"16px\"}},\"icon_position\":\"top\",\"icon_border\":{\"value\":{\"border_rounded\":\"px\"}},\"icon_bg_color\":\"\",\"icon_width\":\"\",\"icon_height\":\"\",\"is_open\":true,\"newsletter_id\":\"\",\"section_type\":\"module\",\"products\":[],\"category\":\"\",\"items_limit\":\"4\",\"module_type\":\"specials\",\"posts_type\":\"views\",\"posts\":[],\"status\":\"1\",\"enable_on_phone\":\"1\",\"enable_on_tablet\":\"1\",\"enable_on_desktop\":\"1\",\"disable_mobile\":\"0\",\"disable_desktop\":\"0\",\"random_from\":\"all\"}],\"contacts\":[],\"social_icons\":[],\"status\":\"1\",\"sort_order\":\"-15\",\"bottom_spacing\":\"\",\"padding_top\":\"\",\"padding_right\":\"\",\"padding_bottom\":\"\",\"padding_left\":\"\",\"items_per_row\":{\"hide_columns\":true,\"range\":\"1,10\",\"step\":\"1\",\"value\":{\"mobile\":{\"value\":\"1\",\"range\":\"1,10\",\"step\":\"1\"},\"mobile1\":{\"value\":\"2\",\"range\":\"1,10\",\"step\":\"1\"},\"tablet\":{\"value\":\"2\",\"range\":\"1,10\",\"step\":\"1\"},\"tablet1\":{\"value\":\"2\",\"range\":\"1,10\",\"step\":\"1\"},\"tablet2\":{\"value\":\"1\",\"range\":\"1,10\",\"step\":\"1\"},\"desktop\":{\"value\":\"4\",\"range\":\"1,10\",\"step\":\"1\"},\"desktop1\":{\"value\":\"3\",\"range\":\"1,10\",\"step\":\"1\"},\"desktop2\":{\"value\":\"2\",\"range\":\"1,10\",\"step\":\"1\"},\"large_desktop\":{\"value\":\"4\",\"range\":\"1,10\",\"step\":\"1\"},\"large_desktop1\":{\"value\":\"3\",\"range\":\"1,10\",\"step\":\"1\"},\"large_desktop2\":{\"value\":\"2\",\"range\":\"1,10\",\"step\":\"1\"}}},\"is_open\":false,\"background\":{\"value\":{\"bgimage_attach\":\"scroll\",\"bgimage_repeat\":\"repeat\",\"bgimage_position\":\"center top\",\"bgcolor\":{\"value\":{\"color\":\"\"}},\"use_gradient\":0,\"bgimage_size\":\"auto\"}},\"enable_on_phone\":\"1\",\"enable_on_tablet\":\"1\",\"enable_on_desktop\":\"1\",\"disable_mobile\":\"0\",\"disable_desktop\":\"0\",\"item_name\":\"Products\"},{\"type\":\"columns\",\"text\":[],\"columns\":[{\"type\":\"menu\",\"items\":[{\"icon\":{\"options\":{\"font_size\":\"14px\",\"color\":{\"value\":{\"color\":\"\"}},\"top\":\"-1\"},\"icon_type\":\"icon\",\"icon\":{\"icon\":\"&#xe62c;\",\"class\":\"angle-right\"}},\"menu\":{\"menu_type\":\"information\",\"menu_item\":{\"id\":\"4\",\"name\":\"About Us\"}},\"name_overwrite\":0,\"target\":0,\"name\":{\"value\":{\"1\":\"\",\"2\":\"\",\"4\":\"\"}},\"is_open\":false},{\"icon\":{\"options\":{\"font_size\":\"14px\",\"top\":\"-1\"},\"icon_type\":\"icon\",\"icon\":{\"icon\":\"&#xe62c;\",\"class\":\"angle-right\"}},\"menu\":{\"menu_type\":\"information\",\"menu_item\":{\"id\":\"6\",\"name\":\"Delivery Information\"}},\"name_overwrite\":0,\"target\":0,\"name\":{\"value\":{\"1\":\"\",\"2\":\"\",\"4\":\"\"}},\"is_open\":true},{\"icon\":{\"options\":{\"font_size\":\"14px\",\"color\":{\"value\":{\"color\":\"\"}},\"top\":\"-1\"},\"icon_type\":\"icon\",\"icon\":{\"icon\":\"&#xe62c;\",\"class\":\"angle-right\"}},\"menu\":{\"menu_type\":\"information\",\"menu_item\":{\"id\":\"3\",\"name\":\"Privacy Policy\"}},\"name_overwrite\":0,\"target\":0,\"name\":{\"value\":{\"1\":\"\",\"2\":\"\",\"4\":\"\"}},\"is_open\":false},{\"icon\":{\"options\":{\"font_size\":\"14px\",\"color\":{\"value\":{\"color\":\"\"}},\"top\":\"-1\"},\"icon_type\":\"icon\",\"icon\":{\"icon\":\"&#xe62c;\",\"class\":\"angle-right\"}},\"menu\":{\"menu_type\":\"information\",\"menu_item\":{\"id\":\"5\",\"name\":\"Terms &amp; Conditions\"}},\"name_overwrite\":0,\"target\":0,\"name\":{\"value\":{\"1\":\"\",\"2\":\"\",\"4\":\"\"}},\"is_open\":false},{\"icon\":{\"options\":{\"font_size\":\"14px\",\"color\":{\"value\":{\"color\":\"\"}},\"top\":\"-1\"},\"icon_type\":\"icon\",\"icon\":{\"icon\":\"&#xe62c;\",\"class\":\"angle-right\"}},\"menu\":{\"menu_type\":\"opencart\",\"menu_item\":{\"page\":\"information\\/contact\"}},\"name_overwrite\":0,\"target\":0,\"is_open\":false,\"name\":{\"value\":{\"1\":\"\",\"2\":\"\",\"4\":\"\"}}},{\"icon\":{\"options\":{\"font_size\":\"14px\",\"color\":{\"value\":{\"color\":\"\"}},\"top\":\"-1\"},\"icon_type\":\"icon\",\"icon\":{\"icon\":\"&#xe62c;\",\"class\":\"angle-right\"}},\"menu\":{\"menu_type\":\"opencart\",\"menu_item\":{\"page\":\"information\\/sitemap\"}},\"name_overwrite\":0,\"target\":0,\"is_open\":false,\"name\":{\"value\":{\"1\":\"\",\"2\":\"\",\"4\":\"\"}}}],\"text\":[],\"title\":{\"value\":{\"1\":\"Information\",\"2\":\"Information\",\"4\":\"\"}},\"icon_status\":\"1\",\"icon\":{\"options\":{\"font_size\":\"16px\"}},\"icon_position\":\"left\",\"icon_border\":{\"value\":{\"border_rounded\":\"px\"}},\"icon_bg_color\":\"\",\"icon_width\":\"\",\"icon_height\":\"\",\"is_open\":false,\"newsletter_id\":\"\",\"section_type\":\"module\",\"products\":[],\"category\":\"\",\"items_limit\":4,\"module_type\":\"featured\",\"posts_type\":\"newest\",\"posts\":[],\"status\":\"1\",\"enable_on_phone\":\"1\",\"enable_on_tablet\":\"1\",\"enable_on_desktop\":\"1\",\"disable_mobile\":\"0\",\"disable_desktop\":\"0\",\"random_from\":\"all\",\"close_others\":true,\"item_name\":\"Information\",\"sort_order\":\"3\"},{\"type\":\"menu\",\"items\":[{\"icon\":{\"options\":{\"font_size\":\"5px\",\"color\":{\"value\":{\"color\":\"\"}},\"top\":\"-1\"},\"icon_type\":\"icon\",\"icon\":{\"icon\":\"&#xe643;\",\"class\":\"circle\"}},\"menu\":{\"menu_type\":\"opencart\",\"menu_item\":{\"page\":\"information\\/contact\"}},\"name_overwrite\":0,\"target\":0,\"name\":{\"value\":{\"1\":\"\",\"2\":\"\",\"4\":\"\"}},\"is_open\":false},{\"icon\":{\"options\":{\"font_size\":\"5px\",\"color\":{\"value\":{\"color\":\"\"}},\"top\":\"-1\"},\"icon_type\":\"icon\",\"icon\":{\"icon\":\"&#xe643;\",\"class\":\"circle\"}},\"menu\":{\"menu_type\":\"opencart\",\"menu_item\":{\"page\":\"account\\/return\\/insert\"}},\"target\":0,\"name_overwrite\":\"0\",\"name\":{\"value\":{\"1\":\"\",\"2\":\"\",\"4\":\"\"}},\"is_open\":true},{\"icon\":{\"options\":{\"font_size\":\"5px\",\"top\":\"-1\",\"color\":{\"value\":{\"color\":\"\"}}},\"icon_type\":\"icon\",\"icon\":{\"icon\":\"&#xe643;\",\"class\":\"circle\"}},\"menu\":{\"menu_type\":\"opencart\",\"menu_item\":{\"page\":\"account\\/order\"}},\"name_overwrite\":0,\"target\":0,\"name\":{\"value\":{\"1\":\"\",\"2\":\"\",\"4\":\"\"}},\"is_open\":false},{\"icon\":{\"options\":{\"font_size\":\"5px\",\"color\":{\"value\":{\"color\":\"\"}},\"top\":\"-1\"},\"icon_type\":\"icon\",\"icon\":{\"icon\":\"&#xe643;\",\"class\":\"circle\"}},\"menu\":{\"menu_type\":\"opencart\",\"menu_item\":{\"page\":\"product\\/compare\"}},\"name_overwrite\":\"1\",\"target\":0,\"is_open\":false,\"name\":{\"value\":{\"1\":\"Custom Link\",\"2\":\"\",\"4\":\"\"}}},{\"icon\":{\"options\":{\"font_size\":\"5px\",\"color\":{\"value\":{\"color\":\"\"}},\"top\":\"-1\"},\"icon_type\":\"icon\",\"icon\":{\"icon\":\"&#xe643;\",\"class\":\"circle\"}},\"menu\":{\"menu_type\":\"custom\",\"menu_item\":{\"url\":\"#\"}},\"name_overwrite\":0,\"target\":0,\"is_open\":false,\"name\":{\"value\":{\"1\":\"Sample Link\",\"2\":\"\",\"4\":\"\"}}},{\"icon\":{\"options\":{\"font_size\":\"5px\",\"color\":{\"value\":{\"color\":\"\"}},\"top\":\"-1\"},\"icon_type\":\"icon\",\"icon\":{\"icon\":\"&#xe643;\",\"class\":\"circle\"}},\"menu\":{\"menu_type\":\"custom\",\"menu_item\":{\"url\":\"#\"}},\"name_overwrite\":0,\"target\":0,\"is_open\":false,\"name\":{\"value\":{\"1\":\"Another Sample Link\",\"2\":\"\",\"4\":\"\"}}}],\"text\":[],\"title\":{\"value\":{\"1\":\"Customer Support\",\"2\":\"\",\"4\":\"\"}},\"icon_status\":\"1\",\"icon\":{\"options\":{\"font_size\":\"16px\"}},\"icon_position\":\"left\",\"icon_border\":{\"value\":{\"border_rounded\":\"px\"}},\"icon_bg_color\":\"\",\"icon_width\":\"\",\"icon_height\":\"\",\"is_open\":true,\"newsletter_id\":\"\",\"section_type\":\"module\",\"products\":[],\"category\":\"\",\"items_limit\":4,\"module_type\":\"featured\",\"posts_type\":\"newest\",\"posts\":[],\"status\":\"1\",\"enable_on_phone\":\"1\",\"enable_on_tablet\":\"1\",\"enable_on_desktop\":\"1\",\"disable_mobile\":\"0\",\"disable_desktop\":\"0\",\"random_from\":\"all\",\"close_others\":true,\"item_name\":\"Customer Support\",\"sort_order\":\"2\"},{\"type\":\"menu\",\"items\":[{\"icon\":{\"options\":{\"font_size\":\"16px\",\"color\":{\"value\":{\"color\":\"rgb(68, 67, 73)\"}}},\"icon_type\":\"icon\",\"icon\":{\"icon\":\"&#xe6a3;\",\"class\":\"phone\"}},\"menu\":{\"menu_type\":\"custom\",\"menu_item\":{\"url\":\"tel:18005558989\"}},\"name_overwrite\":0,\"target\":0,\"is_open\":true,\"name\":{\"value\":{\"1\":\"1.800.555.8989\",\"2\":\"\",\"4\":\"\"}}},{\"icon\":{\"options\":{\"font_size\":\"16px\",\"color\":{\"value\":{\"color\":\"rgb(68, 67, 73)\"}}},\"icon_type\":\"icon\",\"icon\":{\"icon\":\"&#xe61a;\",\"class\":\"location\"}},\"menu\":{\"menu_type\":\"custom\",\"menu_item\":{\"url\":\"\"}},\"name_overwrite\":0,\"target\":0,\"is_open\":true,\"name\":{\"value\":{\"1\":\"1234 Fashion Ave, NY, 10001\",\"2\":\"\",\"4\":\"\"}}},{\"icon\":{\"options\":{\"font_size\":\"16px\",\"color\":{\"value\":{\"color\":\"rgb(68, 67, 73)\"}}},\"icon_type\":\"icon\",\"icon\":{\"icon\":\"&#xe651;\",\"class\":\"apple\"}},\"menu\":{\"menu_type\":\"manufacturer\",\"menu_item\":{\"id\":\"8\",\"name\":\"Apple\"}},\"name_overwrite\":\"1\",\"target\":0,\"is_open\":true,\"name\":{\"value\":{\"1\":\"Unlimited Links\",\"2\":\"\",\"4\":\"\"}}},{\"icon\":{\"options\":{\"font_size\":\"16px\",\"color\":{\"value\":{\"color\":\"rgb(68, 67, 73)\"}}},\"icon_type\":\"icon\",\"icon\":{\"icon\":\"&#xe060;\",\"class\":\"plane\"}},\"menu\":{\"menu_type\":\"information\",\"menu_item\":{\"id\":\"6\",\"name\":\"Delivery Information\"}},\"name_overwrite\":\"1\",\"target\":0,\"is_open\":true,\"name\":{\"value\":{\"1\":\"With Optional Icons\",\"2\":\"\",\"4\":\"\"}}},{\"icon\":{\"options\":{\"font_size\":\"16px\",\"color\":{\"value\":{\"color\":\"rgb(68, 67, 73)\"}}},\"icon_type\":\"icon\",\"icon\":{\"icon\":\"&#xe657;\",\"class\":\"shield\"}},\"menu\":{\"menu_type\":\"information\",\"menu_item\":{\"id\":\"8\",\"name\":\"Theme Features\"}},\"name_overwrite\":\"0\",\"target\":0,\"is_open\":true,\"name\":{\"value\":{\"1\":\"\",\"2\":\"\",\"4\":\"\"}}}],\"text\":[null,\"<p><img alt=\\\"\\\" src=\\\"http:\\/\\/127.0.0.1:8080\\/journal2\\/image\\/data\\/journal2\\/j2.png\\\" style=\\\"width: 34px; height: 43px; float: left; margin: 5px 15px 10px 5px\\\" \\/>The most advanced footer system in Opencart. Create unlimited rows and columns containing any combinations of content such as: text links, HTML blocks, product lists, contact and social icons, etc. Every single link in the footer is controlled from the admin and you can edit, add icons or remove them entirel. <strong><a href=\\\"http:\\/\\/themeforest.net\\/item\\/journal-premium-responsive-opencart-theme\\/4260361?ref=DigitalAtelier\\\" target=\\\"_blank\\\">Buy Journal!<\\/a><\\/strong><\\/p>\\n\"],\"title\":{\"value\":{\"1\":\"Custom Columns\",\"2\":\"\",\"4\":\"\"}},\"icon_status\":\"1\",\"icon\":{\"options\":{\"font_size\":\"50px\",\"color\":{\"value\":{\"color\":\"rgb(255, 255, 255)\"}}},\"icon_type\":\"none\",\"icon\":{\"icon\":\"&#xe643;\",\"class\":\"circle\"}},\"icon_position\":\"left\",\"icon_border\":{\"value\":{\"border_rounded\":\"px\"}},\"icon_bg_color\":{\"value\":{\"color\":\"\"}},\"icon_width\":\"\",\"icon_height\":\"\",\"is_open\":false,\"newsletter_id\":\"\",\"section_type\":\"module\",\"products\":[],\"category\":\"\",\"items_limit\":4,\"module_type\":\"featured\",\"posts_type\":\"newest\",\"posts\":[],\"status\":\"1\",\"enable_on_phone\":\"1\",\"enable_on_tablet\":\"1\",\"enable_on_desktop\":\"1\",\"disable_mobile\":\"0\",\"disable_desktop\":\"0\",\"random_from\":\"all\",\"sort_order\":\"1\",\"item_name\":\"Custom Columns\"},{\"type\":\"newsletter\",\"items\":[{\"icon\":{\"options\":{\"font_size\":\"16px\"}},\"menu\":{\"menu_type\":\"opencart\",\"menu_item\":{\"page\":\"account\\/account\"}},\"name_overwrite\":0,\"target\":0,\"name\":{\"value\":{\"1\":\"\",\"2\":\"\",\"4\":\"\"}}},{\"icon\":{\"options\":{\"font_size\":\"16px\"}},\"menu\":{\"menu_type\":\"opencart\",\"menu_item\":{\"page\":\"account\\/order\"}},\"name_overwrite\":0,\"target\":0,\"name\":{\"value\":{\"1\":\"\",\"2\":\"\",\"4\":\"\"}}},{\"icon\":{\"options\":{\"font_size\":\"16px\"}},\"menu\":{\"menu_type\":\"opencart\",\"menu_item\":{\"page\":\"account\\/wishlist\"}},\"name_overwrite\":0,\"target\":0,\"name\":{\"value\":{\"1\":\"\",\"2\":\"\",\"4\":\"\"}}},{\"icon\":{\"options\":{\"font_size\":\"16px\"}},\"menu\":{\"menu_type\":\"opencart\",\"menu_item\":{\"page\":\"account\\/newsletter\"}},\"name_overwrite\":0,\"target\":0,\"name\":{\"value\":{\"1\":\"\",\"2\":\"\",\"4\":\"\"}}}],\"text\":[],\"title\":{\"value\":{\"1\":\"Newsletter\",\"2\":\"\",\"4\":\"\"}},\"icon_status\":\"1\",\"icon\":{\"options\":{\"font_size\":\"16px\"}},\"icon_position\":\"left\",\"icon_border\":{\"value\":{\"border_rounded\":\"px\"}},\"icon_bg_color\":\"\",\"icon_width\":\"\",\"icon_height\":\"\",\"is_open\":false,\"newsletter_id\":\"133\",\"section_type\":\"module\",\"products\":[],\"category\":\"\",\"items_limit\":\"4\",\"module_type\":\"latest\",\"posts_type\":\"newest\",\"posts\":[],\"status\":\"1\",\"enable_on_phone\":\"1\",\"enable_on_tablet\":\"1\",\"enable_on_desktop\":\"1\",\"disable_mobile\":\"0\",\"disable_desktop\":\"0\",\"random_from\":\"all\",\"item_name\":\"News\",\"sort_order\":\"5\"},{\"type\":\"text\",\"items\":[],\"text\":{\"1\":\"<p><img alt=\\\"\\\" height=\\\"33\\\" src=\\\"https:\\/\\/static.journal-theme.com\\/4\\/image\\/data\\/journal2\\/j.png\\\" style=\\\"float: left; margin: 5px 10px 5px 0px;\\\" width=\\\"33\\\" \\/>Journal is an OpenCart framework built for the future. It&nbsp;introduces many innovative features and comes with 10 pre-made skins and 16 multi-purpose modules, all built into the most powerful admin to date.&nbsp;<a href=\\\"http:\\/\\/themeforest.net\\/item\\/journal-premium-responsive-opencart-theme\\/4260361?ref=DigitalAtelier\\\" target=\\\"_blank\\\">Buy Journal<\\/a>!<\\/p>\\n\"},\"title\":{\"value\":{\"1\":\"About Us\",\"2\":\"\",\"4\":\"\"}},\"icon_status\":\"0\",\"icon\":{\"options\":{\"font_size\":\"16px\"}},\"icon_position\":\"top\",\"icon_border\":{\"value\":{\"border_rounded\":\"px\"}},\"icon_bg_color\":\"\",\"icon_width\":\"\",\"icon_height\":\"\",\"is_open\":false,\"newsletter_id\":\"\",\"section_type\":\"module\",\"products\":[],\"category\":\"\",\"items_limit\":5,\"module_type\":\"featured\",\"posts_type\":\"newest\",\"posts\":[],\"status\":\"1\",\"enable_on_phone\":\"1\",\"enable_on_tablet\":\"1\",\"enable_on_desktop\":\"1\",\"disable_mobile\":\"0\",\"disable_desktop\":\"0\",\"random_from\":\"all\",\"sort_order\":\"0\",\"item_name\":\"About\"}],\"contacts\":[],\"social_icons\":[],\"status\":\"1\",\"sort_order\":\"1\",\"bottom_spacing\":\"15\",\"padding_top\":\"\",\"padding_right\":\"\",\"padding_bottom\":\"\",\"padding_left\":\"\",\"items_per_row\":{\"hide_columns\":true,\"range\":\"1,10\",\"step\":\"1\",\"value\":{\"mobile\":{\"value\":\"1\",\"range\":\"1,10\",\"step\":\"1\"},\"mobile1\":{\"value\":\"2\",\"range\":\"1,10\",\"step\":\"1\"},\"tablet\":{\"value\":\"3\",\"range\":\"1,10\",\"step\":\"1\"},\"tablet1\":{\"value\":\"2\",\"range\":\"1,10\",\"step\":\"1\"},\"tablet2\":{\"value\":\"1\",\"range\":\"1,10\",\"step\":\"1\"},\"desktop\":{\"value\":\"5\",\"range\":\"1,10\",\"step\":\"1\"},\"desktop1\":{\"value\":\"3\",\"range\":\"1,10\",\"step\":\"1\"},\"desktop2\":{\"value\":\"2\",\"range\":\"1,10\",\"step\":\"1\"},\"large_desktop\":{\"value\":\"5\",\"range\":\"1,10\",\"step\":\"1\"},\"large_desktop1\":{\"value\":\"3\",\"range\":\"1,10\",\"step\":\"1\"},\"large_desktop2\":{\"value\":\"2\",\"range\":\"1,10\",\"step\":\"1\"}}},\"is_open\":false,\"background\":{\"value\":{\"bgimage_attach\":\"scroll\",\"use_gradient\":0,\"bgimage_size\":\"auto\",\"bgimage_position\":\"center top\"}},\"enable_on_phone\":\"1\",\"enable_on_tablet\":\"1\",\"enable_on_desktop\":\"1\",\"disable_mobile\":\"0\",\"disable_desktop\":\"0\",\"close_others\":true,\"item_name\":\"Links Columns\"},{\"type\":\"contacts\",\"text\":[],\"columns\":[],\"contacts\":[{\"position\":\"left\",\"link\":{\"menu_type\":\"custom\",\"menu_item\":{\"url\":\"tel:0708-61 98 94\"}},\"target\":\"1\",\"icon\":{\"options\":{\"font_size\":\"18px\",\"color\":{\"value\":{\"color\":\"rgb(255, 255, 255)\"}}},\"icon_type\":\"icon\",\"icon\":{\"icon\":\"&#xe683;\",\"class\":\"facebook3\"}},\"name\":{\"value\":{\"1\":\"Facebook\",\"2\":\"\",\"4\":\"\"}},\"tooltip\":\"1\",\"sort_order\":\"\",\"is_open\":false},{\"position\":\"left\",\"link\":{\"menu_type\":\"custom\",\"menu_item\":{\"url\":\"#\"}},\"target\":\"1\",\"icon\":{\"options\":{\"font_size\":\"18px\",\"color\":{\"value\":{\"color\":\"rgb(255, 255, 255)\"}},\"top\":\"1\"},\"icon_type\":\"icon\",\"icon\":{\"icon\":\"&#xe682;\",\"class\":\"twitter3\"}},\"name\":{\"value\":{\"1\":\"Twitter\",\"2\":\"\",\"4\":\"\"}},\"tooltip\":\"1\",\"sort_order\":\"\",\"is_open\":false},{\"position\":\"left\",\"link\":{\"menu_type\":\"custom\",\"menu_item\":{\"url\":\"#\"}},\"target\":0,\"icon\":{\"options\":{\"font_size\":\"18px\",\"color\":{\"value\":{\"color\":\"rgb(255, 255, 255)\"}}},\"icon_type\":\"icon\",\"icon\":{\"icon\":\"&#xe635;\",\"class\":\"google-plus\"}},\"name\":{\"value\":{\"1\":\"Google +\",\"2\":\"\",\"4\":\"\"}},\"tooltip\":\"1\",\"sort_order\":\"\",\"is_open\":false},{\"position\":\"left\",\"link\":{\"menu_type\":\"custom\",\"menu_item\":{\"url\":\"#\"}},\"target\":0,\"icon\":{\"options\":{\"font_size\":\"18px\",\"color\":{\"value\":{\"color\":\"rgb(255, 255, 255)\"}}},\"icon_type\":\"icon\",\"icon\":{\"icon\":\"&#xe642;\",\"class\":\"youtube\"}},\"name\":{\"value\":{\"1\":\"YouTube\",\"2\":\"\",\"4\":\"\"}},\"tooltip\":\"1\",\"sort_order\":\"\",\"is_open\":false},{\"position\":\"left\",\"link\":{\"menu_type\":\"custom\",\"menu_item\":{\"url\":\"#\"}},\"target\":0,\"icon\":{\"options\":{\"font_size\":\"18px\",\"color\":{\"value\":{\"color\":\"rgb(255, 255, 255)\"}}},\"icon_type\":\"icon\",\"icon\":{\"icon\":\"&#xe67f;\",\"class\":\"vimeo2\"}},\"name\":{\"value\":{\"1\":\"Vimeo\",\"2\":\"\",\"4\":\"\"}},\"tooltip\":\"1\",\"sort_order\":\"\",\"is_open\":false},{\"position\":\"left\",\"link\":{\"menu_type\":\"custom\",\"menu_item\":{\"url\":\"#\"}},\"target\":0,\"icon\":{\"options\":{\"font_size\":\"18px\",\"color\":{\"value\":{\"color\":\"rgb(255, 255, 255)\"}}},\"icon_type\":\"icon\",\"icon\":{\"icon\":\"&#xe0af;\",\"class\":\"pinterest-sign\"}},\"name\":{\"value\":{\"1\":\"Pinterest\",\"2\":\"\",\"4\":\"\"}},\"tooltip\":\"1\",\"sort_order\":\"\",\"is_open\":false},{\"position\":\"left\",\"link\":{\"menu_type\":\"custom\",\"menu_item\":{\"url\":\"#\"}},\"target\":0,\"icon\":{\"options\":{\"font_size\":\"18px\",\"color\":{\"value\":{\"color\":\"rgb(255, 255, 255)\"}}},\"icon_type\":\"icon\",\"icon\":{\"icon\":\"&#xe67a;\",\"class\":\"skype\"}},\"name\":{\"value\":{\"1\":\"Skype\",\"2\":\"\",\"4\":\"\"}},\"tooltip\":\"1\",\"sort_order\":\"\",\"is_open\":false},{\"position\":\"left\",\"link\":{\"menu_type\":\"custom\",\"menu_item\":{\"url\":\"#\"}},\"target\":0,\"icon\":{\"options\":{\"font_size\":\"21px\",\"color\":{\"value\":{\"color\":\"rgb(255, 255, 255)\"}}},\"icon_type\":\"icon\",\"icon\":{\"icon\":\"&#xe67c;\",\"class\":\"yahoo\"}},\"name\":{\"value\":{\"1\":\"Yahoo\",\"2\":\"\",\"4\":\"\"}},\"tooltip\":\"1\",\"sort_order\":\"\",\"is_open\":false},{\"position\":\"left\",\"link\":{\"menu_type\":\"custom\",\"menu_item\":{\"url\":\"#\"}},\"target\":0,\"icon\":{\"options\":{\"font_size\":\"18px\",\"color\":{\"value\":{\"color\":\"rgb(255, 255, 255)\"}}},\"icon_type\":\"icon\",\"icon\":{\"icon\":\"&#xe622;\",\"class\":\"linkedin\"}},\"name\":{\"value\":{\"1\":\"LinkedIn\",\"2\":\"\",\"4\":\"\"}},\"tooltip\":\"1\",\"sort_order\":\"\",\"is_open\":false},{\"position\":\"left\",\"link\":{\"menu_type\":\"custom\",\"menu_item\":{\"url\":\"#\"}},\"target\":0,\"icon\":{\"options\":{\"font_size\":\"18px\",\"color\":{\"value\":{\"color\":\"rgb(255, 255, 255)\"}}},\"icon_type\":\"icon\",\"icon\":{\"icon\":\"&#xe67e;\",\"class\":\"flickr\"}},\"name\":{\"value\":{\"1\":\"Flickr\",\"2\":\"\",\"4\":\"\"}},\"tooltip\":\"1\",\"sort_order\":\"\",\"is_open\":false},{\"position\":\"right\",\"link\":{\"menu_type\":\"custom\",\"menu_item\":{\"url\":\"#\"}},\"target\":0,\"icon\":{\"options\":{\"font_size\":\"22px\",\"color\":{\"value\":{\"color\":\"rgb(255, 255, 255)\"}}},\"icon_type\":\"icon\",\"icon\":{\"icon\":\"&#xe6a3;\",\"class\":\"phone\"}},\"name\":{\"value\":{\"1\":\"1.800.555.8989\",\"2\":\"\",\"4\":\"\"}},\"tooltip\":0,\"sort_order\":\"\",\"is_open\":false},{\"position\":\"right\",\"link\":{\"menu_type\":\"custom\",\"menu_item\":{\"url\":\"#\"}},\"target\":0,\"icon\":{\"options\":{\"font_size\":\"22px\",\"color\":{\"value\":{\"color\":\"rgb(255, 255, 255)\"}}},\"icon_type\":\"icon\",\"icon\":{\"icon\":\"&#xe61a;\",\"class\":\"location\"}},\"name\":{\"value\":{\"1\":\"123 Fashion Ave. NY, 10010\",\"2\":\"\",\"4\":\"\"}},\"tooltip\":0,\"sort_order\":\"\",\"is_open\":false}],\"social_icons\":[],\"status\":\"1\",\"sort_order\":\"0\",\"bottom_spacing\":\"\",\"padding_top\":\"\",\"padding_right\":\"\",\"padding_bottom\":\"\",\"padding_left\":\"\",\"items_per_row\":{\"hide_columns\":true,\"range\":\"1,10\",\"step\":\"1\",\"value\":{\"mobile\":{\"value\":\"1\",\"range\":\"1,10\",\"step\":\"1\"},\"mobile1\":{\"value\":\"2\",\"range\":\"1,10\",\"step\":\"1\"},\"tablet\":{\"value\":\"3\",\"range\":\"1,10\",\"step\":\"1\"},\"tablet1\":{\"value\":\"2\",\"range\":\"1,10\",\"step\":\"1\"},\"tablet2\":{\"value\":\"1\",\"range\":\"1,10\",\"step\":\"1\"},\"desktop\":{\"value\":\"4\",\"range\":\"1,10\",\"step\":\"1\"},\"desktop1\":{\"value\":\"3\",\"range\":\"1,10\",\"step\":\"1\"},\"desktop2\":{\"value\":\"2\",\"range\":\"1,10\",\"step\":\"1\"},\"large_desktop\":{\"value\":\"4\",\"range\":\"1,10\",\"step\":\"1\"},\"large_desktop1\":{\"value\":\"3\",\"range\":\"1,10\",\"step\":\"1\"},\"large_desktop2\":{\"value\":\"2\",\"range\":\"1,10\",\"step\":\"1\"}}},\"is_open\":true,\"background\":{\"value\":{\"bgimage_attach\":\"scroll\",\"bgimage_repeat\":\"repeat\",\"bgimage_position\":\"center top\",\"bgcolor\":{\"value\":{\"color\":\"\"}},\"use_gradient\":0,\"bgimage_size\":\"auto\"}},\"enable_on_phone\":\"1\",\"enable_on_tablet\":\"1\",\"enable_on_desktop\":\"1\",\"disable_mobile\":\"0\",\"disable_desktop\":\"0\",\"close_others\":true,\"item_name\":\"Contacts Icons\"}],\"close_others\":true}',1),('mega_menu',0,'{\"items\":[{\"type\":\"custom\",\"categories\":{\"type\":\"existing\",\"show\":\"both\",\"image_position\":\"right\",\"links_type\":\"categories\",\"items\":[],\"render_as\":\"megamenu\"},\"products\":{\"source\":\"category\",\"module_type\":\"featured\",\"items\":[]},\"manufacturers\":{\"type\":\"all\",\"show\":\"image\",\"items\":[]},\"custom\":{\"top\":{\"menu_type\":\"opencart\",\"menu_item\":{\"page\":\"common\\/home\"}},\"items\":[],\"target\":\"0\"},\"mixed_columns\":[],\"icon\":{\"options\":{\"font_size\":\"20px\",\"color\":{\"value\":{\"color\":\"\"}},\"top\":\"-1\"},\"icon_type\":\"icon\",\"icon\":{\"icon\":\"&#xe14f;\",\"class\":\"home3\"}},\"hide_text\":\"1\",\"is_open\":false,\"status\":1,\"items_per_row\":{\"range\":\"1,10\",\"step\":\"1\",\"hide_columns\":true,\"value\":{\"mobile\":{\"value\":\"2\",\"range\":\"1,10\",\"step\":\"1\"},\"mobile1\":{\"value\":\"3\",\"range\":\"1,10\",\"step\":\"1\"},\"tablet\":{\"value\":\"4\",\"range\":\"1,10\",\"step\":\"1\"},\"tablet1\":{\"value\":\"2\",\"range\":\"1,10\",\"step\":\"1\"},\"tablet2\":{\"value\":\"1\",\"range\":\"1,10\",\"step\":\"1\"},\"desktop\":{\"value\":\"6\",\"range\":\"1,10\",\"step\":\"1\"},\"desktop1\":{\"value\":\"3\",\"range\":\"1,10\",\"step\":\"1\"},\"desktop2\":{\"value\":\"2\",\"range\":\"1,10\",\"step\":\"1\"},\"large_desktop\":{\"value\":\"6\",\"range\":\"1,10\",\"step\":\"1\"},\"large_desktop1\":{\"value\":\"3\",\"range\":\"1,10\",\"step\":\"1\"},\"large_desktop2\":{\"value\":\"2\",\"range\":\"1,10\",\"step\":\"1\"}}},\"items_limit\":5,\"html_blocks\":[],\"html_menu_link\":{\"menu_type\":\"custom\",\"menu_item\":[]},\"title\":[],\"float\":\"left\",\"image_width\":\"\",\"image_height\":\"\",\"image_type\":\"fit\",\"enable_on_phone\":\"0\",\"enable_on_tablet\":\"0\",\"enable_on_desktop\":\"1\",\"hide_on_mobile\":\"1\",\"name\":{\"value\":{\"1\":\"\",\"2\":\"\",\"4\":\"\"}},\"sort_order\":\"0\"},{\"type\":\"mixed\",\"categories\":{\"type\":\"existing\",\"show\":\"both\",\"image_position\":\"right\",\"links_type\":\"categories\",\"items\":[],\"render_as\":\"megamenu\"},\"products\":{\"source\":\"category\",\"module_type\":\"featured\",\"items\":[]},\"manufacturers\":{\"type\":\"all\",\"show\":\"image\",\"items\":[]},\"custom\":{\"top\":{\"menu_type\":\"custom\",\"menu_item\":[]},\"items\":[],\"target\":\"1\"},\"mixed_columns\":[{\"is_open\":true,\"type\":\"categories\",\"categories\":{\"type\":\"existing\",\"show\":\"both\",\"image_position\":\"left\",\"links_type\":\"categories\",\"items\":[],\"top\":{\"id\":\"59\",\"name\":\"Fashion\"}},\"products\":{\"source\":\"category\",\"module_type\":\"featured\",\"items\":[]},\"manufacturers\":{\"type\":\"all\",\"show\":\"image\",\"items\":[]},\"custom\":{\"top\":{\"menu_type\":\"custom\",\"menu_item\":null},\"items\":[]},\"link\":{\"menu_type\":\"custom\",\"menu_item\":null},\"html_text\":[],\"cms_blocks\":[],\"width\":\"66.66666\",\"image_width\":\"75\",\"image_height\":\"75\",\"image_type\":\"fit\",\"items_per_row\":{\"range\":\"1,10\",\"step\":\"1\",\"hide_columns\":true,\"value\":{\"mobile\":{\"value\":\"2\",\"range\":\"1,10\",\"step\":\"1\"},\"mobile1\":{\"value\":\"2\",\"range\":\"1,10\",\"step\":\"1\"},\"tablet\":{\"value\":\"3\",\"range\":\"1,10\",\"step\":\"1\"},\"tablet1\":{\"value\":\"2\",\"range\":\"1,10\",\"step\":\"1\"},\"tablet2\":{\"value\":\"1\",\"range\":\"1,10\",\"step\":\"1\"},\"desktop\":{\"value\":\"4\",\"range\":\"1,10\",\"step\":\"1\"},\"desktop1\":{\"value\":\"3\",\"range\":\"1,10\",\"step\":\"1\"},\"desktop2\":{\"value\":\"2\",\"range\":\"1,10\",\"step\":\"1\"},\"large_desktop\":{\"value\":\"4\",\"range\":\"1,10\",\"step\":\"1\"},\"large_desktop1\":{\"value\":\"3\",\"range\":\"1,10\",\"step\":\"1\"},\"large_desktop2\":{\"value\":\"2\",\"range\":\"1,10\",\"step\":\"1\"}}},\"items_limit\":\"4\",\"status\":\"1\",\"sort_order\":\"1\",\"name\":{\"value\":{\"1\":\"\",\"2\":\"\",\"4\":\"\"}},\"hide_on_mobile\":\"0\"},{\"is_open\":true,\"type\":\"html-block\",\"categories\":{\"type\":\"existing\",\"show\":\"both\",\"image_position\":\"right\",\"links_type\":\"categories\",\"items\":[]},\"products\":{\"source\":\"category\",\"module_type\":\"featured\",\"items\":[]},\"manufacturers\":{\"type\":\"all\",\"show\":\"image\",\"items\":[]},\"custom\":{\"top\":{\"menu_type\":\"custom\",\"menu_item\":null},\"items\":[]},\"link\":{\"menu_type\":\"custom\",\"menu_item\":null},\"html_text\":{\"1\":\"<p><img alt=\\\"\\\" height=\\\"150\\\" src=\\\"https:\\/\\/static.journal-theme.com\\/4\\/image\\/data\\/journal-demo\\/menu-1.jpg\\\" style=\\\"margin-bottom: 5px;\\\" width=\\\"400\\\" \\/><\\/p>\\n\\n<p><span style=\\\"line-height: 1.6;\\\">Journal is a fluid responsive OpenCart theme built with the best design and development&nbsp;practices in mind. It&nbsp;introduces many innovative features and offers more than 1000 customizable admin options including 17 multi-purpose built-in modules.&nbsp;<\\/span><strong style=\\\"line-height: 1.6;\\\"><a href=\\\"http:\\/\\/themeforest.net\\/item\\/journal-premium-responsive-opencart-theme\\/4260361?ref=DigitalAtelier\\\" target=\\\"_blank\\\">Buy Journal!<\\/a><\\/strong><\\/p>\\n\"},\"cms_blocks\":[],\"width\":\"33.33333\",\"image_width\":\"\",\"image_height\":\"\",\"image_type\":\"fit\",\"items_per_row\":{\"range\":\"1,10\",\"step\":\"1\",\"hide_columns\":true,\"value\":{\"mobile\":{\"value\":\"2\",\"range\":\"1,10\",\"step\":\"1\"},\"mobile1\":{\"value\":\"3\",\"range\":\"1,10\",\"step\":\"1\"},\"tablet\":{\"value\":\"4\",\"range\":\"1,10\",\"step\":\"1\"},\"tablet1\":{\"value\":\"2\",\"range\":\"1,10\",\"step\":\"1\"},\"tablet2\":{\"value\":\"1\",\"range\":\"1,10\",\"step\":\"1\"},\"desktop\":{\"value\":\"6\",\"range\":\"1,10\",\"step\":\"1\"},\"desktop1\":{\"value\":\"3\",\"range\":\"1,10\",\"step\":\"1\"},\"desktop2\":{\"value\":\"2\",\"range\":\"1,10\",\"step\":\"1\"},\"large_desktop\":{\"value\":\"6\",\"range\":\"1,10\",\"step\":\"1\"},\"large_desktop1\":{\"value\":\"3\",\"range\":\"1,10\",\"step\":\"1\"},\"large_desktop2\":{\"value\":\"2\",\"range\":\"1,10\",\"step\":\"1\"}}},\"items_limit\":5,\"status\":\"1\",\"sort_order\":\"3\",\"name\":{\"value\":{\"1\":\"Add any Content\",\"2\":\"\",\"4\":\"\"}},\"hide_on_mobile\":\"0\"}],\"icon\":{\"options\":{\"font_size\":\"14px\"},\"icon_type\":\"none\",\"icon\":{\"icon\":\"&#xe6ab;\",\"class\":\"caret-down\"}},\"hide_text\":\"0\",\"is_open\":true,\"status\":1,\"items_per_row\":{\"range\":\"1,10\",\"step\":\"1\",\"hide_columns\":true,\"value\":{\"mobile\":{\"value\":\"2\",\"range\":\"1,10\",\"step\":\"1\"},\"mobile1\":{\"value\":\"3\",\"range\":\"1,10\",\"step\":\"1\"},\"tablet\":{\"value\":\"4\",\"range\":\"1,10\",\"step\":\"1\"},\"tablet1\":{\"value\":\"2\",\"range\":\"1,10\",\"step\":\"1\"},\"tablet2\":{\"value\":\"1\",\"range\":\"1,10\",\"step\":\"1\"},\"desktop\":{\"value\":\"6\",\"range\":\"1,10\",\"step\":\"1\"},\"desktop1\":{\"value\":\"3\",\"range\":\"1,10\",\"step\":\"1\"},\"desktop2\":{\"value\":\"2\",\"range\":\"1,10\",\"step\":\"1\"},\"large_desktop\":{\"value\":\"6\",\"range\":\"1,10\",\"step\":\"1\"},\"large_desktop1\":{\"value\":\"3\",\"range\":\"1,10\",\"step\":\"1\"},\"large_desktop2\":{\"value\":\"2\",\"range\":\"1,10\",\"step\":\"1\"}}},\"items_limit\":5,\"html_blocks\":[],\"html_menu_link\":{\"menu_type\":\"category\",\"menu_item\":{\"id\":\"59\",\"name\":\"Fashion\"}},\"title\":[],\"float\":\"left\",\"image_width\":\"\",\"image_height\":\"\",\"image_type\":\"fit\",\"enable_on_phone\":\"1\",\"enable_on_tablet\":\"1\",\"enable_on_desktop\":\"1\",\"hide_on_mobile\":0,\"name\":{\"value\":{\"1\":\"Categories\",\"2\":\"\",\"4\":\"\"}},\"sort_order\":\"1\"},{\"type\":\"categories\",\"categories\":{\"type\":\"existing\",\"show\":\"both\",\"image_position\":\"left\",\"links_type\":\"products\",\"items\":[{\"menu_type\":\"opencart\",\"menu_item\":[],\"data\":{\"id\":\"105\",\"name\":\"Fashion &gt; Accesories\"}},{\"menu_type\":\"opencart\",\"menu_item\":[],\"data\":{\"id\":\"107\",\"name\":\"Fashion &gt; Bags\"}},{\"menu_type\":\"opencart\",\"menu_item\":[],\"data\":{\"id\":\"109\",\"name\":\"Fashion &gt; Beauty\"}},{\"menu_type\":\"opencart\",\"menu_item\":[],\"data\":{\"id\":\"60\",\"name\":\"Fashion &gt; Dresses\"}}],\"render_as\":\"dropdown\",\"top\":{\"id\":\"59\",\"name\":\"Fashion\"}},\"products\":{\"source\":\"module\",\"module_type\":\"special\",\"items\":[]},\"manufacturers\":{\"type\":\"all\",\"show\":\"image\",\"items\":[]},\"custom\":{\"top\":{\"menu_type\":\"custom\",\"menu_item\":[]},\"items\":[],\"target\":\"1\"},\"mixed_columns\":[{\"is_open\":1,\"hide_on_mobile\":0,\"type\":\"categories\",\"categories\":{\"type\":\"custom\",\"show\":\"both\",\"image_position\":\"left\",\"links_type\":\"products\",\"items\":[{\"menu_type\":\"opencart\",\"menu_item\":[],\"data\":{\"id\":\"105\",\"name\":\"Fashion &gt; Accesories\"}},{\"menu_type\":\"opencart\",\"menu_item\":[],\"data\":{\"id\":\"107\",\"name\":\"Fashion &gt; Bags\"}},{\"menu_type\":\"opencart\",\"menu_item\":[],\"data\":{\"id\":\"109\",\"name\":\"Fashion &gt; Beauty\"}},{\"menu_type\":\"opencart\",\"menu_item\":[],\"data\":{\"id\":\"60\",\"name\":\"Fashion &gt; Dresses\"}}]},\"products\":{\"source\":\"category\",\"module_type\":\"featured\",\"items\":[]},\"manufacturers\":{\"type\":\"all\",\"show\":\"image\",\"items\":[]},\"custom\":{\"top\":{\"menu_type\":\"custom\",\"menu_item\":null},\"items\":[]},\"link\":{\"menu_type\":\"custom\",\"menu_item\":null},\"html_text\":[],\"cms_blocks\":[],\"width\":\"50\",\"image_width\":\"\",\"image_height\":\"\",\"image_type\":\"fit\",\"items_per_row\":{\"range\":\"1,10\",\"step\":\"1\",\"hide_columns\":true,\"value\":{\"mobile\":{\"value\":\"2\",\"range\":\"1,10\",\"step\":\"1\"},\"mobile1\":{\"value\":\"2\",\"range\":\"1,10\",\"step\":\"1\"},\"tablet\":{\"value\":\"2\",\"range\":\"1,10\",\"step\":\"1\"},\"tablet1\":{\"value\":\"2\",\"range\":\"1,10\",\"step\":\"1\"},\"tablet2\":{\"value\":\"1\",\"range\":\"1,10\",\"step\":\"1\"},\"desktop\":{\"value\":\"2\",\"range\":\"1,10\",\"step\":\"1\"},\"desktop1\":{\"value\":\"3\",\"range\":\"1,10\",\"step\":\"1\"},\"desktop2\":{\"value\":\"2\",\"range\":\"1,10\",\"step\":\"1\"},\"large_desktop\":{\"value\":\"2\",\"range\":\"1,10\",\"step\":\"1\"},\"large_desktop1\":{\"value\":\"3\",\"range\":\"1,10\",\"step\":\"1\"},\"large_desktop2\":{\"value\":\"2\",\"range\":\"1,10\",\"step\":\"1\"}}},\"items_limit\":5,\"status\":\"1\",\"sort_order\":\"\",\"name\":{\"value\":{\"1\":\"\",\"2\":\"\",\"4\":\"\"}}},{\"is_open\":1,\"hide_on_mobile\":0,\"type\":\"products\",\"categories\":{\"type\":\"custom\",\"show\":\"both\",\"image_position\":\"right\",\"links_type\":\"products\",\"items\":[]},\"products\":{\"source\":\"module\",\"module_type\":\"special\",\"items\":[]},\"manufacturers\":{\"type\":\"all\",\"show\":\"image\",\"items\":[]},\"custom\":{\"top\":{\"menu_type\":\"custom\",\"menu_item\":null},\"items\":[]},\"link\":{\"menu_type\":\"custom\",\"menu_item\":null},\"html_text\":[],\"cms_blocks\":[],\"width\":\"50\",\"image_width\":\"\",\"image_height\":\"\",\"image_type\":\"fit\",\"items_per_row\":{\"range\":\"1,10\",\"step\":\"1\",\"hide_columns\":true,\"value\":{\"mobile\":{\"value\":\"2\",\"range\":\"1,10\",\"step\":\"1\"},\"mobile1\":{\"value\":\"2\",\"range\":\"1,10\",\"step\":\"1\"},\"tablet\":{\"value\":\"3\",\"range\":\"1,10\",\"step\":\"1\"},\"tablet1\":{\"value\":\"2\",\"range\":\"1,10\",\"step\":\"1\"},\"tablet2\":{\"value\":\"1\",\"range\":\"1,10\",\"step\":\"1\"},\"desktop\":{\"value\":\"3\",\"range\":\"1,10\",\"step\":\"1\"},\"desktop1\":{\"value\":\"3\",\"range\":\"1,10\",\"step\":\"1\"},\"desktop2\":{\"value\":\"2\",\"range\":\"1,10\",\"step\":\"1\"},\"large_desktop\":{\"value\":\"3\",\"range\":\"1,10\",\"step\":\"1\"},\"large_desktop1\":{\"value\":\"3\",\"range\":\"1,10\",\"step\":\"1\"},\"large_desktop2\":{\"value\":\"2\",\"range\":\"1,10\",\"step\":\"1\"}}},\"items_limit\":\"3\",\"status\":\"1\",\"sort_order\":\"\",\"name\":{\"value\":{\"1\":\"Special Offers\",\"2\":\"\",\"4\":\"\"}}}],\"icon\":{\"options\":{\"font_size\":\"16px\"}},\"hide_text\":\"0\",\"is_open\":false,\"status\":1,\"items_per_row\":{\"range\":\"1,10\",\"step\":\"1\",\"hide_columns\":true,\"value\":{\"mobile\":{\"value\":\"2\",\"range\":\"1,10\",\"step\":\"1\"},\"mobile1\":{\"value\":\"2\",\"range\":\"1,10\",\"step\":\"1\"},\"tablet\":{\"value\":\"2\",\"range\":\"1,10\",\"step\":\"1\"},\"tablet1\":{\"value\":\"2\",\"range\":\"1,10\",\"step\":\"1\"},\"tablet2\":{\"value\":\"1\",\"range\":\"1,10\",\"step\":\"1\"},\"desktop\":{\"value\":\"4\",\"range\":\"1,10\",\"step\":\"1\"},\"desktop1\":{\"value\":\"3\",\"range\":\"1,10\",\"step\":\"1\"},\"desktop2\":{\"value\":\"2\",\"range\":\"1,10\",\"step\":\"1\"},\"large_desktop\":{\"value\":\"4\",\"range\":\"1,10\",\"step\":\"1\"},\"large_desktop1\":{\"value\":\"3\",\"range\":\"1,10\",\"step\":\"1\"},\"large_desktop2\":{\"value\":\"2\",\"range\":\"1,10\",\"step\":\"1\"}}},\"items_limit\":\"5\",\"html_blocks\":[],\"html_menu_link\":{\"menu_type\":\"category\",\"menu_item\":{\"id\":\"59\",\"name\":\"Fashion\"}},\"title\":[],\"float\":\"left\",\"image_width\":\"\",\"image_height\":\"\",\"image_type\":\"fit\",\"enable_on_phone\":\"1\",\"enable_on_tablet\":\"1\",\"enable_on_desktop\":\"1\",\"hide_on_mobile\":0,\"name\":{\"value\":{\"1\":\"Multi Level\",\"2\":\"\",\"4\":\"\"}}},{\"type\":\"mixed\",\"categories\":{\"type\":\"existing\",\"show\":\"both\",\"image_position\":\"right\",\"links_type\":\"categories\",\"items\":[],\"render_as\":\"dropdown\",\"top\":{\"id\":\"59\",\"name\":\"Fashion\"}},\"products\":{\"source\":\"module\",\"module_type\":\"special\",\"items\":[]},\"manufacturers\":{\"type\":\"all\",\"show\":\"image\",\"items\":[]},\"custom\":{\"top\":{\"menu_type\":\"custom\",\"menu_item\":[]},\"items\":[],\"target\":\"1\"},\"mixed_columns\":[{\"is_open\":true,\"hide_on_mobile\":0,\"type\":\"categories\",\"categories\":{\"type\":\"custom\",\"show\":\"both\",\"image_position\":\"left\",\"links_type\":\"products\",\"items\":[{\"menu_type\":\"opencart\",\"menu_item\":[],\"data\":{\"id\":\"105\",\"name\":\"Fashion &gt; Accesories\"}},{\"menu_type\":\"opencart\",\"menu_item\":[],\"data\":{\"id\":\"107\",\"name\":\"Fashion &gt; Bags\"}},{\"menu_type\":\"opencart\",\"menu_item\":[],\"data\":{\"id\":\"109\",\"name\":\"Fashion &gt; Beauty\"}},{\"menu_type\":\"opencart\",\"menu_item\":[],\"data\":{\"id\":\"60\",\"name\":\"Fashion &gt; Dresses\"}}],\"top\":{\"id\":\"59\",\"name\":\"Fashion\"}},\"products\":{\"source\":\"category\",\"module_type\":\"featured\",\"items\":[]},\"manufacturers\":{\"type\":\"all\",\"show\":\"image\",\"items\":[]},\"custom\":{\"top\":{\"menu_type\":\"custom\",\"menu_item\":null},\"items\":[]},\"link\":{\"menu_type\":\"custom\",\"menu_item\":null},\"html_text\":[],\"cms_blocks\":[],\"width\":\"50\",\"image_width\":\"115\",\"image_height\":\"115\",\"image_type\":\"fit\",\"items_per_row\":{\"range\":\"1,10\",\"step\":\"1\",\"hide_columns\":true,\"value\":{\"mobile\":{\"value\":\"2\",\"range\":\"1,10\",\"step\":\"1\"},\"mobile1\":{\"value\":\"2\",\"range\":\"1,10\",\"step\":\"1\"},\"tablet\":{\"value\":\"2\",\"range\":\"1,10\",\"step\":\"1\"},\"tablet1\":{\"value\":\"2\",\"range\":\"1,10\",\"step\":\"1\"},\"tablet2\":{\"value\":\"1\",\"range\":\"1,10\",\"step\":\"1\"},\"desktop\":{\"value\":\"2\",\"range\":\"1,10\",\"step\":\"1\"},\"desktop1\":{\"value\":\"3\",\"range\":\"1,10\",\"step\":\"1\"},\"desktop2\":{\"value\":\"2\",\"range\":\"1,10\",\"step\":\"1\"},\"large_desktop\":{\"value\":\"2\",\"range\":\"1,10\",\"step\":\"1\"},\"large_desktop1\":{\"value\":\"3\",\"range\":\"1,10\",\"step\":\"1\"},\"large_desktop2\":{\"value\":\"2\",\"range\":\"1,10\",\"step\":\"1\"}}},\"items_limit\":\"7\",\"status\":\"1\",\"sort_order\":\"\",\"name\":{\"value\":{\"1\":\"\",\"2\":\"\",\"4\":\"\"}}},{\"is_open\":1,\"hide_on_mobile\":0,\"type\":\"products\",\"categories\":{\"type\":\"existing\",\"show\":\"both\",\"image_position\":\"right\",\"links_type\":\"categories\",\"items\":[]},\"products\":{\"source\":\"module\",\"module_type\":\"special\",\"items\":[]},\"manufacturers\":{\"type\":\"all\",\"show\":\"image\",\"items\":[]},\"custom\":{\"top\":{\"menu_type\":\"custom\",\"menu_item\":null},\"items\":[]},\"link\":{\"menu_type\":\"custom\",\"menu_item\":null},\"html_text\":[],\"cms_blocks\":[],\"width\":\"50\",\"image_width\":\"\",\"image_height\":\"\",\"image_type\":\"fit\",\"items_per_row\":{\"range\":\"1,10\",\"step\":\"1\",\"hide_columns\":true,\"value\":{\"mobile\":{\"value\":\"1\",\"range\":\"1,10\",\"step\":\"1\"},\"mobile1\":{\"value\":\"2\",\"range\":\"1,10\",\"step\":\"1\"},\"tablet\":{\"value\":\"3\",\"range\":\"1,10\",\"step\":\"1\"},\"tablet1\":{\"value\":\"2\",\"range\":\"1,10\",\"step\":\"1\"},\"tablet2\":{\"value\":\"1\",\"range\":\"1,10\",\"step\":\"1\"},\"desktop\":{\"value\":\"3\",\"range\":\"1,10\",\"step\":\"1\"},\"desktop1\":{\"value\":\"3\",\"range\":\"1,10\",\"step\":\"1\"},\"desktop2\":{\"value\":\"2\",\"range\":\"1,10\",\"step\":\"1\"},\"large_desktop\":{\"value\":\"3\",\"range\":\"1,10\",\"step\":\"1\"},\"large_desktop1\":{\"value\":\"3\",\"range\":\"1,10\",\"step\":\"1\"},\"large_desktop2\":{\"value\":\"2\",\"range\":\"1,10\",\"step\":\"1\"}}},\"items_limit\":\"3\",\"status\":\"1\",\"sort_order\":\"\",\"name\":{\"value\":{\"1\":\"Special Offers\",\"2\":\"\",\"4\":\"\"}}}],\"icon\":{\"options\":{\"font_size\":\"16px\"}},\"hide_text\":\"0\",\"is_open\":false,\"status\":1,\"items_per_row\":{\"range\":\"1,10\",\"step\":\"1\",\"hide_columns\":true,\"value\":{\"mobile\":{\"value\":\"2\",\"range\":\"1,10\",\"step\":\"1\"},\"mobile1\":{\"value\":\"3\",\"range\":\"1,10\",\"step\":\"1\"},\"tablet\":{\"value\":\"4\",\"range\":\"1,10\",\"step\":\"1\"},\"tablet1\":{\"value\":\"2\",\"range\":\"1,10\",\"step\":\"1\"},\"tablet2\":{\"value\":\"1\",\"range\":\"1,10\",\"step\":\"1\"},\"desktop\":{\"value\":\"6\",\"range\":\"1,10\",\"step\":\"1\"},\"desktop1\":{\"value\":\"3\",\"range\":\"1,10\",\"step\":\"1\"},\"desktop2\":{\"value\":\"2\",\"range\":\"1,10\",\"step\":\"1\"},\"large_desktop\":{\"value\":\"6\",\"range\":\"1,10\",\"step\":\"1\"},\"large_desktop1\":{\"value\":\"3\",\"range\":\"1,10\",\"step\":\"1\"},\"large_desktop2\":{\"value\":\"2\",\"range\":\"1,10\",\"step\":\"1\"}}},\"items_limit\":\"6\",\"html_blocks\":[],\"html_menu_link\":{\"menu_type\":\"custom\",\"menu_item\":[]},\"title\":[],\"float\":\"left\",\"image_width\":\"\",\"image_height\":\"\",\"image_type\":\"fit\",\"enable_on_phone\":\"1\",\"enable_on_tablet\":\"1\",\"enable_on_desktop\":\"1\",\"hide_on_mobile\":0,\"name\":{\"value\":{\"1\":\"Products\",\"2\":\"\",\"4\":\"\"}}},{\"type\":\"mixed\",\"categories\":{\"type\":\"existing\",\"show\":\"both\",\"image_position\":\"right\",\"links_type\":\"categories\",\"items\":[],\"render_as\":\"megamenu\"},\"products\":{\"source\":\"category\",\"module_type\":\"featured\",\"items\":[]},\"manufacturers\":{\"type\":\"all\",\"show\":\"image\",\"items\":[]},\"custom\":{\"top\":{\"menu_type\":\"custom\",\"menu_item\":[]},\"items\":[],\"target\":\"1\"},\"mixed_columns\":[{\"is_open\":1,\"hide_on_mobile\":0,\"type\":\"categories\",\"categories\":{\"type\":\"existing\",\"show\":\"links\",\"image_position\":\"left\",\"links_type\":\"categories\",\"items\":[{\"menu_type\":\"opencart\",\"menu_item\":[],\"data\":{\"id\":\"112\",\"name\":\"Fashion &gt; Lingerie\"}},{\"menu_type\":\"opencart\",\"menu_item\":[],\"data\":{\"id\":\"131\",\"name\":\"Fashion &gt; Shoes &gt; Boots\"}},{\"menu_type\":\"opencart\",\"menu_item\":[],\"data\":{\"id\":\"110\",\"name\":\"Fashion &gt; Accesories &gt; Jewelry\"}},{\"menu_type\":\"opencart\",\"menu_item\":[],\"data\":{\"id\":\"106\",\"name\":\"Fashion &gt; Tops &gt; Jackets\"}}],\"top\":{\"id\":\"59\",\"name\":\"Fashion\"}},\"products\":{\"source\":\"category\",\"module_type\":\"featured\",\"items\":[]},\"manufacturers\":{\"type\":\"all\",\"show\":\"image\",\"items\":[]},\"custom\":{\"top\":{\"menu_type\":\"custom\",\"menu_item\":null},\"items\":[]},\"link\":{\"menu_type\":\"custom\",\"menu_item\":null},\"html_text\":[null,\"<p>Lorem ipsum dolor sit amet, consectetur adipiscing elit. Aliquam iaculis egestas laoreet. Etiam faucibus massa sed risus lacinia in vulputate dolor imperdiet. Curabitur pharetra, purus a commodo dignissim, sapien nulla tempus nisi, et varius nulla urna at arcu.<\\/p>\\n\"],\"cms_blocks\":[],\"width\":\"50\",\"image_width\":\"\",\"image_height\":\"\",\"image_type\":\"fit\",\"items_per_row\":{\"range\":\"1,10\",\"step\":\"1\",\"hide_columns\":true,\"value\":{\"mobile\":{\"value\":\"2\",\"range\":\"1,10\",\"step\":\"1\"},\"mobile1\":{\"value\":\"2\",\"range\":\"1,10\",\"step\":\"1\"},\"tablet\":{\"value\":\"2\",\"range\":\"1,10\",\"step\":\"1\"},\"tablet1\":{\"value\":\"2\",\"range\":\"1,10\",\"step\":\"1\"},\"tablet2\":{\"value\":\"1\",\"range\":\"1,10\",\"step\":\"1\"},\"desktop\":{\"value\":\"4\",\"range\":\"1,10\",\"step\":\"1\"},\"desktop1\":{\"value\":\"3\",\"range\":\"1,10\",\"step\":\"1\"},\"desktop2\":{\"value\":\"2\",\"range\":\"1,10\",\"step\":\"1\"},\"large_desktop\":{\"value\":\"4\",\"range\":\"1,10\",\"step\":\"1\"},\"large_desktop1\":{\"value\":\"3\",\"range\":\"1,10\",\"step\":\"1\"},\"large_desktop2\":{\"value\":\"2\",\"range\":\"1,10\",\"step\":\"1\"}}},\"items_limit\":\"10\",\"status\":\"1\",\"sort_order\":\"\",\"name\":{\"value\":{\"1\":\"\",\"2\":\"\",\"4\":\"\"}}},{\"is_open\":1,\"hide_on_mobile\":0,\"type\":\"manufacturers\",\"categories\":{\"type\":\"existing\",\"show\":\"both\",\"image_position\":\"right\",\"links_type\":\"categories\",\"items\":[]},\"products\":{\"source\":\"category\",\"module_type\":\"featured\",\"items\":[]},\"manufacturers\":{\"type\":\"all\",\"show\":\"image\",\"items\":[]},\"custom\":{\"top\":{\"menu_type\":\"custom\",\"menu_item\":null},\"items\":[]},\"link\":{\"menu_type\":\"custom\",\"menu_item\":null},\"html_text\":[],\"cms_blocks\":[],\"width\":\"25\",\"image_width\":\"90\",\"image_height\":\"90\",\"image_type\":\"fit\",\"items_per_row\":{\"range\":\"1,10\",\"step\":\"1\",\"hide_columns\":true,\"value\":{\"mobile\":{\"value\":\"2\",\"range\":\"1,10\",\"step\":\"1\"},\"mobile1\":{\"value\":\"2\",\"range\":\"1,10\",\"step\":\"1\"},\"tablet\":{\"value\":\"4\",\"range\":\"1,10\",\"step\":\"1\"},\"tablet1\":{\"value\":\"2\",\"range\":\"1,10\",\"step\":\"1\"},\"tablet2\":{\"value\":\"1\",\"range\":\"1,10\",\"step\":\"1\"},\"desktop\":{\"value\":\"4\",\"range\":\"1,10\",\"step\":\"1\"},\"desktop1\":{\"value\":\"3\",\"range\":\"1,10\",\"step\":\"1\"},\"desktop2\":{\"value\":\"2\",\"range\":\"1,10\",\"step\":\"1\"},\"large_desktop\":{\"value\":\"4\",\"range\":\"1,10\",\"step\":\"1\"},\"large_desktop1\":{\"value\":\"3\",\"range\":\"1,10\",\"step\":\"1\"},\"large_desktop2\":{\"value\":\"2\",\"range\":\"1,10\",\"step\":\"1\"}}},\"items_limit\":\"\",\"status\":\"1\",\"sort_order\":\"\",\"name\":{\"value\":{\"1\":\"Our Brands\",\"2\":\"\",\"4\":\"\"}}},{\"is_open\":1,\"hide_on_mobile\":0,\"type\":\"html-block\",\"categories\":{\"type\":\"custom\",\"show\":\"both\",\"image_position\":\"left\",\"links_type\":\"products\",\"items\":[{\"menu_type\":\"opencart\",\"menu_item\":[],\"data\":{\"id\":\"105\",\"name\":\"Fashion &gt; Accesories\"}}],\"top\":{\"id\":\"59\",\"name\":\"Fashion\"}},\"products\":{\"source\":\"category\",\"module_type\":\"featured\",\"items\":[]},\"manufacturers\":{\"type\":\"all\",\"show\":\"image\",\"items\":[]},\"custom\":{\"top\":{\"menu_type\":\"custom\",\"menu_item\":null},\"items\":[]},\"link\":{\"menu_type\":\"custom\",\"menu_item\":null},\"html_text\":{\"1\":\"<p><img alt=\\\"\\\" height=\\\"150\\\" src=\\\"https:\\/\\/static.journal-theme.com\\/4\\/image\\/data\\/journal-demo\\/menu-1.jpg\\\" style=\\\"margin-right: 10px;\\\" width=\\\"400\\\" \\/><\\/p>\\n\\n<p>&nbsp;<\\/p>\\n\\n<p>Journal is a fluid responsive OpenCart theme built with the best design and development&nbsp;practices in mind. It&nbsp;introduces many innovative features and offers more than 1000 customizable admin options including 17 multi-purpose built-in modules.&nbsp;<\\/p>\\n\\n<p><strong style=\\\"line-height: 1.6;\\\"><a href=\\\"http:\\/\\/themeforest.net\\/item\\/journal-premium-responsive-opencart-theme\\/4260361?ref=DigitalAtelier\\\" target=\\\"_blank\\\">Buy Journal!<\\/a><\\/strong><\\/p>\\n\"},\"cms_blocks\":[],\"width\":\"25\",\"image_width\":\"\",\"image_height\":\"\",\"image_type\":\"fit\",\"items_per_row\":{\"range\":\"1,10\",\"step\":\"1\",\"hide_columns\":true,\"value\":{\"mobile\":{\"value\":\"1\",\"range\":\"1,10\",\"step\":\"1\"},\"mobile1\":{\"value\":\"1\",\"range\":\"1,10\",\"step\":\"1\"},\"tablet\":{\"value\":\"1\",\"range\":\"1,10\",\"step\":\"1\"},\"tablet1\":{\"value\":\"2\",\"range\":\"1,10\",\"step\":\"1\"},\"tablet2\":{\"value\":\"1\",\"range\":\"1,10\",\"step\":\"1\"},\"desktop\":{\"value\":\"1\",\"range\":\"1,10\",\"step\":\"1\"},\"desktop1\":{\"value\":\"3\",\"range\":\"1,10\",\"step\":\"1\"},\"desktop2\":{\"value\":\"2\",\"range\":\"1,10\",\"step\":\"1\"},\"large_desktop\":{\"value\":\"1\",\"range\":\"1,10\",\"step\":\"1\"},\"large_desktop1\":{\"value\":\"3\",\"range\":\"1,10\",\"step\":\"1\"},\"large_desktop2\":{\"value\":\"2\",\"range\":\"1,10\",\"step\":\"1\"}}},\"items_limit\":5,\"status\":\"1\",\"sort_order\":\"\",\"name\":{\"value\":{\"1\":\"Custom HTML\",\"2\":\"\",\"4\":\"\"}}}],\"icon\":{\"options\":{\"font_size\":\"16px\"}},\"hide_text\":\"0\",\"is_open\":false,\"status\":1,\"items_per_row\":{\"range\":\"1,10\",\"step\":\"1\",\"hide_columns\":true,\"value\":{\"mobile\":{\"value\":\"2\",\"range\":\"1,10\",\"step\":\"1\"},\"mobile1\":{\"value\":\"3\",\"range\":\"1,10\",\"step\":\"1\"},\"tablet\":{\"value\":\"4\",\"range\":\"1,10\",\"step\":\"1\"},\"tablet1\":{\"value\":\"2\",\"range\":\"1,10\",\"step\":\"1\"},\"tablet2\":{\"value\":\"1\",\"range\":\"1,10\",\"step\":\"1\"},\"desktop\":{\"value\":\"6\",\"range\":\"1,10\",\"step\":\"1\"},\"desktop1\":{\"value\":\"3\",\"range\":\"1,10\",\"step\":\"1\"},\"desktop2\":{\"value\":\"2\",\"range\":\"1,10\",\"step\":\"1\"},\"large_desktop\":{\"value\":\"6\",\"range\":\"1,10\",\"step\":\"1\"},\"large_desktop1\":{\"value\":\"3\",\"range\":\"1,10\",\"step\":\"1\"},\"large_desktop2\":{\"value\":\"2\",\"range\":\"1,10\",\"step\":\"1\"}}},\"items_limit\":5,\"html_blocks\":[],\"html_menu_link\":{\"menu_type\":\"custom\",\"menu_item\":[]},\"title\":[],\"float\":\"left\",\"image_width\":\"\",\"image_height\":\"\",\"image_type\":\"fit\",\"enable_on_phone\":\"1\",\"enable_on_tablet\":\"1\",\"enable_on_desktop\":\"1\",\"hide_on_mobile\":0,\"name\":{\"value\":{\"1\":\"Mixed Menu\",\"2\":\"\",\"4\":\"\"}}},{\"type\":\"custom\",\"categories\":{\"type\":\"existing\",\"show\":\"both\",\"image_position\":\"right\",\"links_type\":\"categories\",\"items\":[],\"render_as\":\"megamenu\"},\"products\":{\"source\":\"category\",\"module_type\":\"featured\",\"items\":[]},\"manufacturers\":{\"type\":\"all\",\"show\":\"image\",\"items\":[]},\"custom\":{\"top\":{\"menu_type\":\"blog_home\",\"menu_item\":[]},\"items\":[{\"menu\":{\"menu_type\":\"blog_home\",\"menu_item\":[]},\"target\":0,\"is_open\":1,\"name\":{\"value\":{\"1\":\"Latest Articles\",\"2\":\"\",\"4\":\"\"}}},{\"menu\":{\"menu_type\":\"information\",\"menu_item\":{\"id\":\"4\",\"name\":\"About Us\"}},\"target\":0,\"is_open\":1,\"name\":{\"value\":{\"1\":\"\",\"2\":\"\",\"4\":\"\"}}},{\"menu\":{\"menu_type\":\"opencart\",\"menu_item\":{\"page\":\"account\\/account\"}},\"target\":0,\"is_open\":false,\"name\":{\"value\":{\"1\":\"\",\"2\":\"\",\"4\":\"\"}}},{\"menu\":{\"menu_type\":\"information\",\"menu_item\":{\"id\":\"5\",\"name\":\"Terms &amp; Conditions\"}},\"target\":0,\"is_open\":1,\"name\":{\"value\":{\"1\":\"\",\"2\":\"\",\"4\":\"\"}}}],\"target\":\"0\"},\"mixed_columns\":[],\"icon\":{\"options\":{\"font_size\":\"16px\"}},\"hide_text\":\"0\",\"is_open\":false,\"status\":1,\"items_per_row\":{\"range\":\"1,10\",\"step\":\"1\",\"hide_columns\":true,\"value\":{\"mobile\":{\"value\":\"2\",\"range\":\"1,10\",\"step\":\"1\"},\"mobile1\":{\"value\":\"3\",\"range\":\"1,10\",\"step\":\"1\"},\"tablet\":{\"value\":\"4\",\"range\":\"1,10\",\"step\":\"1\"},\"tablet1\":{\"value\":\"2\",\"range\":\"1,10\",\"step\":\"1\"},\"tablet2\":{\"value\":\"1\",\"range\":\"1,10\",\"step\":\"1\"},\"desktop\":{\"value\":\"6\",\"range\":\"1,10\",\"step\":\"1\"},\"desktop1\":{\"value\":\"3\",\"range\":\"1,10\",\"step\":\"1\"},\"desktop2\":{\"value\":\"2\",\"range\":\"1,10\",\"step\":\"1\"},\"large_desktop\":{\"value\":\"6\",\"range\":\"1,10\",\"step\":\"1\"},\"large_desktop1\":{\"value\":\"3\",\"range\":\"1,10\",\"step\":\"1\"},\"large_desktop2\":{\"value\":\"2\",\"range\":\"1,10\",\"step\":\"1\"}}},\"items_limit\":5,\"html_blocks\":[],\"html_menu_link\":{\"menu_type\":\"opencart\",\"menu_item\":{\"page\":\"product\\/special\"}},\"title\":[],\"float\":\"left\",\"image_width\":\"\",\"image_height\":\"\",\"image_type\":\"fit\",\"enable_on_phone\":\"1\",\"enable_on_tablet\":\"1\",\"enable_on_desktop\":\"1\",\"hide_on_mobile\":0,\"name\":{\"value\":{\"1\":\"Blog\",\"2\":\"\",\"4\":\"\"}}},{\"type\":\"categories\",\"categories\":{\"type\":\"existing\",\"show\":\"both\",\"image_position\":\"top\",\"links_type\":\"categories\",\"items\":[],\"render_as\":\"megamenu\",\"top\":{\"id\":\"59\",\"name\":\"Fashion\"}},\"products\":{\"source\":\"category\",\"module_type\":\"featured\",\"items\":[]},\"manufacturers\":{\"type\":\"all\",\"show\":\"image\",\"items\":[]},\"custom\":{\"top\":{\"menu_type\":\"opencart\",\"menu_item\":{\"page\":\"information\\/contact\"}},\"items\":[],\"target\":\"1\"},\"mixed_columns\":[],\"icon\":{\"options\":{\"font_size\":\"21px\",\"top\":\"-1\"},\"icon_type\":\"none\",\"icon\":{\"icon\":\"&#xe67b;\",\"class\":\"envelope\"}},\"hide_text\":\"0\",\"is_open\":false,\"status\":1,\"items_per_row\":{\"range\":\"1,10\",\"step\":\"1\",\"hide_columns\":true,\"value\":{\"mobile\":{\"value\":\"2\",\"range\":\"1,10\",\"step\":\"1\"},\"mobile1\":{\"value\":\"2\",\"range\":\"1,10\",\"step\":\"1\"},\"tablet\":{\"value\":\"4\",\"range\":\"1,10\",\"step\":\"1\"},\"tablet1\":{\"value\":\"2\",\"range\":\"1,10\",\"step\":\"1\"},\"tablet2\":{\"value\":\"1\",\"range\":\"1,10\",\"step\":\"1\"},\"desktop\":{\"value\":\"8\",\"range\":\"1,10\",\"step\":\"1\"},\"desktop1\":{\"value\":\"3\",\"range\":\"1,10\",\"step\":\"1\"},\"desktop2\":{\"value\":\"2\",\"range\":\"1,10\",\"step\":\"1\"},\"large_desktop\":{\"value\":\"8\",\"range\":\"1,10\",\"step\":\"1\"},\"large_desktop1\":{\"value\":\"3\",\"range\":\"1,10\",\"step\":\"1\"},\"large_desktop2\":{\"value\":\"2\",\"range\":\"1,10\",\"step\":\"1\"}}},\"items_limit\":5,\"html_blocks\":[],\"html_menu_link\":{\"menu_type\":\"custom\",\"menu_item\":[]},\"title\":[],\"float\":\"left\",\"image_width\":\"136\",\"image_height\":\"136\",\"image_type\":\"fit\",\"enable_on_phone\":\"1\",\"enable_on_tablet\":\"1\",\"enable_on_desktop\":\"1\",\"hide_on_mobile\":0,\"name\":{\"value\":{\"1\":\"Images Top\",\"2\":\"\",\"4\":\"\"}},\"sort_order\":\"2\"}],\"close_others\":true,\"options\":{\"display\":\"table\",\"table_layout\":\"fixed\",\"is_open\":false}}',1),('payments',0,'{\"payments\":[{\"image\":\"data\\/journal2\\/cards\\/visa.png\",\"name\":{\"value\":{\"1\":\"Visa\",\"2\":\"\"}},\"link\":{\"value\":\"\"},\"new_window\":\"0\",\"sort_order\":\"\",\"is_open\":true},{\"image\":\"data\\/journal2\\/cards\\/mc.png\",\"name\":{\"value\":{\"1\":\"MasterCard\",\"2\":\"\"}},\"link\":{\"value\":\"\"},\"new_window\":\"0\",\"sort_order\":\"\",\"is_open\":true},{\"image\":\"data\\/journal2\\/cards\\/maestro.png\",\"name\":{\"value\":{\"1\":\"Maestro\",\"2\":\"\"}},\"link\":{\"value\":\"\"},\"new_window\":\"0\",\"sort_order\":\"\",\"is_open\":true},{\"image\":\"data\\/journal2\\/cards\\/disc.png\",\"name\":{\"value\":{\"1\":\"Discover\",\"2\":\"\"}},\"link\":{\"value\":\"\"},\"new_window\":\"0\",\"sort_order\":\"\",\"is_open\":true},{\"image\":\"data\\/journal2\\/cards\\/ax.png\",\"name\":{\"value\":{\"1\":\"American Express\",\"2\":\"\"}},\"link\":{\"value\":\"\"},\"new_window\":\"0\",\"sort_order\":\"\",\"is_open\":true},{\"image\":\"data\\/journal2\\/cards\\/pp.png\",\"name\":{\"value\":{\"1\":\"PayPal\",\"2\":\"\"}},\"link\":{\"value\":\"\"},\"new_window\":\"0\",\"sort_order\":\"\",\"is_open\":true}],\"close_others\":false}',1),('primary_menu',0,'{\"items\":[{\"icon\":{\"options\":{\"font_size\":\"16px\"},\"icon_type\":\"none\",\"icon\":{\"icon\":\"&#xe680;\",\"class\":\"facebook2\"}},\"mobile_view\":\"text\",\"menu\":{\"menu_type\":\"information\",\"menu_item\":{\"id\":\"4\",\"name\":\"About Us\"}},\"name_overwrite\":0,\"target\":0,\"enable_on_phone\":\"1\",\"enable_on_tablet\":\"1\",\"enable_on_desktop\":\"1\",\"hide_on_mobile\":\"0\",\"is_open\":true,\"icon_position\":\"left\",\"name\":{\"value\":{\"1\":\"\"}}},{\"icon\":{\"options\":{\"font_size\":\"16px\"},\"icon_type\":\"none\",\"icon\":{\"icon\":\"&#xe094;\",\"class\":\"circle-arrow-right2\"}},\"mobile_view\":\"both\",\"menu\":{\"menu_type\":\"custom\",\"menu_item\":[]},\"name_overwrite\":0,\"target\":0,\"enable_on_phone\":\"0\",\"enable_on_tablet\":\"0\",\"enable_on_desktop\":\"1\",\"hide_on_mobile\":\"1\",\"is_open\":true,\"icon_position\":\"left\",\"name\":{\"value\":{\"1\":\"&bull;\"}}},{\"icon\":{\"options\":{\"font_size\":\"15px\"},\"icon_type\":\"none\",\"icon\":{\"icon\":\"&#xe681;\",\"class\":\"twitter2\"}},\"mobile_view\":\"text\",\"menu\":{\"menu_type\":\"opencart\",\"menu_item\":{\"page\":\"information\\/contact\"}},\"name_overwrite\":0,\"target\":0,\"enable_on_phone\":\"1\",\"enable_on_tablet\":\"1\",\"enable_on_desktop\":\"1\",\"hide_on_mobile\":\"0\",\"is_open\":true,\"icon_position\":\"left\",\"name\":{\"value\":{\"1\":\"\"}}},{\"icon\":{\"options\":{\"font_size\":\"16px\"},\"icon_type\":\"none\",\"icon\":{\"icon\":\"&#xe07d;\",\"class\":\"trophy2\"}},\"mobile_view\":\"both\",\"menu\":{\"menu_type\":\"custom\",\"menu_item\":[]},\"name_overwrite\":0,\"target\":0,\"enable_on_phone\":\"0\",\"enable_on_tablet\":\"0\",\"enable_on_desktop\":\"1\",\"hide_on_mobile\":\"1\",\"is_open\":true,\"icon_position\":\"left\",\"name\":{\"value\":{\"1\":\"&bull;\"}}},{\"icon\":{\"options\":{\"font_size\":\"16px\"}},\"mobile_view\":\"both\",\"menu\":{\"menu_type\":\"opencart\",\"menu_item\":{\"page\":\"product\\/special\"}},\"name_overwrite\":0,\"target\":0,\"enable_on_phone\":\"1\",\"enable_on_tablet\":\"1\",\"enable_on_desktop\":\"1\",\"hide_on_mobile\":\"0\",\"is_open\":true,\"icon_position\":\"left\",\"name\":{\"value\":{\"1\":\"\"}}},{\"icon\":{\"options\":{\"font_size\":\"16px\"}},\"mobile_view\":\"both\",\"menu\":{\"menu_type\":\"custom\",\"menu_item\":[]},\"name_overwrite\":0,\"target\":0,\"enable_on_phone\":\"0\",\"enable_on_tablet\":\"0\",\"enable_on_desktop\":\"1\",\"hide_on_mobile\":\"1\",\"is_open\":true,\"icon_position\":\"left\",\"name\":{\"value\":{\"1\":\"&bull;\"}}},{\"icon\":{\"options\":{\"font_size\":\"16px\"}},\"mobile_view\":\"both\",\"menu\":{\"menu_type\":\"popup\",\"menu_item\":\"235\"},\"name_overwrite\":\"1\",\"target\":0,\"enable_on_phone\":\"1\",\"enable_on_tablet\":\"1\",\"enable_on_desktop\":\"1\",\"hide_on_mobile\":\"0\",\"is_open\":true,\"icon_position\":\"left\",\"name\":{\"value\":{\"1\":\"Site Feedback\"}}}]}',1),('secondary_menu',0,'{\"items\":[{\"icon\":{\"options\":{\"font_size\":\"16px\"}},\"mobile_view\":\"both\",\"menu\":{\"menu_type\":\"opencart\",\"menu_item\":{\"page\":\"login\"}},\"name_overwrite\":0,\"target\":0,\"enable_on_phone\":\"1\",\"enable_on_tablet\":\"1\",\"enable_on_desktop\":\"1\",\"hide_on_mobile\":\"0\",\"is_open\":true,\"icon_position\":\"left\",\"name\":{\"value\":{\"1\":\"\"}}},{\"icon\":{\"options\":{\"font_size\":\"16px\"}},\"mobile_view\":\"both\",\"menu\":{\"menu_type\":\"custom\",\"menu_item\":[]},\"name_overwrite\":0,\"target\":0,\"enable_on_phone\":\"0\",\"enable_on_tablet\":\"0\",\"enable_on_desktop\":\"1\",\"hide_on_mobile\":\"1\",\"is_open\":true,\"icon_position\":\"left\",\"name\":{\"value\":{\"1\":\"&bull;\"}}},{\"icon\":{\"options\":{\"font_size\":\"16px\"}},\"mobile_view\":\"both\",\"menu\":{\"menu_type\":\"opencart\",\"menu_item\":{\"page\":\"register\"}},\"name_overwrite\":0,\"target\":0,\"enable_on_phone\":\"1\",\"enable_on_tablet\":\"1\",\"enable_on_desktop\":\"1\",\"hide_on_mobile\":\"0\",\"is_open\":true,\"icon_position\":\"left\",\"name\":{\"value\":{\"1\":\"\"}}},{\"icon\":{\"options\":{\"font_size\":\"16px\"}},\"mobile_view\":\"both\",\"menu\":{\"menu_type\":\"custom\",\"menu_item\":[]},\"name_overwrite\":0,\"target\":0,\"enable_on_phone\":\"0\",\"enable_on_tablet\":\"0\",\"enable_on_desktop\":\"1\",\"hide_on_mobile\":\"1\",\"is_open\":true,\"icon_position\":\"left\",\"name\":{\"value\":{\"1\":\"&bull;\"}}},{\"icon\":{\"options\":{\"font_size\":\"16px\"}},\"mobile_view\":\"both\",\"menu\":{\"menu_type\":\"opencart\",\"menu_item\":{\"page\":\"account\\/wishlist\"}},\"name_overwrite\":0,\"target\":0,\"enable_on_phone\":\"1\",\"enable_on_tablet\":\"1\",\"enable_on_desktop\":\"1\",\"hide_on_mobile\":\"0\",\"is_open\":true,\"icon_position\":\"left\",\"name\":{\"value\":{\"1\":\"\"}}},{\"icon\":{\"options\":{\"font_size\":\"16px\"}},\"mobile_view\":\"both\",\"menu\":{\"menu_type\":\"custom\",\"menu_item\":[]},\"name_overwrite\":0,\"target\":0,\"enable_on_phone\":\"0\",\"enable_on_tablet\":\"0\",\"enable_on_desktop\":\"1\",\"hide_on_mobile\":\"1\",\"is_open\":true,\"icon_position\":\"left\",\"name\":{\"value\":{\"1\":\"&bull;\"}}},{\"icon\":{\"options\":{\"font_size\":\"16px\"}},\"mobile_view\":\"both\",\"menu\":{\"menu_type\":\"opencart\",\"menu_item\":{\"page\":\"checkout\\/checkout\"}},\"name_overwrite\":0,\"target\":0,\"enable_on_phone\":\"1\",\"enable_on_tablet\":\"1\",\"enable_on_desktop\":\"1\",\"hide_on_mobile\":\"0\",\"is_open\":true,\"icon_position\":\"left\",\"name\":{\"value\":{\"1\":\"\"}}}]}',1);

--
-- Table structure for table `lk_journal2_modules`
--

CREATE TABLE `lk_journal2_modules` (
  `module_id` int(11) NOT NULL AUTO_INCREMENT,
  `module_type` varchar(64) NOT NULL,
  `module_data` mediumtext NOT NULL,
  PRIMARY KEY (`module_id`)
) ENGINE=MyISAM AUTO_INCREMENT=240 DEFAULT CHARSET=utf8 COLLATE=utf8_general_ci;

--
-- Dumping data for table `lk_journal2_modules`
--

INSERT INTO `lk_journal2_modules` VALUES (52,'journal2_side_blocks','{\"module_name\":\"FB Button\",\"module_type\":\"button\",\"icon\":{\"options\":{\"font_size\":\"24px\",\"color\":{\"value\":{\"color\":\"rgb(255, 255, 255)\"}}},\"icon_type\":\"icon\",\"icon\":{\"icon\":\"&#xe683;\",\"class\":\"facebook3\"}},\"icon_bg_color\":\"rgb(60, 89, 155)\",\"icon_border\":{\"value\":{\"border_rounded\":\"px\",\"border_type\":\"solid\",\"border_radius_unit\":\"%\",\"border\":{\"value\":\"\"},\"border_top\":{\"value\":\"\"},\"border_right\":{\"value\":\"\"},\"border_bottom\":{\"value\":\"\"},\"border_left\":{\"value\":\"\"},\"border_radius\":{\"value\":{\"text\":\"50\"}},\"border_radius_top\":{\"value\":{\"text\":\"\"}},\"border_radius_right\":{\"value\":\"\"},\"border_radius_left\":{\"value\":{\"text\":\"\"}},\"border_radius_bottom\":{\"value\":\"\"}}},\"icon_bg_hover_color\":\"rgb(155, 89, 182)\",\"content_bg_color\":\"rgb(51, 153, 101)\",\"alignment\":\"right\",\"position\":\"fixed\",\"icon_width\":\"50\",\"icon_height\":\"50\",\"offset_top\":\"325\",\"offset_side\":\"15\",\"content_width\":\"300\",\"content_padding\":\"10\",\"content\":{\"1\":\"<p>Lorem ipsum dolor sit amet, consectetur adipiscing elit. Aliquam iaculis egestas laoreet. Etiam faucibus massa sed risus lacinia in vulputate dolor imperdiet. Curabitur pharetra, purus a commodo dignissim, sapien nulla tempus nisi, et varius nulla urna at arcu.<\\/p>\\n\",\"2\":\"\"},\"link\":{\"menu_type\":\"custom\",\"url\":\"\",\"menu_item\":{\"url\":\"https:\\/\\/www.facebook.com\"}},\"new_window\":\"1\",\"status\":\"1\"}'),(54,'journal2_super_filter','{\"module_name\":\"New Module\",\"reset\":1,\"product_count\":1,\"price\":1,\"price_slider\":\"1\",\"tags\":\"1\",\"availability\":1,\"enable_on_mobile\":\"1\",\"tax_class_id\":\"-1\",\"manufacturer\":\"list\",\"manufacturer_type\":\"single\",\"category\":\"list\",\"category_type\":\"single\",\"options\":{\"1\":\"list\",\"2\":\"image\",\"5\":\"list\",\"11\":\"list\",\"16\":\"list\"},\"options_type\":{\"1\":\"multi\",\"2\":\"multi\",\"5\":\"multi\",\"11\":\"multi\",\"16\":\"multi\"},\"attributes\":{\"1\":\"on\",\"2\":\"on\",\"3\":\"on\",\"4\":\"on\",\"5\":\"on\",\"6\":\"on\",\"7\":\"on\",\"8\":\"on\",\"9\":\"on\",\"10\":\"on\",\"11\":\"on\",\"12\":\"off\",\"13\":\"on\",\"14\":\"on\",\"15\":\"on\",\"16\":\"on\",\"18\":\"on\",\"19\":\"on\",\"20\":\"on\",\"22\":\"off\",\"23\":\"off\",\"24\":\"on\",\"25\":\"on\",\"26\":\"on\",\"27\":\"on\"},\"attributes_type\":{\"1\":\"multi\",\"2\":\"multi\",\"3\":\"multi\",\"4\":\"multi\",\"5\":\"multi\",\"6\":\"multi\",\"7\":\"multi\",\"8\":\"multi\",\"9\":\"multi\",\"10\":\"multi\",\"11\":\"multi\",\"12\":\"multi\",\"13\":\"multi\",\"14\":\"multi\",\"15\":\"multi\",\"16\":\"multi\",\"18\":\"multi\",\"19\":\"multi\",\"20\":\"multi\",\"22\":\"multi\",\"23\":\"multi\",\"24\":\"multi\",\"25\":\"multi\",\"26\":\"multi\",\"27\":\"multi\"},\"sort_orders\":{\"c\":\"1\",\"m\":\"2\",\"p\":\"0\",\"o_2\":\"3\"},\"filters\":[],\"filters_type\":[],\"general_is_open\":true,\"options_is_open\":true,\"is_open\":{\"3\":{\"is_open\":true},\"6\":{\"is_open\":true},\"7\":{\"is_open\":true}}}'),(226,'journal2_blog_side_posts','{\"general_is_open\":true,\"close_others\":false,\"module_name\":\"New Module\",\"module_type\":\"newest\",\"limit\":5,\"title\":{\"value\":{\"1\":\"Latest Blog Posts\"}}}'),(227,'journal2_simple_slider','{\"module_name\":\"Blog Cover\",\"height\":\"315\",\"transition\":\"fade\",\"transition_speed\":1000,\"autoplay\":\"1\",\"pause_on_hover\":\"1\",\"transition_delay\":3000,\"touch_drag\":\"0\",\"preload_images\":\"1\",\"arrows\":\"0\",\"bullets\":\"1\",\"show_on_hover\":\"1\",\"background\":{\"value\":{\"bgimage_attach\":\"scroll\",\"use_gradient\":0,\"bgimage_size\":\"auto\",\"bgimage_position\":\"center top\"}},\"margin_top\":\"\",\"margin_bottom\":\"\",\"slides\":[{\"is_open\":true,\"slide_name\":\"\",\"image\":{\"1\":\"data\\/journal2\\/blog\\/blog-4.jpg\"},\"link\":{\"menu_type\":\"custom\",\"menu_item\":[]},\"link_new_window\":\"0\",\"status\":1,\"sort_order\":\"\"}],\"enable_on_phone\":\"1\",\"enable_on_tablet\":\"1\",\"enable_on_desktop\":\"1\",\"general_is_open\":true,\"navigation_is_open\":true,\"hideonmobile\":\"0\"}'),(9,'journal2_side_category','{\"module_name\":\"New Side Category\",\"type\":\"accordion\",\"title\":{\"value\":{\"1\":\"All Categories\",\"2\":\"\"}},\"show_categories\":\"1\",\"sections\":[{\"is_open\":true,\"link\":{\"menu_type\":\"opencart\",\"menu_item\":{\"page\":\"product\\/special\"}},\"name\":{\"value\":{\"1\":\"Custom Menu\",\"2\":\"\"}},\"new_window\":0,\"position\":\"bottom\",\"sort_order\":\"1\"}],\"general_is_open\":true}'),(113,'journal2_cms_blocks','{\"module_name\":\"Text block\",\"module_title\":{\"value\":{\"1\":\"CMS Blocks\",\"2\":\"\"}},\"items_per_row\":{\"range\":\"1,10\",\"step\":\"1\",\"value\":{\"mobile\":{\"value\":\"1\",\"range\":\"1,10\",\"step\":\"1\"},\"mobile1\":{\"value\":\"2\",\"range\":\"1,10\",\"step\":\"1\"},\"tablet\":{\"value\":\"2\",\"range\":\"1,10\",\"step\":\"1\"},\"tablet1\":{\"value\":\"2\",\"range\":\"1,10\",\"step\":\"1\"},\"tablet2\":{\"value\":\"2\",\"range\":\"1,10\",\"step\":\"1\"},\"desktop\":{\"value\":\"4\",\"range\":\"1,10\",\"step\":\"1\"},\"desktop1\":{\"value\":\"4\",\"range\":\"1,10\",\"step\":\"1\"},\"desktop2\":{\"value\":\"2\",\"range\":\"1,10\",\"step\":\"1\"},\"large_desktop\":{\"value\":\"4\",\"range\":\"1,10\",\"step\":\"1\"},\"large_desktop1\":{\"value\":\"4\",\"range\":\"1,10\",\"step\":\"1\"},\"large_desktop2\":{\"value\":\"4\",\"range\":\"1,10\",\"step\":\"1\"}}},\"disable_mobile\":\"0\",\"background\":{\"value\":{\"bgimage_attach\":\"scroll\"}},\"fullwidth\":\"0\",\"margin_top\":\"\",\"margin_bottom\":\"\",\"sections\":[{\"is_open\":true,\"section_title\":[],\"text\":{\"1\":\"<p>You can add icons to CMS blocks. Choose from our 235 retina icons pack that comes built in with the theme, or upload your own custom png icons.<\\/p>\\n\"},\"text_align\":\"left\",\"icon_status\":\"1\",\"icon_position\":\"left\",\"icon\":{\"options\":{\"font_size\":\"22px\",\"color\":{\"value\":{\"color\":\"rgb(176, 158, 102)\"}},\"top\":\"3\"},\"icon_type\":\"icon\",\"icon\":{\"icon\":\"&#xe0ad;\",\"class\":\"truck3\"}},\"icon_border\":{\"value\":{\"border_rounded\":\"px\"}},\"icon_bg_color\":\"\",\"icon_width\":\"\",\"icon_height\":\"\",\"status\":\"1\",\"sort_order\":\"\"},{\"is_open\":true,\"section_title\":[],\"text\":{\"1\":\"<p>This is another block within the same module. You can add multiple blocks within the same module or multiple separate modules within any page.<\\/p>\\n\"},\"text_align\":\"left\",\"icon_status\":\"1\",\"icon_position\":\"left\",\"icon\":{\"options\":{\"font_size\":\"22px\",\"color\":{\"value\":{\"color\":\"rgb(176, 158, 102)\"}},\"top\":\"3\"},\"icon_type\":\"icon\",\"icon\":{\"icon\":\"&#xe60b;\",\"class\":\"route\"}},\"icon_border\":{\"value\":{\"border_rounded\":\"px\"}},\"icon_bg_color\":\"\",\"icon_width\":\"\",\"icon_height\":\"\",\"status\":\"1\",\"sort_order\":\"\"}],\"general_is_open\":true,\"top_bottom_is_open\":true}'),(125,'journal2_carousel','{\"module_name\":\"Featured Brands\",\"module_type\":\"manufacturer\",\"items_per_row\":{\"range\":\"1,10\",\"step\":\"1\",\"value\":{\"mobile\":{\"value\":\"3\",\"range\":\"1,10\",\"step\":\"1\"},\"mobile1\":{\"value\":\"4\",\"range\":\"1,10\",\"step\":\"1\"},\"tablet\":{\"value\":\"5\",\"range\":\"1,10\",\"step\":\"1\"},\"tablet1\":{\"value\":\"4\",\"range\":\"1,10\",\"step\":\"1\"},\"tablet2\":{\"value\":\"3\",\"range\":\"1,10\",\"step\":\"1\"},\"desktop\":{\"value\":\"8\",\"range\":\"1,10\",\"step\":\"1\"},\"desktop1\":{\"value\":\"6\",\"range\":\"1,10\",\"step\":\"1\"},\"desktop2\":{\"value\":\"4\",\"range\":\"1,10\",\"step\":\"1\"},\"large_desktop\":{\"value\":\"9\",\"range\":\"1,10\",\"step\":\"1\"},\"large_desktop1\":{\"value\":\"7\",\"range\":\"1,10\",\"step\":\"1\"},\"large_desktop2\":{\"value\":\"6\",\"range\":\"1,10\",\"step\":\"1\"}}},\"module_background\":{\"value\":{\"bgimage_attach\":\"scroll\"}},\"module_padding\":\"0\",\"arrows\":\"top\",\"bullets\":\"1\",\"top_bottom_placement\":0,\"background\":{\"value\":{\"bgimage_attach\":\"scroll\",\"bgimage_repeat\":\"repeat\",\"bgimage_position\":\"center\",\"bgimage\":{\"value\":{\"image\":\"\"}},\"bgcolor\":{\"value\":{\"color\":\"\"}}}},\"fullwidth\":\"0\",\"margin_top\":\"20\",\"margin_bottom\":\"\",\"show_title\":\"1\",\"brand_name\":\"0\",\"autoplay\":\"0\",\"pause_on_hover\":\"1\",\"transition_speed\":\"400\",\"transition_delay\":\"3000\",\"touch_drag\":\"0\",\"image_border\":{\"value\":{\"border_rounded\":\"px\",\"border_type\":\"solid\",\"border_radius_unit\":\"%\",\"border\":{\"value\":\"\"},\"border_top\":{\"value\":\"\"},\"border_right\":{\"value\":\"\"},\"border_bottom\":{\"value\":\"\"},\"border_left\":{\"value\":\"\"},\"border_radius\":{\"value\":{\"text\":\"\"}},\"border_radius_top\":{\"value\":\"\"},\"border_radius_right\":{\"value\":\"\"},\"border_radius_left\":{\"value\":\"\"},\"border_radius_bottom\":{\"value\":\"\"}}},\"image_bgcolor\":{\"value\":{\"color\":\"\"}},\"image_width\":\"120\",\"image_height\":\"120\",\"image_type\":\"fit\",\"product_sections\":[],\"category_sections\":[],\"manufacturer_sections\":[{\"is_open\":true,\"section_title\":{\"value\":{\"1\":\"Our Awesome Brands\",\"2\":\"\"}},\"section_type\":\"all\",\"status\":\"1\",\"default_section\":\"1\",\"sort_order\":\"\",\"manufacturers\":[{\"data\":{\"id\":\"8\",\"name\":\"Apple\"}},{\"data\":{\"id\":\"5\",\"name\":\"HTC\"}},{\"data\":{\"id\":\"13\",\"name\":\"Chic D\'or\"}},{\"data\":{\"id\":\"12\",\"name\":\"Awesome Brand\"}},{\"data\":{\"id\":\"9\",\"name\":\"Canon\"}},{\"data\":{\"id\":\"11\",\"name\":\"SuperBrand\"}},{\"data\":{\"id\":\"10\",\"name\":\"Sony\"}},{\"data\":{\"id\":\"7\",\"name\":\"Hewlett-Packard\"}}],\"items_limit\":\"7\",\"link\":{\"menu_type\":\"custom\",\"url\":\"\",\"menu_item\":[]},\"new_window\":\"0\"}],\"enable_on_phone\":\"1\",\"enable_on_tablet\":\"1\",\"enable_on_desktop\":\"1\",\"general_is_open\":true,\"top_bottom_is_open\":true,\"disable_mobile\":\"0\"}'),(94,'journal2_side_blocks','{\"module_name\":\"Twitter Button\",\"module_type\":\"button\",\"icon\":{\"options\":{\"font_size\":\"22px\",\"color\":{\"value\":{\"color\":\"rgb(255, 255, 255)\"}}},\"icon_type\":\"icon\",\"icon\":{\"icon\":\"&#xe682;\",\"class\":\"twitter3\"}},\"icon_bg_color\":\"rgb(43, 176, 227)\",\"icon_border\":{\"value\":{\"border_rounded\":\"px\",\"border_type\":\"solid\",\"border_radius_unit\":\"%\",\"border\":{\"value\":\"\"},\"border_top\":{\"value\":\"\"},\"border_right\":{\"value\":\"\"},\"border_bottom\":{\"value\":\"\"},\"border_left\":{\"value\":\"\"},\"border_radius\":{\"value\":{\"text\":\"50\"}},\"border_radius_top\":{\"value\":\"\"},\"border_radius_right\":{\"value\":\"\"},\"border_radius_left\":{\"value\":\"\"},\"border_radius_bottom\":{\"value\":\"\"}}},\"icon_bg_hover_color\":\"rgb(155, 89, 182)\",\"content_bg_color\":\"999999\",\"alignment\":\"right\",\"position\":\"fixed\",\"icon_width\":\"50\",\"icon_height\":\"50\",\"offset_top\":\"380\",\"offset_side\":\"15\",\"content_width\":\"\",\"content_padding\":\"\",\"content\":[],\"link\":{\"menu_type\":\"custom\",\"url\":\"\",\"menu_item\":{\"url\":\"https:\\/\\/twitter.com\\/\"}},\"new_window\":\"1\"}'),(66,'journal2_slider','{\"module_name\":\"Main Slider\",\"width\":\"1024\",\"height\":\"450\",\"hidecaptionsonmobile\":\"0\",\"timer\":\"bottom\",\"js_options\":{\"delay\":\"4000\",\"onHoverStop\":\"on\",\"thumbWidth\":\"110\",\"thumbHeight\":\"55\",\"thumbAmount\":4,\"hideThumbs\":\"1\",\"navigationType\":\"bullet\",\"navigationArrows\":\"solo\",\"navigationStyle\":\"round\",\"navigationHAlign\":\"center\",\"navigationVAlign\":\"bottom\",\"navigationHOffset\":\"\",\"navigationVOffset\":\"20\"},\"preload_images\":\"1\",\"background\":{\"value\":{\"bgimage_attach\":\"scroll\",\"bgimage_repeat\":\"repeat\",\"bgimage_position\":\"center top\",\"use_gradient\":0,\"bgimage_size\":\"auto\"}},\"fullwidth\":\"1\",\"margin_top\":\"\",\"margin_bottom\":\"\",\"slides\":[{\"is_open\":false,\"slide_name\":\"Beauty\",\"image\":{\"1\":\"data\\/journal2\\/slider\\/5226290116_4c46f5e023_o.jpg\"},\"thumb\":{\"1\":\"\"},\"transition\":\"fade\",\"slotamount\":\"1\",\"masterspeed\":\"\",\"delay\":\"\",\"captions\":[{\"is_open\":false,\"caption_name\":\"\",\"type\":\"text\",\"video_type\":\"youtube\",\"video_yt_id\":\"\",\"video_vm_id\":\"\",\"video_path\":\"\",\"video_fullwidth\":1,\"video_width\":\"\",\"video_height\":\"\",\"video_autoplay\":0,\"video_autoplayonlyfirsttime\":0,\"video_nextslideatend\":1,\"video_volume\":1,\"video_loop\":0,\"text_font\":{\"value\":{\"font_type\":\"google\",\"font_size\":\"65px\",\"font_family\":\"Helvetica, Arial, sans-serif\",\"font_name\":\"Playfair Display\",\"font_weight\":\"700\",\"font_style\":\"normal\",\"letter_spacing\":\"\",\"text_transform\":\"uppercase\",\"font_subset\":[\"latin\"],\"color\":{\"value\":{\"color\":\"rgb(255, 255, 255)\"}}}},\"text_color\":\"\",\"text_bgcolor\":\"\",\"text_hover_color\":\"\",\"text_hover_bg_color\":\"\",\"text_border\":{\"value\":{\"border_rounded\":\"px\",\"border_type\":\"solid\",\"border_radius_unit\":\"px\",\"border\":{\"value\":{\"text\":\"\"}},\"border_top\":{\"value\":\"\"},\"border_right\":{\"value\":\"\"},\"border_bottom\":{\"value\":{\"text\":\"\"}},\"border_left\":{\"value\":\"\"},\"border_radius\":{\"value\":{\"text\":\"\"}},\"border_radius_top\":{\"value\":\"\"},\"border_radius_right\":{\"value\":\"\"},\"border_radius_left\":{\"value\":\"\"},\"border_radius_bottom\":{\"value\":\"\"},\"border_color\":{\"value\":{\"color\":\"\"}}}},\"text_hover_border_color\":\"\",\"text_padding_top\":\"\",\"text_padding_right\":\"\",\"text_padding_bottom\":\"\",\"text_padding_left\":\"\",\"text_line_height\":\"\",\"text_align\":\"left\",\"position\":\"custom\",\"multilanguage_position\":\"0\",\"x\":\"555\",\"y\":\"120\",\"x_ml\":{\"value\":{\"1\":\"\"}},\"y_ml\":{\"value\":{\"1\":\"\"}},\"animation_in\":\"customin\",\"animation_out\":\"customout\",\"custom_in_transition_x\":\"\",\"custom_in_transition_y\":\"\",\"custom_in_scale_x\":\"\",\"custom_in_scale_y\":\"\",\"custom_in_rotation_x\":\"90\",\"custom_in_rotation_y\":\"\",\"custom_in_rotation_z\":\"\",\"transformOriginXin\":\"center\",\"transformOriginYin\":\"center\",\"custom_in_transform_perspective\":\"500\",\"custom_in_opacity\":\"1\",\"custom_out_transition_x\":\"\",\"custom_out_transition_y\":\"\",\"custom_out_scale_x\":\"\",\"custom_out_scale_y\":\"\",\"custom_out_rotation_x\":\"90\",\"custom_out_rotation_y\":\"\",\"custom_out_rotation_z\":\"\",\"transformOriginXout\":\"center\",\"transformOriginYout\":\"center\",\"custom_out_transform_perspective\":\"500\",\"custom_out_opacity\":\"1\",\"speed\":\"1000\",\"start\":\"500\",\"endspeed\":\"1000\",\"end\":\"\",\"status\":\"1\",\"sort_order\":\"\",\"link\":{\"menu_type\":\"custom\",\"menu_item\":[]},\"link_new_window\":\"0\",\"easing\":\"easeInOutQuart\",\"endeasing\":\"easeInOutQuart\",\"shadow\":{\"value\":{\"inner_shadow\":\"0\"}},\"shadow_hover\":{\"value\":{\"inner_shadow\":\"0\"}},\"shadow_active\":{\"value\":{\"inner_shadow\":\"0\"}},\"border\":{\"value\":{\"border_rounded\":\"px\"}},\"bg_image\":{\"value\":{\"bgimage_attach\":\"scroll\",\"use_gradient\":0,\"bgimage_size\":\"auto\",\"bgimage_position\":\"center top\"}},\"custom_in_transition_z\":\"\",\"custom_out_transition_z\":\"\",\"text\":{\"value\":{\"1\":\"Beauty & Brains\",\"2\":\"\"}},\"animations_is_open\":true,\"image\":{\"1\":[]},\"bg_image_hover\":{\"value\":{\"bgimage_attach\":\"scroll\",\"use_gradient\":0,\"bgimage_size\":\"auto\",\"bgimage_position\":\"center top\"}}},{\"is_open\":false,\"caption_name\":\"\",\"type\":\"text\",\"video_type\":\"youtube\",\"video_yt_id\":\"\",\"video_vm_id\":\"\",\"video_path\":\"\",\"video_fullwidth\":0,\"video_width\":\"\",\"video_height\":\"\",\"video_autoplay\":0,\"video_autoplayonlyfirsttime\":0,\"video_nextslideatend\":1,\"video_volume\":1,\"video_loop\":0,\"text_font\":{\"value\":{\"font_type\":\"system\",\"font_size\":\"21px\",\"font_family\":\"Helvetica, Arial, sans-serif\",\"font_name\":\"Playfair Display\",\"font_weight\":\"bold\",\"font_style\":\"normal\",\"letter_spacing\":\"\",\"text_transform\":\"uppercase\",\"color\":{\"value\":{\"color\":\"rgb(255, 255, 255)\"}},\"font_subset\":[\"latin\"]}},\"text_color\":\"\",\"text_bgcolor\":{\"value\":{\"color\":\"rgb(176, 158, 102)\"}},\"text_hover_color\":\"\",\"text_hover_bg_color\":\"\",\"text_border\":{\"value\":{\"border_rounded\":\"px\"}},\"text_hover_border_color\":\"\",\"text_padding_top\":\"12\",\"text_padding_right\":\"12\",\"text_padding_bottom\":\"10\",\"text_padding_left\":\"12\",\"text_line_height\":\"\",\"text_align\":\"left\",\"position\":\"custom\",\"multilanguage_position\":\"0\",\"x\":\"555\",\"y\":\"210\",\"x_ml\":{\"value\":{\"1\":\"\"}},\"y_ml\":{\"value\":{\"1\":\"\"}},\"animation_in\":\"customin\",\"animation_out\":\"customout\",\"custom_in_transition_x\":\"\",\"custom_in_transition_y\":\"\",\"custom_in_scale_x\":\"\",\"custom_in_scale_y\":\"\",\"custom_in_rotation_x\":\"90\",\"custom_in_rotation_y\":\"\",\"custom_in_rotation_z\":\"\",\"transformOriginXin\":\"center\",\"transformOriginYin\":\"center\",\"custom_in_transform_perspective\":\"500\",\"custom_in_opacity\":\"1\",\"custom_out_transition_x\":\"\",\"custom_out_transition_y\":\"\",\"custom_out_scale_x\":\"\",\"custom_out_scale_y\":\"\",\"custom_out_rotation_x\":\"90\",\"custom_out_rotation_y\":\"\",\"custom_out_rotation_z\":\"\",\"transformOriginXout\":\"center\",\"transformOriginYout\":\"center\",\"custom_out_transform_perspective\":\"500\",\"custom_out_opacity\":\"1\",\"speed\":\"800\",\"start\":\"500\",\"endspeed\":\"1000\",\"end\":\"\",\"status\":1,\"sort_order\":\"\",\"link\":{\"menu_type\":\"custom\",\"menu_item\":[]},\"link_new_window\":\"0\",\"easing\":\"easeInOutQuart\",\"endeasing\":\"easeInOutQuart\",\"shadow\":{\"value\":{\"inner_shadow\":\"0\"}},\"shadow_hover\":{\"value\":{\"inner_shadow\":\"0\"}},\"shadow_active\":{\"value\":{\"inner_shadow\":\"0\"}},\"border\":{\"value\":{\"border_rounded\":\"px\"}},\"bg_image\":{\"value\":{\"bgimage_attach\":\"scroll\",\"use_gradient\":0,\"bgimage_size\":\"auto\",\"bgimage_position\":\"center top\"}},\"custom_in_transition_z\":\"\",\"custom_out_transition_z\":\"\",\"text\":{\"value\":{\"1\":\"Best Design Features & Superior Code Quality\",\"2\":\"\"}},\"animations_is_open\":true,\"image\":{\"1\":[]},\"bg_image_hover\":{\"value\":{\"bgimage_attach\":\"scroll\",\"use_gradient\":0,\"bgimage_size\":\"auto\",\"bgimage_position\":\"center top\"}}},{\"is_open\":false,\"caption_name\":\"\",\"type\":\"text\",\"video_type\":\"youtube\",\"video_yt_id\":\"\",\"video_vm_id\":\"\",\"video_path\":\"\",\"video_fullwidth\":0,\"video_width\":\"\",\"video_height\":\"\",\"video_autoplay\":0,\"video_autoplayonlyfirsttime\":0,\"video_nextslideatend\":1,\"video_volume\":1,\"video_loop\":0,\"text_font\":{\"value\":{\"font_type\":\"system\",\"font_size\":\"20px\",\"font_family\":\"Helvetica, Arial, sans-serif\",\"font_name\":\"\",\"font_weight\":\"normal\",\"font_style\":\"normal\",\"letter_spacing\":\"\",\"text_transform\":\"uppercase\",\"color\":{\"value\":{\"color\":\"rgb(255, 255, 255)\"}}}},\"text_color\":\"\",\"text_bgcolor\":\"\",\"text_hover_color\":{\"value\":{\"color\":\"\"}},\"text_hover_bg_color\":{\"value\":{\"color\":\"rgb(176, 158, 102)\"}},\"text_border\":{\"value\":{\"border_rounded\":\"px\",\"border_type\":\"solid\",\"border_radius_unit\":\"px\",\"border\":{\"value\":{\"text\":\"1\"}},\"border_top\":{\"value\":\"\"},\"border_right\":{\"value\":\"\"},\"border_bottom\":{\"value\":\"\"},\"border_left\":{\"value\":\"\"},\"border_radius\":{\"value\":\"\"},\"border_radius_top\":{\"value\":\"\"},\"border_radius_right\":{\"value\":\"\"},\"border_radius_left\":{\"value\":\"\"},\"border_radius_bottom\":{\"value\":\"\"},\"border_color\":{\"value\":{\"color\":\"rgb(255, 255, 255)\"}}}},\"text_hover_border_color\":{\"value\":{\"color\":\"rgb(176, 158, 102)\"}},\"text_padding_top\":\"20\",\"text_padding_right\":\"30\",\"text_padding_bottom\":\"17\",\"text_padding_left\":\"27\",\"text_line_height\":\"\",\"text_align\":\"left\",\"position\":\"custom\",\"multilanguage_position\":\"0\",\"x\":\"720\",\"y\":\"280\",\"x_ml\":{\"value\":{\"1\":\"\"}},\"y_ml\":{\"value\":{\"1\":\"\"}},\"animation_in\":\"customin\",\"animation_out\":\"customout\",\"custom_in_transition_x\":\"\",\"custom_in_transition_y\":\"\",\"custom_in_scale_x\":\"\",\"custom_in_scale_y\":\"\",\"custom_in_rotation_x\":\"90\",\"custom_in_rotation_y\":\"\",\"custom_in_rotation_z\":\"\",\"transformOriginXin\":\"center\",\"transformOriginYin\":\"center\",\"custom_in_transform_perspective\":\"500\",\"custom_in_opacity\":\"1\",\"custom_out_transition_x\":\"\",\"custom_out_transition_y\":\"\",\"custom_out_scale_x\":\"\",\"custom_out_scale_y\":\"\",\"custom_out_rotation_x\":\"90\",\"custom_out_rotation_y\":\"\",\"custom_out_rotation_z\":\"\",\"transformOriginXout\":\"center\",\"transformOriginYout\":\"center\",\"custom_out_transform_perspective\":\"500\",\"custom_out_opacity\":\"1\",\"speed\":\"1000\",\"start\":\"500\",\"endspeed\":\"1000\",\"end\":\"\",\"status\":1,\"sort_order\":\"\",\"link\":{\"menu_type\":\"information\",\"menu_item\":{\"id\":\"8\",\"name\":\"Theme Features\"}},\"link_new_window\":\"0\",\"easing\":\"easeInOutQuart\",\"endeasing\":\"easeInOutQuart\",\"shadow\":{\"value\":{\"inner_shadow\":\"0\"}},\"shadow_hover\":{\"value\":{\"inner_shadow\":\"0\"}},\"shadow_active\":{\"value\":{\"inner_shadow\":\"0\"}},\"border\":{\"value\":{\"border_rounded\":\"px\"}},\"bg_image\":{\"value\":{\"bgimage_attach\":\"scroll\",\"use_gradient\":0,\"bgimage_size\":\"auto\",\"bgimage_position\":\"center top\"}},\"text\":{\"value\":{\"1\":\"See Theme Features\",\"2\":\"\"}},\"animations_is_open\":true,\"image\":{\"1\":[]},\"bg_image_hover\":{\"value\":{\"bgimage_attach\":\"scroll\",\"use_gradient\":0,\"bgimage_size\":\"auto\",\"bgimage_position\":\"center top\"}}}],\"status\":\"1\",\"sort_order\":\"\",\"link\":{\"menu_type\":\"custom\",\"menu_item\":[]},\"link_new_window\":\"0\",\"easing\":\"easeInOutQuart\",\"close_others\":true},{\"is_open\":false,\"slide_name\":\"Design features\",\"image\":{\"1\":\"data\\/journal2\\/background\\/g-dark.jpg\"},\"thumb\":{\"1\":\"\"},\"transition\":\"fade\",\"slotamount\":\"\",\"masterspeed\":800,\"delay\":\"6000\",\"captions\":[{\"is_open\":false,\"caption_name\":\"Design\",\"type\":\"text\",\"video_type\":\"youtube\",\"video_yt_id\":\"\",\"video_vm_id\":\"\",\"video_path\":\"\",\"video_fullwidth\":0,\"video_width\":\"\",\"video_height\":\"\",\"video_autoplay\":0,\"video_autoplayonlyfirsttime\":0,\"video_nextslideatend\":1,\"video_volume\":1,\"video_loop\":0,\"text_font\":{\"value\":{\"font_type\":\"google\",\"font_size\":\"60px\",\"font_family\":\"Helvetica, Arial, sans-serif\",\"font_name\":\"Playfair Display\",\"font_weight\":\"regular\",\"font_style\":\"normal\",\"letter_spacing\":\"\",\"text_transform\":\"none\",\"font_subset\":[\"latin\"],\"color\":{\"value\":{\"color\":\"rgb(255, 255, 255)\"}}}},\"text_color\":\"\",\"text_bgcolor\":\"\",\"text_hover_color\":\"\",\"text_hover_bg_color\":\"\",\"text_border\":{\"value\":{\"border_rounded\":\"px\",\"border_type\":\"solid\",\"border_radius_unit\":\"px\",\"border\":{\"value\":\"\"},\"border_top\":{\"value\":\"\"},\"border_right\":{\"value\":\"\"},\"border_bottom\":{\"value\":\"\"},\"border_left\":{\"value\":\"\"},\"border_radius\":{\"value\":\"\"},\"border_radius_top\":{\"value\":\"\"},\"border_radius_right\":{\"value\":\"\"},\"border_radius_left\":{\"value\":\"\"},\"border_radius_bottom\":{\"value\":\"\"}}},\"text_hover_border_color\":\"\",\"text_padding_top\":\"\",\"text_padding_right\":\"\",\"text_padding_bottom\":\"\",\"text_padding_left\":\"\",\"text_line_height\":\"60\",\"text_align\":\"left\",\"position\":\"custom\",\"multilanguage_position\":\"0\",\"x\":\"\",\"y\":\"35\",\"x_ml\":{\"value\":{\"1\":\"\"}},\"y_ml\":{\"value\":{\"1\":\"\"}},\"animation_in\":\"sfr\",\"animation_out\":\"fadeout\",\"custom_in_transition_x\":\"\",\"custom_in_transition_y\":\"\",\"custom_in_scale_x\":\"\",\"custom_in_scale_y\":\"\",\"custom_in_rotation_x\":\"\",\"custom_in_rotation_y\":\"\",\"custom_in_rotation_z\":\"\",\"transformOriginXin\":\"center\",\"transformOriginYin\":\"center\",\"custom_in_transform_perspective\":\"600\",\"custom_in_opacity\":\"0\",\"custom_out_transition_x\":\"\",\"custom_out_transition_y\":\"\",\"custom_out_scale_x\":\"\",\"custom_out_scale_y\":\"\",\"custom_out_rotation_x\":\"\",\"custom_out_rotation_y\":\"\",\"custom_out_rotation_z\":\"\",\"transformOriginXout\":\"center\",\"transformOriginYout\":\"center\",\"custom_out_transform_perspective\":\"500\",\"custom_out_opacity\":\"1\",\"speed\":\"1000\",\"start\":\"100\",\"endspeed\":\"\",\"end\":\"\",\"status\":1,\"sort_order\":\"\",\"link\":{\"menu_type\":\"custom\",\"menu_item\":[]},\"link_new_window\":\"0\",\"easing\":\"easeInOutQuart\",\"endeasing\":\"easeInOutQuart\",\"shadow\":{\"value\":{\"inner_shadow\":\"0\"}},\"shadow_hover\":{\"value\":{\"inner_shadow\":\"0\"}},\"shadow_active\":{\"value\":{\"inner_shadow\":\"0\"}},\"border\":{\"value\":{\"border_rounded\":\"px\"}},\"bg_image\":{\"value\":{\"bgimage_attach\":\"scroll\",\"use_gradient\":0,\"bgimage_size\":\"auto\",\"bgimage_position\":\"center top\"}},\"text\":{\"value\":{\"1\":\"Design<br \\/>Without<br \\/>Limits\",\"2\":\"\"}},\"animations_is_open\":true,\"image\":{\"1\":[]},\"bg_image_hover\":{\"value\":{\"bgimage_attach\":\"scroll\",\"use_gradient\":0,\"bgimage_size\":\"auto\",\"bgimage_position\":\"center top\"}}},{\"is_open\":false,\"caption_name\":\"We\'ve built....\",\"type\":\"text\",\"video_type\":\"youtube\",\"video_yt_id\":\"\",\"video_vm_id\":\"\",\"video_path\":\"\",\"video_fullwidth\":0,\"video_width\":\"\",\"video_height\":\"\",\"video_autoplay\":0,\"video_autoplayonlyfirsttime\":0,\"video_nextslideatend\":1,\"video_volume\":1,\"video_loop\":0,\"text_font\":{\"value\":{\"font_type\":\"system\",\"font_size\":\"20px\",\"font_family\":\"Helvetica, Arial, sans-serif\",\"font_name\":\"\",\"font_weight\":\"bold\",\"font_style\":\"normal\",\"letter_spacing\":\"\",\"text_transform\":\"none\",\"color\":{\"value\":{\"color\":\"rgb(255, 255, 255)\"}}}},\"text_color\":\"\",\"text_bgcolor\":\"\",\"text_hover_color\":\"\",\"text_hover_bg_color\":\"\",\"text_border\":{\"value\":{\"border_rounded\":\"px\"}},\"text_hover_border_color\":\"\",\"text_padding_top\":\"\",\"text_padding_right\":\"\",\"text_padding_bottom\":\"\",\"text_padding_left\":\"\",\"text_line_height\":\"\",\"text_align\":\"left\",\"position\":\"custom\",\"multilanguage_position\":\"0\",\"x\":\"\",\"y\":\"275\",\"x_ml\":{\"value\":{\"1\":\"\"}},\"y_ml\":{\"value\":{\"1\":\"\"}},\"animation_in\":\"sfr\",\"animation_out\":\"fadeout\",\"custom_in_transition_x\":\"\",\"custom_in_transition_y\":\"\",\"custom_in_scale_x\":\"\",\"custom_in_scale_y\":\"\",\"custom_in_rotation_x\":\"\",\"custom_in_rotation_y\":\"\",\"custom_in_rotation_z\":\"\",\"transformOriginXin\":\"center\",\"transformOriginYin\":\"center\",\"custom_in_transform_perspective\":\"500\",\"custom_in_opacity\":\"1\",\"custom_out_transition_x\":\"\",\"custom_out_transition_y\":\"\",\"custom_out_scale_x\":\"\",\"custom_out_scale_y\":\"\",\"custom_out_rotation_x\":\"\",\"custom_out_rotation_y\":\"\",\"custom_out_rotation_z\":\"\",\"transformOriginXout\":\"center\",\"transformOriginYout\":\"center\",\"custom_out_transform_perspective\":\"500\",\"custom_out_opacity\":\"1\",\"speed\":\"1000\",\"start\":\"300\",\"endspeed\":\"\",\"end\":\"\",\"status\":1,\"sort_order\":\"\",\"link\":{\"menu_type\":\"custom\",\"menu_item\":[]},\"link_new_window\":\"0\",\"easing\":\"easeInOutQuart\",\"endeasing\":\"easeInOutQuart\",\"shadow\":{\"value\":{\"inner_shadow\":\"0\"}},\"shadow_hover\":{\"value\":{\"inner_shadow\":\"0\"}},\"shadow_active\":{\"value\":{\"inner_shadow\":\"0\"}},\"border\":{\"value\":{\"border_rounded\":\"px\"}},\"bg_image\":{\"value\":{\"bgimage_attach\":\"scroll\",\"use_gradient\":0,\"bgimage_size\":\"auto\",\"bgimage_position\":\"center top\"}},\"text\":{\"value\":{\"1\":\"We\\u2019ve built the most powerful<br \\/>design tools in Journal 2\",\"2\":\"\"}},\"animations_is_open\":true,\"image\":{\"1\":[]},\"bg_image_hover\":{\"value\":{\"bgimage_attach\":\"scroll\",\"use_gradient\":0,\"bgimage_size\":\"auto\",\"bgimage_position\":\"center top\"}}},{\"is_open\":false,\"caption_name\":\"Button\",\"type\":\"text\",\"video_type\":\"youtube\",\"video_yt_id\":\"\",\"video_vm_id\":\"\",\"video_path\":\"\",\"video_fullwidth\":0,\"video_width\":\"\",\"video_height\":\"\",\"video_autoplay\":0,\"video_autoplayonlyfirsttime\":0,\"video_nextslideatend\":1,\"video_volume\":1,\"video_loop\":0,\"text_font\":{\"value\":{\"font_type\":\"system\",\"font_size\":\"18px\",\"font_family\":\"Helvetica, Arial, sans-serif\",\"font_name\":\"\",\"font_weight\":\"normal\",\"font_style\":\"normal\",\"letter_spacing\":\"\",\"text_transform\":\"uppercase\",\"color\":{\"value\":{\"color\":\"rgb(255, 255, 255)\"}}}},\"text_color\":\"\",\"text_bgcolor\":\"\",\"text_hover_color\":\"\",\"text_hover_bg_color\":{\"value\":{\"color\":\"rgb(176, 158, 102)\"}},\"text_border\":{\"value\":{\"border_rounded\":\"px\",\"border_type\":\"solid\",\"border_radius_unit\":\"px\",\"border\":{\"value\":{\"text\":\"1\"}},\"border_top\":{\"value\":\"\"},\"border_right\":{\"value\":\"\"},\"border_bottom\":{\"value\":\"\"},\"border_left\":{\"value\":\"\"},\"border_radius\":{\"value\":\"\"},\"border_radius_top\":{\"value\":\"\"},\"border_radius_right\":{\"value\":\"\"},\"border_radius_left\":{\"value\":\"\"},\"border_radius_bottom\":{\"value\":\"\"},\"border_color\":{\"value\":{\"color\":\"rgb(255, 255, 255)\"}}}},\"text_hover_border_color\":{\"value\":{\"color\":\"rgb(176, 158, 102)\"}},\"text_padding_top\":\"15\",\"text_padding_right\":\"25\",\"text_padding_bottom\":\"15\",\"text_padding_left\":\"25\",\"text_line_height\":\"\",\"text_align\":\"center\",\"position\":\"custom\",\"multilanguage_position\":\"0\",\"x\":\"\",\"y\":\"345\",\"x_ml\":{\"value\":{\"1\":\"\"}},\"y_ml\":{\"value\":{\"1\":\"\"}},\"animation_in\":\"sfr\",\"animation_out\":\"fadeout\",\"custom_in_transition_x\":\"\",\"custom_in_transition_y\":\"\",\"custom_in_scale_x\":\"\",\"custom_in_scale_y\":\"\",\"custom_in_rotation_x\":\"\",\"custom_in_rotation_y\":\"\",\"custom_in_rotation_z\":\"\",\"transformOriginXin\":\"center\",\"transformOriginYin\":\"center\",\"custom_in_transform_perspective\":\"500\",\"custom_in_opacity\":\"1\",\"custom_out_transition_x\":\"\",\"custom_out_transition_y\":\"\",\"custom_out_scale_x\":\"\",\"custom_out_scale_y\":\"\",\"custom_out_rotation_x\":\"\",\"custom_out_rotation_y\":\"\",\"custom_out_rotation_z\":\"\",\"transformOriginXout\":\"center\",\"transformOriginYout\":\"center\",\"custom_out_transform_perspective\":\"500\",\"custom_out_opacity\":\"1\",\"speed\":\"1000\",\"start\":\"400\",\"endspeed\":\"\",\"end\":\"\",\"status\":1,\"sort_order\":\"\",\"link\":{\"menu_type\":\"custom\",\"menu_item\":{\"url\":\"http:\\/\\/journal.digital-atelier.com\\/4\\/admin\\/index.php?route=module\\/journal2\"}},\"link_new_window\":\"1\",\"easing\":\"easeInOutQuart\",\"endeasing\":\"easeInOutQuart\",\"shadow\":{\"value\":{\"inner_shadow\":\"0\"}},\"shadow_hover\":{\"value\":{\"inner_shadow\":\"0\"}},\"shadow_active\":{\"value\":{\"inner_shadow\":\"0\"}},\"border\":{\"value\":{\"border_rounded\":\"px\"}},\"bg_image\":{\"value\":{\"bgimage_attach\":\"scroll\",\"use_gradient\":0,\"bgimage_size\":\"auto\",\"bgimage_position\":\"center top\"}},\"text\":{\"value\":{\"1\":\"Visit the Admin\",\"2\":\"\"}},\"animations_is_open\":true,\"image\":{\"1\":[]},\"bg_image_hover\":{\"value\":{\"bgimage_attach\":\"scroll\",\"use_gradient\":0,\"bgimage_size\":\"auto\",\"bgimage_position\":\"center top\"}}},{\"is_open\":false,\"caption_name\":\"Divider\",\"type\":\"image\",\"video_type\":\"youtube\",\"video_yt_id\":\"\",\"video_vm_id\":\"\",\"video_path\":\"\",\"video_fullwidth\":0,\"video_width\":\"\",\"video_height\":\"\",\"video_autoplay\":0,\"video_autoplayonlyfirsttime\":0,\"video_nextslideatend\":1,\"video_volume\":1,\"video_loop\":0,\"text_font\":{\"value\":{\"font_type\":\"none\",\"font_size\":\"13px\",\"font_family\":\"Helvetica, Arial, sans-serif\",\"font_name\":\"\",\"font_weight\":\"normal\",\"font_style\":\"normal\",\"letter_spacing\":\"\",\"text_transform\":\"none\"}},\"text_color\":\"\",\"text_bgcolor\":\"\",\"text_hover_color\":\"\",\"text_hover_bg_color\":\"\",\"text_border\":{\"value\":{\"border_rounded\":\"px\"}},\"text_hover_border_color\":\"\",\"text_padding_top\":\"\",\"text_padding_right\":\"\",\"text_padding_bottom\":\"\",\"text_padding_left\":\"\",\"text_line_height\":\"\",\"text_align\":\"center\",\"position\":\"custom\",\"multilanguage_position\":\"0\",\"x\":\"\",\"y\":\"240\",\"x_ml\":{\"value\":{\"1\":\"\"}},\"y_ml\":{\"value\":{\"1\":\"\"}},\"animation_in\":\"sfr\",\"animation_out\":\"fadeout\",\"custom_in_transition_x\":\"\",\"custom_in_transition_y\":\"\",\"custom_in_scale_x\":\"\",\"custom_in_scale_y\":\"\",\"custom_in_rotation_x\":\"\",\"custom_in_rotation_y\":\"\",\"custom_in_rotation_z\":\"\",\"transformOriginXin\":\"center\",\"transformOriginYin\":\"center\",\"custom_in_transform_perspective\":\"500\",\"custom_in_opacity\":\"1\",\"custom_out_transition_x\":\"\",\"custom_out_transition_y\":\"\",\"custom_out_scale_x\":\"\",\"custom_out_scale_y\":\"\",\"custom_out_rotation_x\":\"\",\"custom_out_rotation_y\":\"\",\"custom_out_rotation_z\":\"\",\"transformOriginXout\":\"center\",\"transformOriginYout\":\"center\",\"custom_out_transform_perspective\":\"500\",\"custom_out_opacity\":\"1\",\"speed\":\"1000\",\"start\":\"200\",\"endspeed\":\"\",\"end\":\"\",\"status\":1,\"sort_order\":\"\",\"link\":{\"menu_type\":\"custom\",\"menu_item\":[]},\"link_new_window\":\"0\",\"easing\":\"easeInOutQuart\",\"endeasing\":\"easeInOutQuart\",\"shadow\":{\"value\":{\"inner_shadow\":\"0\"}},\"shadow_hover\":{\"value\":{\"inner_shadow\":\"0\"}},\"shadow_active\":{\"value\":{\"inner_shadow\":\"0\"}},\"border\":{\"value\":{\"border_rounded\":\"px\"}},\"bg_image\":{\"value\":{\"bgimage_attach\":\"scroll\",\"use_gradient\":0,\"bgimage_size\":\"auto\",\"bgimage_position\":\"center top\"}},\"text\":{\"value\":{\"1\":\"\",\"2\":\"\"}},\"animations_is_open\":true,\"image\":{\"1\":\"data\\/journal2\\/misc\\/div.png\"},\"bg_image_hover\":{\"value\":{\"bgimage_attach\":\"scroll\",\"use_gradient\":0,\"bgimage_size\":\"auto\",\"bgimage_position\":\"center top\"}}},{\"is_open\":false,\"caption_name\":\"Border\",\"type\":\"image\",\"video_type\":\"youtube\",\"video_yt_id\":\"\",\"video_vm_id\":\"\",\"video_path\":\"\",\"video_fullwidth\":0,\"video_width\":\"\",\"video_height\":\"\",\"video_autoplay\":0,\"video_autoplayonlyfirsttime\":0,\"video_nextslideatend\":1,\"video_volume\":1,\"video_loop\":0,\"text_font\":{\"value\":{\"font_type\":\"none\",\"font_size\":\"13px\",\"font_family\":\"Helvetica, Arial, sans-serif\",\"font_name\":\"\",\"font_weight\":\"normal\",\"font_style\":\"normal\",\"letter_spacing\":\"\",\"text_transform\":\"none\"}},\"text_color\":\"\",\"text_bgcolor\":\"\",\"text_hover_color\":\"\",\"text_hover_bg_color\":\"\",\"text_border\":{\"value\":{\"border_rounded\":\"px\"}},\"text_hover_border_color\":\"\",\"text_padding_top\":\"\",\"text_padding_right\":\"\",\"text_padding_bottom\":\"\",\"text_padding_left\":\"\",\"text_line_height\":\"\",\"text_align\":\"center\",\"position\":\"custom\",\"multilanguage_position\":\"0\",\"x\":\"240\",\"y\":\"140\",\"x_ml\":{\"value\":{\"1\":\"\"}},\"y_ml\":{\"value\":{\"1\":\"\"}},\"animation_in\":\"lfr\",\"animation_out\":\"fadeout\",\"custom_in_transition_x\":\"\",\"custom_in_transition_y\":\"\",\"custom_in_scale_x\":\"\",\"custom_in_scale_y\":\"\",\"custom_in_rotation_x\":\"\",\"custom_in_rotation_y\":\"\",\"custom_in_rotation_z\":\"\",\"transformOriginXin\":\"center\",\"transformOriginYin\":\"center\",\"custom_in_transform_perspective\":\"500\",\"custom_in_opacity\":\"1\",\"custom_out_transition_x\":\"\",\"custom_out_transition_y\":\"\",\"custom_out_scale_x\":\"\",\"custom_out_scale_y\":\"\",\"custom_out_rotation_x\":\"\",\"custom_out_rotation_y\":\"\",\"custom_out_rotation_z\":\"\",\"transformOriginXout\":\"center\",\"transformOriginYout\":\"center\",\"custom_out_transform_perspective\":\"500\",\"custom_out_opacity\":\"1\",\"speed\":\"2200\",\"start\":\"50\",\"endspeed\":\"\",\"end\":\"\",\"status\":1,\"sort_order\":\"1\",\"link\":{\"menu_type\":\"custom\",\"menu_item\":[]},\"link_new_window\":\"0\",\"easing\":\"easeInOutExpo\",\"endeasing\":\"easeInOutQuart\",\"shadow\":{\"value\":{\"inner_shadow\":\"0\"}},\"shadow_hover\":{\"value\":{\"inner_shadow\":\"0\"}},\"shadow_active\":{\"value\":{\"inner_shadow\":\"0\"}},\"border\":{\"value\":{\"border_rounded\":\"px\"}},\"bg_image\":{\"value\":{\"bgimage_attach\":\"scroll\",\"use_gradient\":0,\"bgimage_size\":\"auto\",\"bgimage_position\":\"center top\"}},\"text\":{\"value\":{\"1\":\"\",\"2\":\"\"}},\"animations_is_open\":true,\"image\":{\"1\":\"data\\/journal2\\/misc\\/border.png\"},\"bg_image_hover\":{\"value\":{\"bgimage_attach\":\"scroll\",\"use_gradient\":0,\"bgimage_size\":\"auto\",\"bgimage_position\":\"center top\"}}},{\"is_open\":false,\"caption_name\":\"Icon\",\"type\":\"image\",\"video_type\":\"youtube\",\"video_yt_id\":\"\",\"video_vm_id\":\"\",\"video_path\":\"\",\"video_fullwidth\":0,\"video_width\":\"\",\"video_height\":\"\",\"video_autoplay\":0,\"video_autoplayonlyfirsttime\":0,\"video_nextslideatend\":1,\"video_volume\":1,\"video_loop\":0,\"text_font\":{\"value\":{\"font_type\":\"none\",\"font_size\":\"13px\",\"font_family\":\"Helvetica, Arial, sans-serif\",\"font_name\":\"\",\"font_weight\":\"normal\",\"font_style\":\"normal\",\"letter_spacing\":\"\",\"text_transform\":\"none\"}},\"text_color\":\"\",\"text_bgcolor\":\"\",\"text_hover_color\":\"\",\"text_hover_bg_color\":\"\",\"text_border\":{\"value\":{\"border_rounded\":\"px\"}},\"text_hover_border_color\":\"\",\"text_padding_top\":\"\",\"text_padding_right\":\"\",\"text_padding_bottom\":\"\",\"text_padding_left\":\"\",\"text_line_height\":\"\",\"text_align\":\"center\",\"position\":\"custom\",\"multilanguage_position\":\"0\",\"x\":\"527\",\"y\":\"\",\"x_ml\":{\"value\":{\"1\":\"\"}},\"y_ml\":{\"value\":{\"1\":\"\"}},\"animation_in\":\"lfr\",\"animation_out\":\"fadeout\",\"custom_in_transition_x\":\"\",\"custom_in_transition_y\":\"\",\"custom_in_scale_x\":\"\",\"custom_in_scale_y\":\"\",\"custom_in_rotation_x\":\"\",\"custom_in_rotation_y\":\"\",\"custom_in_rotation_z\":\"\",\"transformOriginXin\":\"center\",\"transformOriginYin\":\"center\",\"custom_in_transform_perspective\":\"500\",\"custom_in_opacity\":\"1\",\"custom_out_transition_x\":\"\",\"custom_out_transition_y\":\"\",\"custom_out_scale_x\":\"\",\"custom_out_scale_y\":\"\",\"custom_out_rotation_x\":\"\",\"custom_out_rotation_y\":\"\",\"custom_out_rotation_z\":\"\",\"transformOriginXout\":\"center\",\"transformOriginYout\":\"center\",\"custom_out_transform_perspective\":\"500\",\"custom_out_opacity\":\"1\",\"speed\":\"2200\",\"start\":\"350\",\"endspeed\":\"\",\"end\":\"\",\"status\":1,\"sort_order\":\"0\",\"link\":{\"menu_type\":\"custom\",\"menu_item\":[]},\"link_new_window\":\"0\",\"easing\":\"easeInOutExpo\",\"endeasing\":\"easeInOutQuart\",\"shadow\":{\"value\":{\"inner_shadow\":\"0\"}},\"shadow_hover\":{\"value\":{\"inner_shadow\":\"0\"}},\"shadow_active\":{\"value\":{\"inner_shadow\":\"0\"}},\"border\":{\"value\":{\"border_rounded\":\"px\"}},\"bg_image\":{\"value\":{\"bgimage_attach\":\"scroll\",\"use_gradient\":0,\"bgimage_size\":\"auto\",\"bgimage_position\":\"center top\"}},\"text\":{\"value\":{\"1\":\"\",\"2\":\"\"}},\"animations_is_open\":true,\"image\":{\"1\":\"data\\/journal2\\/misc\\/icon.png\"},\"bg_image_hover\":{\"value\":{\"bgimage_attach\":\"scroll\",\"use_gradient\":0,\"bgimage_size\":\"auto\",\"bgimage_position\":\"center top\"}}},{\"is_open\":false,\"caption_name\":\"Font\",\"type\":\"image\",\"video_type\":\"youtube\",\"video_yt_id\":\"\",\"video_vm_id\":\"\",\"video_path\":\"\",\"video_fullwidth\":0,\"video_width\":\"\",\"video_height\":\"\",\"video_autoplay\":0,\"video_autoplayonlyfirsttime\":0,\"video_nextslideatend\":1,\"video_volume\":1,\"video_loop\":0,\"text_font\":{\"value\":{\"font_type\":\"none\",\"font_size\":\"13px\",\"font_family\":\"Helvetica, Arial, sans-serif\",\"font_name\":\"\",\"font_weight\":\"normal\",\"font_style\":\"normal\",\"letter_spacing\":\"\",\"text_transform\":\"none\"}},\"text_color\":\"\",\"text_bgcolor\":\"\",\"text_hover_color\":\"\",\"text_hover_bg_color\":\"\",\"text_border\":{\"value\":{\"border_rounded\":\"px\"}},\"text_hover_border_color\":\"\",\"text_padding_top\":\"\",\"text_padding_right\":\"\",\"text_padding_bottom\":\"\",\"text_padding_left\":\"\",\"text_line_height\":\"\",\"text_align\":\"center\",\"position\":\"custom\",\"multilanguage_position\":\"0\",\"x\":\"415\",\"y\":\"245\",\"x_ml\":{\"value\":{\"1\":\"\"}},\"y_ml\":{\"value\":{\"1\":\"\"}},\"animation_in\":\"lfr\",\"animation_out\":\"fadeout\",\"custom_in_transition_x\":\"\",\"custom_in_transition_y\":\"\",\"custom_in_scale_x\":\"\",\"custom_in_scale_y\":\"\",\"custom_in_rotation_x\":\"\",\"custom_in_rotation_y\":\"\",\"custom_in_rotation_z\":\"\",\"transformOriginXin\":\"center\",\"transformOriginYin\":\"center\",\"custom_in_transform_perspective\":\"500\",\"custom_in_opacity\":\"1\",\"custom_out_transition_x\":\"\",\"custom_out_transition_y\":\"\",\"custom_out_scale_x\":\"\",\"custom_out_scale_y\":\"\",\"custom_out_rotation_x\":\"\",\"custom_out_rotation_y\":\"\",\"custom_out_rotation_z\":\"\",\"transformOriginXout\":\"center\",\"transformOriginYout\":\"center\",\"custom_out_transform_perspective\":\"500\",\"custom_out_opacity\":\"1\",\"speed\":\"2200\",\"start\":\"200\",\"endspeed\":\"\",\"end\":\"\",\"status\":1,\"sort_order\":\"3\",\"link\":{\"menu_type\":\"custom\",\"menu_item\":[]},\"link_new_window\":\"0\",\"easing\":\"easeInOutExpo\",\"endeasing\":\"easeInOutQuart\",\"shadow\":{\"value\":{\"inner_shadow\":\"0\"}},\"shadow_hover\":{\"value\":{\"inner_shadow\":\"0\"}},\"shadow_active\":{\"value\":{\"inner_shadow\":\"0\"}},\"border\":{\"value\":{\"border_rounded\":\"px\"}},\"bg_image\":{\"value\":{\"bgimage_attach\":\"scroll\",\"use_gradient\":0,\"bgimage_size\":\"auto\",\"bgimage_position\":\"center top\"}},\"text\":{\"value\":{\"1\":\"\",\"2\":\"\"}},\"animations_is_open\":true,\"image\":{\"1\":\"data\\/journal2\\/misc\\/font.png\"},\"bg_image_hover\":{\"value\":{\"bgimage_attach\":\"scroll\",\"use_gradient\":0,\"bgimage_size\":\"auto\",\"bgimage_position\":\"center top\"}}},{\"is_open\":false,\"caption_name\":\"Items per Row\",\"type\":\"image\",\"video_type\":\"youtube\",\"video_yt_id\":\"\",\"video_vm_id\":\"\",\"video_path\":\"\",\"video_fullwidth\":0,\"video_width\":\"\",\"video_height\":\"\",\"video_autoplay\":0,\"video_autoplayonlyfirsttime\":0,\"video_nextslideatend\":1,\"video_volume\":1,\"video_loop\":0,\"text_font\":{\"value\":{\"font_type\":\"none\",\"font_size\":\"13px\",\"font_family\":\"Helvetica, Arial, sans-serif\",\"font_name\":\"\",\"font_weight\":\"normal\",\"font_style\":\"normal\",\"letter_spacing\":\"\",\"text_transform\":\"none\"}},\"text_color\":\"\",\"text_bgcolor\":\"\",\"text_hover_color\":\"\",\"text_hover_bg_color\":\"\",\"text_border\":{\"value\":{\"border_rounded\":\"px\"}},\"text_hover_border_color\":\"\",\"text_padding_top\":\"\",\"text_padding_right\":\"\",\"text_padding_bottom\":\"\",\"text_padding_left\":\"\",\"text_line_height\":\"\",\"text_align\":\"center\",\"position\":\"custom\",\"multilanguage_position\":\"0\",\"x\":\"820\",\"y\":\"175\",\"x_ml\":{\"value\":{\"1\":\"\"}},\"y_ml\":{\"value\":{\"1\":\"\"}},\"animation_in\":\"lfr\",\"animation_out\":\"fadeout\",\"custom_in_transition_x\":\"\",\"custom_in_transition_y\":\"\",\"custom_in_scale_x\":\"\",\"custom_in_scale_y\":\"\",\"custom_in_rotation_x\":\"\",\"custom_in_rotation_y\":\"\",\"custom_in_rotation_z\":\"\",\"transformOriginXin\":\"center\",\"transformOriginYin\":\"center\",\"custom_in_transform_perspective\":\"500\",\"custom_in_opacity\":\"1\",\"custom_out_transition_x\":\"\",\"custom_out_transition_y\":\"\",\"custom_out_scale_x\":\"\",\"custom_out_scale_y\":\"\",\"custom_out_rotation_x\":\"\",\"custom_out_rotation_y\":\"\",\"custom_out_rotation_z\":\"\",\"transformOriginXout\":\"center\",\"transformOriginYout\":\"center\",\"custom_out_transform_perspective\":\"500\",\"custom_out_opacity\":\"1\",\"speed\":\"2200\",\"start\":\"500\",\"endspeed\":\"\",\"end\":\"\",\"status\":1,\"sort_order\":\"2\",\"link\":{\"menu_type\":\"custom\",\"menu_item\":[]},\"link_new_window\":\"0\",\"easing\":\"easeInOutExpo\",\"endeasing\":\"easeInOutQuart\",\"shadow\":{\"value\":{\"inner_shadow\":\"0\"}},\"shadow_hover\":{\"value\":{\"inner_shadow\":\"0\"}},\"shadow_active\":{\"value\":{\"inner_shadow\":\"0\"}},\"border\":{\"value\":{\"border_rounded\":\"px\"}},\"bg_image\":{\"value\":{\"bgimage_attach\":\"scroll\",\"use_gradient\":0,\"bgimage_size\":\"auto\",\"bgimage_position\":\"center top\"}},\"text\":{\"value\":{\"1\":\"\",\"2\":\"\"}},\"animations_is_open\":true,\"image\":{\"1\":\"data\\/journal2\\/misc\\/items.png\"},\"bg_image_hover\":{\"value\":{\"bgimage_attach\":\"scroll\",\"use_gradient\":0,\"bgimage_size\":\"auto\",\"bgimage_position\":\"center top\"}}},{\"is_open\":false,\"caption_name\":\"Border-bubble\",\"type\":\"image\",\"video_type\":\"youtube\",\"video_yt_id\":\"\",\"video_vm_id\":\"\",\"video_path\":\"\",\"video_fullwidth\":0,\"video_width\":\"\",\"video_height\":\"\",\"video_autoplay\":0,\"video_autoplayonlyfirsttime\":0,\"video_nextslideatend\":1,\"video_volume\":1,\"video_loop\":0,\"text_font\":{\"value\":{\"font_type\":\"none\",\"font_size\":\"13px\",\"font_family\":\"Helvetica, Arial, sans-serif\",\"font_name\":\"\",\"font_weight\":\"normal\",\"font_style\":\"normal\",\"letter_spacing\":\"\",\"text_transform\":\"none\"}},\"text_color\":\"\",\"text_bgcolor\":\"\",\"text_hover_color\":\"\",\"text_hover_bg_color\":\"\",\"text_border\":{\"value\":{\"border_rounded\":\"px\"}},\"text_hover_border_color\":\"\",\"text_padding_top\":\"\",\"text_padding_right\":\"\",\"text_padding_bottom\":\"\",\"text_padding_left\":\"\",\"text_line_height\":\"\",\"text_align\":\"center\",\"position\":\"custom\",\"multilanguage_position\":\"0\",\"x\":\"410\",\"y\":\"125\",\"x_ml\":{\"value\":{\"1\":\"\"}},\"y_ml\":{\"value\":{\"1\":\"\"}},\"animation_in\":\"lft\",\"animation_out\":\"fadeout\",\"custom_in_transition_x\":\"\",\"custom_in_transition_y\":\"\",\"custom_in_scale_x\":\"\",\"custom_in_scale_y\":\"\",\"custom_in_rotation_x\":\"\",\"custom_in_rotation_y\":\"\",\"custom_in_rotation_z\":\"\",\"transformOriginXin\":\"center\",\"transformOriginYin\":\"center\",\"custom_in_transform_perspective\":\"500\",\"custom_in_opacity\":\"1\",\"custom_out_transition_x\":\"\",\"custom_out_transition_y\":\"\",\"custom_out_scale_x\":\"\",\"custom_out_scale_y\":\"\",\"custom_out_rotation_x\":\"\",\"custom_out_rotation_y\":\"\",\"custom_out_rotation_z\":\"\",\"transformOriginXout\":\"center\",\"transformOriginYout\":\"center\",\"custom_out_transform_perspective\":\"500\",\"custom_out_opacity\":\"1\",\"speed\":\"1000\",\"start\":\"2000\",\"endspeed\":\"\",\"end\":\"\",\"status\":1,\"sort_order\":\"\",\"link\":{\"menu_type\":\"custom\",\"menu_item\":[]},\"link_new_window\":\"0\",\"easing\":\"easeOutBounce\",\"endeasing\":\"easeInOutQuart\",\"shadow\":{\"value\":{\"inner_shadow\":\"0\"}},\"shadow_hover\":{\"value\":{\"inner_shadow\":\"0\"}},\"shadow_active\":{\"value\":{\"inner_shadow\":\"0\"}},\"border\":{\"value\":{\"border_rounded\":\"px\"}},\"bg_image\":{\"value\":{\"bgimage_attach\":\"scroll\",\"use_gradient\":0,\"bgimage_size\":\"auto\",\"bgimage_position\":\"center top\"}},\"text\":{\"value\":{\"1\":\"\",\"2\":\"\"}},\"animations_is_open\":true,\"image\":{\"1\":\"data\\/journal2\\/misc\\/border-bub.png\"},\"bg_image_hover\":{\"value\":{\"bgimage_attach\":\"scroll\",\"use_gradient\":0,\"bgimage_size\":\"auto\",\"bgimage_position\":\"center top\"}}},{\"is_open\":false,\"caption_name\":\"Icon-bubble\",\"type\":\"image\",\"video_type\":\"youtube\",\"video_yt_id\":\"\",\"video_vm_id\":\"\",\"video_path\":\"\",\"video_fullwidth\":0,\"video_width\":\"\",\"video_height\":\"\",\"video_autoplay\":0,\"video_autoplayonlyfirsttime\":0,\"video_nextslideatend\":1,\"video_volume\":1,\"video_loop\":0,\"text_font\":{\"value\":{\"font_type\":\"none\",\"font_size\":\"13px\",\"font_family\":\"Helvetica, Arial, sans-serif\",\"font_name\":\"\",\"font_weight\":\"normal\",\"font_style\":\"normal\",\"letter_spacing\":\"\",\"text_transform\":\"none\"}},\"text_color\":\"\",\"text_bgcolor\":\"\",\"text_hover_color\":\"\",\"text_hover_bg_color\":\"\",\"text_border\":{\"value\":{\"border_rounded\":\"px\"}},\"text_hover_border_color\":\"\",\"text_padding_top\":\"\",\"text_padding_right\":\"\",\"text_padding_bottom\":\"\",\"text_padding_left\":\"\",\"text_line_height\":\"\",\"text_align\":\"center\",\"position\":\"custom\",\"multilanguage_position\":\"0\",\"x\":\"745\",\"y\":\"10\",\"x_ml\":{\"value\":{\"1\":\"\"}},\"y_ml\":{\"value\":{\"1\":\"\"}},\"animation_in\":\"lft\",\"animation_out\":\"fadeout\",\"custom_in_transition_x\":\"\",\"custom_in_transition_y\":\"\",\"custom_in_scale_x\":\"\",\"custom_in_scale_y\":\"\",\"custom_in_rotation_x\":\"\",\"custom_in_rotation_y\":\"\",\"custom_in_rotation_z\":\"\",\"transformOriginXin\":\"center\",\"transformOriginYin\":\"center\",\"custom_in_transform_perspective\":\"500\",\"custom_in_opacity\":\"1\",\"custom_out_transition_x\":\"\",\"custom_out_transition_y\":\"\",\"custom_out_scale_x\":\"\",\"custom_out_scale_y\":\"\",\"custom_out_rotation_x\":\"\",\"custom_out_rotation_y\":\"\",\"custom_out_rotation_z\":\"\",\"transformOriginXout\":\"center\",\"transformOriginYout\":\"center\",\"custom_out_transform_perspective\":\"500\",\"custom_out_opacity\":\"1\",\"speed\":\"1000\",\"start\":\"2200\",\"endspeed\":\"\",\"end\":\"\",\"status\":1,\"sort_order\":\"\",\"link\":{\"menu_type\":\"custom\",\"menu_item\":[]},\"link_new_window\":\"0\",\"easing\":\"easeOutBounce\",\"endeasing\":\"easeInOutQuart\",\"shadow\":{\"value\":{\"inner_shadow\":\"0\"}},\"shadow_hover\":{\"value\":{\"inner_shadow\":\"0\"}},\"shadow_active\":{\"value\":{\"inner_shadow\":\"0\"}},\"border\":{\"value\":{\"border_rounded\":\"px\"}},\"bg_image\":{\"value\":{\"bgimage_attach\":\"scroll\",\"use_gradient\":0,\"bgimage_size\":\"auto\",\"bgimage_position\":\"center top\"}},\"text\":{\"value\":{\"1\":\"\",\"2\":\"\"}},\"animations_is_open\":true,\"image\":{\"1\":\"data\\/journal2\\/misc\\/icon-bub.png\"},\"bg_image_hover\":{\"value\":{\"bgimage_attach\":\"scroll\",\"use_gradient\":0,\"bgimage_size\":\"auto\",\"bgimage_position\":\"center top\"}}},{\"is_open\":false,\"caption_name\":\"Font-bubble\",\"type\":\"image\",\"video_type\":\"youtube\",\"video_yt_id\":\"\",\"video_vm_id\":\"\",\"video_path\":\"\",\"video_fullwidth\":0,\"video_width\":\"\",\"video_height\":\"\",\"video_autoplay\":0,\"video_autoplayonlyfirsttime\":0,\"video_nextslideatend\":1,\"video_volume\":1,\"video_loop\":0,\"text_font\":{\"value\":{\"font_type\":\"none\",\"font_size\":\"13px\",\"font_family\":\"Helvetica, Arial, sans-serif\",\"font_name\":\"\",\"font_weight\":\"normal\",\"font_style\":\"normal\",\"letter_spacing\":\"\",\"text_transform\":\"none\"}},\"text_color\":\"\",\"text_bgcolor\":\"\",\"text_hover_color\":\"\",\"text_hover_bg_color\":\"\",\"text_border\":{\"value\":{\"border_rounded\":\"px\"}},\"text_hover_border_color\":\"\",\"text_padding_top\":\"\",\"text_padding_right\":\"\",\"text_padding_bottom\":\"\",\"text_padding_left\":\"\",\"text_line_height\":\"\",\"text_align\":\"center\",\"position\":\"custom\",\"multilanguage_position\":\"0\",\"x\":\"640\",\"y\":\"245\",\"x_ml\":{\"value\":{\"1\":\"\"}},\"y_ml\":{\"value\":{\"1\":\"\"}},\"animation_in\":\"lft\",\"animation_out\":\"fadeout\",\"custom_in_transition_x\":\"\",\"custom_in_transition_y\":\"\",\"custom_in_scale_x\":\"\",\"custom_in_scale_y\":\"\",\"custom_in_rotation_x\":\"\",\"custom_in_rotation_y\":\"\",\"custom_in_rotation_z\":\"\",\"transformOriginXin\":\"center\",\"transformOriginYin\":\"center\",\"custom_in_transform_perspective\":\"500\",\"custom_in_opacity\":\"1\",\"custom_out_transition_x\":\"\",\"custom_out_transition_y\":\"\",\"custom_out_scale_x\":\"\",\"custom_out_scale_y\":\"\",\"custom_out_rotation_x\":\"\",\"custom_out_rotation_y\":\"\",\"custom_out_rotation_z\":\"\",\"transformOriginXout\":\"center\",\"transformOriginYout\":\"center\",\"custom_out_transform_perspective\":\"500\",\"custom_out_opacity\":\"1\",\"speed\":\"1000\",\"start\":\"2100\",\"endspeed\":\"\",\"end\":\"\",\"status\":1,\"sort_order\":\"\",\"link\":{\"menu_type\":\"custom\",\"menu_item\":[]},\"link_new_window\":\"0\",\"easing\":\"easeOutBounce\",\"endeasing\":\"easeInOutQuart\",\"shadow\":{\"value\":{\"inner_shadow\":\"0\"}},\"shadow_hover\":{\"value\":{\"inner_shadow\":\"0\"}},\"shadow_active\":{\"value\":{\"inner_shadow\":\"0\"}},\"border\":{\"value\":{\"border_rounded\":\"px\"}},\"bg_image\":{\"value\":{\"bgimage_attach\":\"scroll\",\"use_gradient\":0,\"bgimage_size\":\"auto\",\"bgimage_position\":\"center top\"}},\"text\":{\"value\":{\"1\":\"\",\"2\":\"\"}},\"animations_is_open\":true,\"image\":{\"1\":\"data\\/journal2\\/misc\\/font-bub.png\"},\"bg_image_hover\":{\"value\":{\"bgimage_attach\":\"scroll\",\"use_gradient\":0,\"bgimage_size\":\"auto\",\"bgimage_position\":\"center top\"}}},{\"is_open\":false,\"caption_name\":\"Items-bubble\",\"type\":\"image\",\"video_type\":\"youtube\",\"video_yt_id\":\"\",\"video_vm_id\":\"\",\"video_path\":\"\",\"video_fullwidth\":0,\"video_width\":\"\",\"video_height\":\"\",\"video_autoplay\":0,\"video_autoplayonlyfirsttime\":0,\"video_nextslideatend\":1,\"video_volume\":1,\"video_loop\":0,\"text_font\":{\"value\":{\"font_type\":\"none\",\"font_size\":\"13px\",\"font_family\":\"Helvetica, Arial, sans-serif\",\"font_name\":\"\",\"font_weight\":\"normal\",\"font_style\":\"normal\",\"letter_spacing\":\"\",\"text_transform\":\"none\"}},\"text_color\":\"\",\"text_bgcolor\":\"\",\"text_hover_color\":\"\",\"text_hover_bg_color\":\"\",\"text_border\":{\"value\":{\"border_rounded\":\"px\"}},\"text_hover_border_color\":\"\",\"text_padding_top\":\"\",\"text_padding_right\":\"\",\"text_padding_bottom\":\"\",\"text_padding_left\":\"\",\"text_line_height\":\"\",\"text_align\":\"center\",\"position\":\"custom\",\"multilanguage_position\":\"0\",\"x\":\"1030\",\"y\":\"170\",\"x_ml\":{\"value\":{\"1\":\"\"}},\"y_ml\":{\"value\":{\"1\":\"\"}},\"animation_in\":\"lft\",\"animation_out\":\"fadeout\",\"custom_in_transition_x\":\"\",\"custom_in_transition_y\":\"\",\"custom_in_scale_x\":\"\",\"custom_in_scale_y\":\"\",\"custom_in_rotation_x\":\"\",\"custom_in_rotation_y\":\"\",\"custom_in_rotation_z\":\"\",\"transformOriginXin\":\"center\",\"transformOriginYin\":\"center\",\"custom_in_transform_perspective\":\"500\",\"custom_in_opacity\":\"1\",\"custom_out_transition_x\":\"\",\"custom_out_transition_y\":\"\",\"custom_out_scale_x\":\"\",\"custom_out_scale_y\":\"\",\"custom_out_rotation_x\":\"\",\"custom_out_rotation_y\":\"\",\"custom_out_rotation_z\":\"\",\"transformOriginXout\":\"center\",\"transformOriginYout\":\"center\",\"custom_out_transform_perspective\":\"500\",\"custom_out_opacity\":\"1\",\"speed\":\"1000\",\"start\":\"2300\",\"endspeed\":\"\",\"end\":\"\",\"status\":1,\"sort_order\":\"\",\"link\":{\"menu_type\":\"custom\",\"menu_item\":[]},\"link_new_window\":\"0\",\"easing\":\"easeOutBounce\",\"endeasing\":\"easeInOutQuart\",\"shadow\":{\"value\":{\"inner_shadow\":\"0\"}},\"shadow_hover\":{\"value\":{\"inner_shadow\":\"0\"}},\"shadow_active\":{\"value\":{\"inner_shadow\":\"0\"}},\"border\":{\"value\":{\"border_rounded\":\"px\"}},\"bg_image\":{\"value\":{\"bgimage_attach\":\"scroll\",\"use_gradient\":0,\"bgimage_size\":\"auto\",\"bgimage_position\":\"center top\"}},\"text\":{\"value\":{\"1\":\"\",\"2\":\"\"}},\"animations_is_open\":true,\"image\":{\"1\":\"data\\/journal2\\/misc\\/item-bub.png\"},\"bg_image_hover\":{\"value\":{\"bgimage_attach\":\"scroll\",\"use_gradient\":0,\"bgimage_size\":\"auto\",\"bgimage_position\":\"center top\"}}}],\"status\":\"1\",\"sort_order\":\"\",\"link\":{\"menu_type\":\"custom\",\"menu_item\":[]},\"link_new_window\":\"0\",\"easing\":\"easeInOutQuart\",\"close_others\":true},{\"is_open\":true,\"slide_name\":\"Video\",\"image\":{\"1\":\"data\\/journal2\\/slider\\/vid-bg.jpg\"},\"thumb\":{\"1\":\"\"},\"transition\":\"fade\",\"slotamount\":\"\",\"masterspeed\":800,\"delay\":\"\",\"captions\":[{\"is_open\":true,\"caption_name\":\"Title\",\"type\":\"text\",\"video_type\":\"local\",\"video_yt_id\":\"\",\"video_vm_id\":\"26017275\",\"video_path\":\"videos\\/Split\",\"video_fullwidth\":\"1\",\"video_width\":\"300\",\"video_height\":\"200\",\"video_autoplay\":\"1\",\"video_autoplayonlyfirsttime\":\"1\",\"video_nextslideatend\":1,\"video_volume\":1,\"video_loop\":0,\"text_font\":{\"value\":{\"font_type\":\"google\",\"font_size\":\"50px\",\"font_family\":\"Helvetica, Arial, sans-serif\",\"font_name\":\"Playfair Display\",\"font_weight\":\"regular\",\"font_style\":\"normal\",\"letter_spacing\":\"\",\"text_transform\":\"uppercase\",\"font_subset\":[\"latin\"],\"color\":{\"value\":{\"color\":\"rgb(255, 255, 255)\"}}}},\"text_color\":\"\",\"text_bgcolor\":{\"value\":{\"color\":\"rgb(176, 158, 102)\"}},\"text_hover_color\":\"\",\"text_hover_bg_color\":\"\",\"text_border\":{\"value\":{\"border_rounded\":\"px\",\"border_type\":\"solid\",\"border_radius_unit\":\"px\",\"border\":{\"value\":{\"text\":\"\"}},\"border_top\":{\"value\":\"\"},\"border_right\":{\"value\":\"\"},\"border_bottom\":{\"value\":{\"text\":\"\"}},\"border_left\":{\"value\":\"\"},\"border_radius\":{\"value\":{\"text\":\"\"}},\"border_radius_top\":{\"value\":\"\"},\"border_radius_right\":{\"value\":\"\"},\"border_radius_left\":{\"value\":\"\"},\"border_radius_bottom\":{\"value\":\"\"},\"border_color\":{\"value\":{\"color\":\"\"}}}},\"text_hover_border_color\":\"\",\"text_padding_top\":\"7\",\"text_padding_right\":\"17\",\"text_padding_bottom\":\"12\",\"text_padding_left\":\"17\",\"text_line_height\":\"\",\"text_align\":\"center\",\"position\":\"center\",\"multilanguage_position\":\"0\",\"x\":\"\",\"y\":\"-40\",\"x_ml\":{\"value\":{\"1\":\"\"}},\"y_ml\":{\"value\":{\"1\":\"\"}},\"animation_in\":\"customin\",\"animation_out\":\"fadeout\",\"custom_in_transition_x\":\"\",\"custom_in_transition_y\":\"\",\"custom_in_scale_x\":\"\",\"custom_in_scale_y\":\"\",\"custom_in_rotation_x\":\"90\",\"custom_in_rotation_y\":\"\",\"custom_in_rotation_z\":\"\",\"transformOriginXin\":\"top\",\"transformOriginYin\":\"center\",\"custom_in_transform_perspective\":\"700\",\"custom_in_opacity\":\"1\",\"custom_out_transition_x\":\"\",\"custom_out_transition_y\":\"\",\"custom_out_scale_x\":\"\",\"custom_out_scale_y\":\"\",\"custom_out_rotation_x\":\"\",\"custom_out_rotation_y\":\"\",\"custom_out_rotation_z\":\"\",\"transformOriginXout\":\"center\",\"transformOriginYout\":\"center\",\"custom_out_transform_perspective\":\"500\",\"custom_out_opacity\":\"1\",\"speed\":\"1000\",\"start\":\"700\",\"endspeed\":\"\",\"end\":\"\",\"status\":\"1\",\"sort_order\":\"\",\"link\":{\"menu_type\":\"custom\",\"menu_item\":[]},\"link_new_window\":\"0\",\"easing\":\"easeOutBounce\",\"endeasing\":\"easeInOutQuart\",\"shadow\":{\"value\":{\"inner_shadow\":\"0\"}},\"shadow_hover\":{\"value\":{\"inner_shadow\":\"0\"}},\"shadow_active\":{\"value\":{\"inner_shadow\":\"0\"}},\"border\":{\"value\":{\"border_rounded\":\"px\"}},\"bg_image\":{\"value\":{\"bgimage_attach\":\"scroll\",\"use_gradient\":0,\"bgimage_size\":\"auto\",\"bgimage_position\":\"center top\"}},\"custom_in_transition_z\":\"\",\"custom_out_transition_z\":\"\",\"text\":{\"value\":{\"1\":\"Opencart Never Looked So Good\",\"2\":\"\"}},\"animations_is_open\":false,\"image\":{\"1\":[]},\"bg_image_hover\":{\"value\":{\"bgimage_attach\":\"scroll\",\"use_gradient\":0,\"bgimage_size\":\"auto\",\"bgimage_position\":\"center top\"}}},{\"is_open\":true,\"caption_name\":\"Button\",\"type\":\"text\",\"video_type\":\"youtube\",\"video_yt_id\":\"\",\"video_vm_id\":\"\",\"video_path\":\"\",\"video_fullwidth\":0,\"video_width\":\"\",\"video_height\":\"\",\"video_autoplay\":0,\"video_autoplayonlyfirsttime\":0,\"video_nextslideatend\":1,\"video_volume\":1,\"video_loop\":0,\"text_font\":{\"value\":{\"font_type\":\"system\",\"font_size\":\"20px\",\"font_family\":\"Helvetica, Arial, sans-serif\",\"font_name\":\"\",\"font_weight\":\"normal\",\"font_style\":\"normal\",\"letter_spacing\":\"\",\"text_transform\":\"uppercase\",\"color\":{\"value\":{\"color\":\"rgb(255, 255, 255)\"}}}},\"text_color\":\"\",\"text_bgcolor\":\"\",\"text_hover_color\":\"\",\"text_hover_bg_color\":{\"value\":{\"color\":\"rgb(176, 158, 102)\"}},\"text_border\":{\"value\":{\"border_rounded\":\"px\",\"border_type\":\"solid\",\"border_radius_unit\":\"px\",\"border\":{\"value\":{\"text\":\"1\"}},\"border_top\":{\"value\":\"\"},\"border_right\":{\"value\":\"\"},\"border_bottom\":{\"value\":\"\"},\"border_left\":{\"value\":\"\"},\"border_radius\":{\"value\":\"\"},\"border_radius_top\":{\"value\":\"\"},\"border_radius_right\":{\"value\":\"\"},\"border_radius_left\":{\"value\":\"\"},\"border_radius_bottom\":{\"value\":\"\"},\"border_color\":{\"value\":{\"color\":\"rgb(255, 255, 255)\"}}}},\"text_hover_border_color\":{\"value\":{\"color\":\"rgb(176, 158, 102)\"}},\"text_padding_top\":\"17\",\"text_padding_right\":\"30\",\"text_padding_bottom\":\"17\",\"text_padding_left\":\"30\",\"text_line_height\":\"\",\"text_align\":\"center\",\"position\":\"center\",\"multilanguage_position\":\"0\",\"x\":\"\",\"y\":\"75\",\"x_ml\":{\"value\":{\"1\":\"\"}},\"y_ml\":{\"value\":{\"1\":\"\"}},\"animation_in\":\"customin\",\"animation_out\":\"fadeout\",\"custom_in_transition_x\":\"\",\"custom_in_transition_y\":\"\",\"custom_in_scale_x\":\"\",\"custom_in_scale_y\":\"\",\"custom_in_rotation_x\":\"90\",\"custom_in_rotation_y\":\"\",\"custom_in_rotation_z\":\"\",\"transformOriginXin\":\"top\",\"transformOriginYin\":\"center\",\"custom_in_transform_perspective\":\"700\",\"custom_in_opacity\":\"1\",\"custom_out_transition_x\":\"\",\"custom_out_transition_y\":\"\",\"custom_out_scale_x\":\"\",\"custom_out_scale_y\":\"\",\"custom_out_rotation_x\":\"\",\"custom_out_rotation_y\":\"\",\"custom_out_rotation_z\":\"\",\"transformOriginXout\":\"center\",\"transformOriginYout\":\"center\",\"custom_out_transform_perspective\":\"500\",\"custom_out_opacity\":\"1\",\"speed\":\"1000\",\"start\":\"850\",\"endspeed\":\"\",\"end\":\"\",\"status\":1,\"sort_order\":\"\",\"link\":{\"menu_type\":\"custom\",\"menu_item\":{\"url\":\"http:\\/\\/themeforest.net\\/item\\/journal-premium-responsive-opencart-theme\\/4260361?ref=DigitalAtelier\"}},\"link_new_window\":\"1\",\"easing\":\"easeOutBounce\",\"endeasing\":\"easeInOutQuart\",\"shadow\":{\"value\":{\"inner_shadow\":\"0\"}},\"shadow_hover\":{\"value\":{\"inner_shadow\":\"0\"}},\"shadow_active\":{\"value\":{\"inner_shadow\":\"0\"}},\"border\":{\"value\":{\"border_rounded\":\"px\"}},\"bg_image\":{\"value\":{\"bgimage_attach\":\"scroll\",\"use_gradient\":0,\"bgimage_size\":\"auto\",\"bgimage_position\":\"center top\"}},\"text\":{\"value\":{\"1\":\"Buy Journal\",\"2\":\"\"}},\"animations_is_open\":false,\"image\":{\"1\":[]},\"bg_image_hover\":{\"value\":{\"bgimage_attach\":\"scroll\",\"use_gradient\":0,\"bgimage_size\":\"auto\",\"bgimage_position\":\"center top\"}}},{\"is_open\":true,\"caption_name\":\"Video\",\"type\":\"video\",\"video_type\":\"local\",\"video_yt_id\":\"2qmjLEU4f1I\",\"video_vm_id\":\"\",\"video_path\":\"videos\\/vid\",\"video_fullwidth\":\"1\",\"video_width\":\"\",\"video_height\":\"\",\"video_autoplay\":\"1\",\"video_autoplayonlyfirsttime\":\"0\",\"video_nextslideatend\":\"1\",\"video_volume\":\"0\",\"video_loop\":0,\"text_font\":{\"value\":{\"font_type\":\"none\",\"font_size\":\"13px\",\"font_family\":\"Helvetica, Arial, sans-serif\",\"font_name\":\"\",\"font_weight\":\"normal\",\"font_style\":\"normal\",\"letter_spacing\":\"\",\"text_transform\":\"none\"}},\"text_color\":\"\",\"text_bgcolor\":\"\",\"text_hover_color\":\"\",\"text_hover_bg_color\":\"\",\"text_border\":{\"value\":{\"border_rounded\":\"px\"}},\"text_hover_border_color\":\"\",\"text_padding_top\":\"\",\"text_padding_right\":\"\",\"text_padding_bottom\":\"\",\"text_padding_left\":\"\",\"text_line_height\":\"\",\"text_align\":\"center\",\"position\":\"custom\",\"multilanguage_position\":\"0\",\"x\":\"\",\"y\":\"\",\"x_ml\":{\"value\":{\"1\":\"\"}},\"y_ml\":{\"value\":{\"1\":\"\"}},\"animation_in\":\"fade\",\"animation_out\":\"fadeout\",\"custom_in_transition_x\":\"\",\"custom_in_transition_y\":\"\",\"custom_in_scale_x\":\"\",\"custom_in_scale_y\":\"\",\"custom_in_rotation_x\":\"\",\"custom_in_rotation_y\":\"\",\"custom_in_rotation_z\":\"\",\"transformOriginXin\":\"center\",\"transformOriginYin\":\"center\",\"custom_in_transform_perspective\":\"500\",\"custom_in_opacity\":\"1\",\"custom_out_transition_x\":\"\",\"custom_out_transition_y\":\"\",\"custom_out_scale_x\":\"\",\"custom_out_scale_y\":\"\",\"custom_out_rotation_x\":\"\",\"custom_out_rotation_y\":\"\",\"custom_out_rotation_z\":\"\",\"transformOriginXout\":\"center\",\"transformOriginYout\":\"center\",\"custom_out_transform_perspective\":\"500\",\"custom_out_opacity\":\"1\",\"speed\":\"0\",\"start\":\"\",\"endspeed\":\"\",\"end\":\"\",\"status\":1,\"sort_order\":\"0\",\"link\":{\"menu_type\":\"custom\",\"menu_item\":[]},\"link_new_window\":\"0\",\"easing\":\"easeInOutQuart\",\"endeasing\":\"easeInOutQuart\",\"shadow\":{\"value\":{\"inner_shadow\":\"0\"}},\"shadow_hover\":{\"value\":{\"inner_shadow\":\"0\"}},\"shadow_active\":{\"value\":{\"inner_shadow\":\"0\"}},\"border\":{\"value\":{\"border_rounded\":\"px\"}},\"bg_image\":{\"value\":{\"bgimage_attach\":\"scroll\",\"use_gradient\":0,\"bgimage_size\":\"auto\",\"bgimage_position\":\"center top\"}},\"text\":{\"value\":{\"1\":\"\",\"2\":\"\"}},\"animations_is_open\":true,\"image\":{\"1\":[]},\"bg_image_hover\":{\"value\":{\"bgimage_attach\":\"scroll\",\"use_gradient\":0,\"bgimage_size\":\"auto\",\"bgimage_position\":\"center top\"}}}],\"status\":\"1\",\"sort_order\":\"\",\"link\":{\"menu_type\":\"custom\",\"menu_item\":[]},\"link_new_window\":\"0\",\"easing\":\"easeInOutQuart\"}],\"enable_on_phone\":\"1\",\"enable_on_tablet\":\"1\",\"enable_on_desktop\":\"1\",\"spinner\":\"0\",\"general_is_open\":false,\"navigation_is_open\":false,\"top_bottom_is_open\":false,\"hideonmobile\":\"0\",\"disable_desktop\":\"0\",\"module_type\":\"normal\",\"close_others\":true}'),(236,'journal2_header_notice','{\"module_name\":\"Notice\",\"height\":\"\",\"padding_t\":{\"value\":{\"text\":\"5\"}},\"padding_l\":{\"value\":\"\"},\"padding_b\":{\"value\":{\"text\":\"5\"}},\"padding_r\":{\"value\":\"\"},\"text\":{\"value\":{\"1\":\"This is the <strong>Header Notice<\\/strong> module. It can be used for <a href=\\\"javascript:Journal.openPopup(\'249\')\\\"><strong>Cookie Law<\\/strong><\\/a> messages or any other text. Multiple modules with different styles can be added on any page.\"}},\"text_align\":\"left\",\"text_font\":{\"value\":{\"font_type\":\"none\",\"font_size\":\"13px\",\"font_family\":\"Helvetica, Arial, sans-serif\",\"font_name\":null,\"font_weight\":\"normal\",\"font_style\":\"normal\",\"letter_spacing\":\"\",\"text_transform\":\"none\",\"font_subset\":[]}},\"text_link_color\":[],\"text_link_hover_color\":[],\"button_color\":[],\"button_hover_color\":[],\"button_bg_color\":[],\"button_hover_bg_color\":[],\"icon\":{\"options\":{\"font_size\":\"24px\",\"color\":{\"value\":{\"color\":\"rgb(221, 0, 23)\"}},\"top\":\"1\"},\"icon_type\":\"icon\",\"icon\":{\"icon\":\"&#xe059;\",\"class\":\"exclamation-sign2\"}},\"float_icon\":\"0\",\"fullwidth\":\"0\",\"icon_position\":\"left\",\"close_button_type\":\"icon\",\"close_button_text\":{\"value\":{\"1\":\"\"}},\"show_only_once\":\"0\",\"do_not_show_again\":\"1\",\"do_not_show_again_cookie\":\"rph7aobhi4iicjmc59udi\",\"enable_on_phone\":\"1\",\"enable_on_tablet\":\"1\",\"enable_on_desktop\":\"1\",\"general_is_open\":true,\"disable_mobile\":\"0\",\"disable_desktop\":\"0\",\"content_is_open\":true,\"text_background_color\":{\"value\":{\"color\":\"rgb(233, 232, 211)\"}}}'),(24,'journal2_text_rotator','{\"module_name\":\"Testimonials\",\"module_title\":{\"value\":{\"1\":\"\"}},\"transition_delay\":\"4000\",\"pause_on_hover\":\"1\",\"text_align\":\"center\",\"image_align\":\"center\",\"author_align\":\"center\",\"text_font\":{\"value\":{\"font_type\":\"system\",\"font_size\":\"22px\",\"font_name\":\"Playfair Display\",\"font_weight\":\"normal\",\"font_subset\":[\"latin\"],\"font_style\":\"italic\",\"text_transform\":\"none\",\"color\":{\"value\":{\"color\":\"rgb(255, 255, 255)\"}},\"font_family\":\"Georgia, serif\"}},\"author_font\":{\"value\":{\"font_type\":\"system\",\"font_size\":\"22px\",\"font_name\":\"Ubuntu\",\"font_weight\":\"bold\",\"font_subset\":[\"latin\"],\"font_style\":\"normal\",\"text_transform\":\"none\",\"color\":{\"value\":{\"color\":\"rgb(255, 255, 255)\"}},\"font_family\":\"Helvetica, Arial, sans-serif\"}},\"text_background\":{\"value\":{\"bgimage_attach\":\"scroll\",\"bgcolor\":{\"value\":{\"color\":\"\"}},\"bgimage_repeat\":\"repeat\",\"bgimage_position\":\"center top\",\"use_gradient\":0,\"bgimage_size\":\"auto\"}},\"image_border\":{\"value\":{\"border_rounded\":\"1\",\"border_top\":{\"value\":{\"text\":\"\"}},\"border_right\":{\"value\":{\"text\":\"\"}},\"border_bottom\":{\"value\":{\"text\":\"\"}},\"border_left\":{\"value\":{\"text\":\"\"}},\"border_radius_left\":{\"value\":{\"text\":\"\"}},\"border_radius_top\":{\"value\":{\"text\":\"\"}},\"border_radius_right\":{\"value\":{\"text\":\"\"}},\"border_radius_bottom\":{\"value\":{\"text\":\"\"}},\"border_type\":\"solid\",\"border_color\":{\"value\":{\"color\":\"\"}},\"border\":{\"value\":\"\"},\"border_radius\":{\"value\":{\"text\":\"50\"}},\"border_radius_unit\":\"%\"}},\"bullets\":\"1\",\"bullets_position\":\"center\",\"top_bottom_placement\":0,\"background\":{\"value\":{\"bgcolor\":{\"value\":{\"color\":\"\"}},\"bgimage\":{\"value\":{\"image\":\"data\\/journal2\\/background\\/fashion-bg-dark.jpg\"}},\"bgimage_attach\":\"fixed\",\"bgimage_repeat\":\"no-repeat\",\"bgimage_position\":\"center top\",\"use_gradient\":0,\"bgimage_size\":\"auto\"}},\"fullwidth\":\"0\",\"margin_top\":\"30\",\"margin_bottom\":\"30\",\"sections\":[{\"is_open\":false,\"name\":\"Item 1\",\"text\":{\"value\":{\"1\":\"Lorem ipsum dolor sit amet, consectetur adipiscing elit. Aliquam iaculis egestas laoreet. Etiam faucibus massa sed risus lacinia.\",\"2\":\"\"}},\"author\":\"John\",\"icon\":{\"options\":{\"font_size\":\"15px\"}},\"image\":{\"1\":\"data\\/journal2\\/testimonials\\/test5.jpg\"},\"status\":\"1\",\"sort_order\":\"\",\"cta\":\"0\",\"cta_link\":{\"menu_type\":\"custom\"},\"cta_icon\":{\"options\":{\"font_size\":\"15px\"}},\"cta_new_window\":\"0\",\"cta_text\":{\"value\":{\"1\":\"\",\"2\":\"\"}},\"cta_position\":\"center\",\"cta_offset_top\":\"\",\"cta_offset_left\":\"\"},{\"is_open\":false,\"name\":\"\",\"text\":{\"value\":{\"1\":\"Lorem ipsum dolor sit amet, consectetur adipiscing elit. Aliquam iaculis egestas laoreet. Etiam faucibus massa sed risus lacinia.\",\"2\":\"\"}},\"author\":\"Mike\",\"icon\":{\"options\":{\"font_size\":\"16px\"}},\"image\":{\"1\":\"data\\/journal2\\/testimonials\\/test2.jpg\"},\"status\":\"1\",\"sort_order\":\"\"},{\"is_open\":false,\"name\":\"\",\"text\":{\"value\":{\"1\":\"Lorem ipsum dolor sit amet, consectetur adipiscing elit. Aliquam iaculis egestas laoreet. Etiam faucibus massa sed risus lacinia.\",\"2\":\"\"}},\"author\":\"Amira\",\"icon\":{\"options\":{\"font_size\":\"16px\"}},\"image\":{\"1\":\"data\\/journal2\\/testimonials\\/test1.jpg\"},\"status\":\"1\",\"sort_order\":\"\"}],\"random_sections\":\"0\",\"enable_on_phone\":\"1\",\"enable_on_tablet\":\"1\",\"enable_on_desktop\":\"1\",\"general_is_open\":true,\"top_bottom_is_open\":false,\"module_background\":{\"value\":{\"bgimage_attach\":\"scroll\",\"use_gradient\":0,\"bgimage_size\":\"auto\",\"bgimage_position\":\"center top\"}},\"module_shadow\":{\"value\":{\"inner_shadow\":\"0\"}},\"disable_mobile\":\"0\",\"bullets_color\":{\"value\":{\"color\":\"rgb(51, 153, 101)\"}},\"bullets_hover_color\":{\"value\":{\"color\":\"rgb(234, 35, 73)\"}},\"margin\":\"none\",\"cta_mode\":\"1\",\"close_others\":true}'),(27,'journal2_cms_blocks','{\"module_name\":\"3 piece\",\"module_title\":{\"value\":{\"1\":\"\",\"2\":\"\"}},\"items_per_row\":{\"range\":\"1,8\",\"step\":\"1\",\"value\":{\"mobile\":{\"value\":\"1\",\"range\":\"1,8\",\"step\":\"1\"},\"mobile1\":{\"value\":\"2\",\"range\":\"1,8\",\"step\":\"1\"},\"tablet\":{\"value\":\"3\",\"range\":\"1,8\",\"step\":\"1\"},\"tablet1\":{\"value\":\"2\",\"range\":\"1,8\",\"step\":\"1\"},\"tablet2\":{\"value\":\"1\",\"range\":\"1,8\",\"step\":\"1\"},\"desktop\":{\"value\":\"3\",\"range\":\"1,8\",\"step\":\"1\"},\"desktop1\":{\"value\":\"3\",\"range\":\"1,8\",\"step\":\"1\"},\"desktop2\":{\"value\":\"4\",\"range\":\"1,8\",\"step\":\"1\"},\"large_desktop\":{\"value\":\"3\",\"range\":\"1,8\",\"step\":\"1\"},\"large_desktop1\":{\"value\":\"4\",\"range\":\"1,8\",\"step\":\"1\"},\"large_desktop2\":{\"value\":\"4\",\"range\":\"1,8\",\"step\":\"1\"}}},\"disable_mobile\":\"0\",\"background\":{\"value\":{\"bgimage_attach\":\"scroll\",\"bgcolor\":{\"value\":{\"color\":\"rgb(255, 255, 255)\"}},\"bgimage_repeat\":\"no-repeat\",\"bgimage_position\":\"center\",\"bgimage\":{\"value\":{\"image\":\"\"}}}},\"fullwidth\":\"0\",\"margin_top\":\"20\",\"margin_bottom\":\"\",\"sections\":[{\"is_open\":true,\"section_title\":[],\"text\":{\"1\":\"<h2>Customize Everything<\\/h2>\\n\\n<p>Lorem ipsum dolor sit amet, consectetur adipiscing elit. Aliquam iaculis egestas laoreet. Etiam faucibus massa sed risus lacinia in vulputate dolor imperdiet. Curabitur pharetra, purus a commodo dignissim, sapien nulla tempus nisi, et varius nulla urna at arcu.<\\/p>\\n\\n<p><strong><a href=\\\"#\\\">See theme features<\\/a><\\/strong><\\/p>\\n\",\"2\":\"\"},\"text_align\":\"center\",\"icon_status\":\"1\",\"icon_position\":\"top\",\"icon\":{\"options\":{\"font_size\":\"28px\",\"color\":{\"value\":{\"color\":\"rgb(255, 255, 255)\"}}},\"icon_type\":\"icon\",\"icon\":{\"icon\":\"&#xe61c;\",\"class\":\"glass\"}},\"icon_border\":{\"value\":{\"border_rounded\":\"px\",\"border_type\":\"solid\",\"border_radius_unit\":\"%\",\"border\":{\"value\":\"\"},\"border_top\":{\"value\":\"\"},\"border_right\":{\"value\":\"\"},\"border_bottom\":{\"value\":\"\"},\"border_left\":{\"value\":\"\"},\"border_radius\":{\"value\":{\"text\":\"50\"}},\"border_radius_top\":{\"value\":\"\"},\"border_radius_right\":{\"value\":\"\"},\"border_radius_left\":{\"value\":\"\"},\"border_radius_bottom\":{\"value\":\"\"}}},\"icon_bg_color\":{\"value\":{\"color\":\"rgb(68, 67, 73)\"}},\"icon_width\":\"65\",\"icon_height\":\"65\",\"status\":\"1\",\"sort_order\":\"\"},{\"is_open\":false,\"section_title\":[],\"text\":{\"1\":\"<h2>16 Multi Purpose Modules<\\/h2>\\n\\n<p>Lorem ipsum dolor sit amet, consectetur adipiscing elit. Aliquam iaculis egestas laoreet. Etiam faucibus massa sed risus lacinia in vulputate dolor imperdiet. Curabitur pharetra, purus a commodo dignissim, sapien nulla tempus nisi, et varius nulla urna at arcu.<\\/p>\\n\\n<p><a href=\\\"#\\\" style=\\\"line-height: 1.6;\\\"><strong>See theme features<\\/strong><\\/a><\\/p>\\n\",\"2\":\"\"},\"text_align\":\"center\",\"icon_status\":\"1\",\"icon_position\":\"top\",\"icon\":{\"options\":{\"font_size\":\"34px\",\"color\":{\"value\":{\"color\":\"rgb(255, 255, 255)\"}}},\"icon_type\":\"icon\",\"icon\":{\"icon\":\"&#xe07d;\",\"class\":\"trophy2\"}},\"icon_border\":{\"value\":{\"border_rounded\":\"px\",\"border_type\":\"solid\",\"border_radius_unit\":\"%\",\"border\":{\"value\":\"\"},\"border_top\":{\"value\":\"\"},\"border_right\":{\"value\":\"\"},\"border_bottom\":{\"value\":\"\"},\"border_left\":{\"value\":\"\"},\"border_radius\":{\"value\":{\"text\":\"50\"}},\"border_radius_top\":{\"value\":\"\"},\"border_radius_right\":{\"value\":\"\"},\"border_radius_left\":{\"value\":\"\"},\"border_radius_bottom\":{\"value\":\"\"}}},\"icon_bg_color\":{\"value\":{\"color\":\"rgb(68, 67, 73)\"}},\"icon_width\":\"65\",\"icon_height\":\"65\",\"status\":\"1\",\"sort_order\":\"\"},{\"is_open\":false,\"section_title\":[],\"text\":{\"1\":\"<h2>Made with Love<\\/h2>\\n\\n<p>Lorem ipsum dolor sit amet, consectetur adipiscing elit. Aliquam iaculis egestas laoreet. Etiam faucibus massa sed risus lacinia in vulputate dolor imperdiet. Curabitur pharetra, purus a commodo dignissim, sapien nulla tempus nisi, et varius nulla urna at arcu.<\\/p>\\n\\n<p><strong><a href=\\\"http:\\/\\/themeforest.net\\/item\\/journal-premium-responsive-opencart-theme\\/4260361?ref=DigitalAtelier\\\" target=\\\"_blank\\\">Buy Journal<\\/a><\\/strong><\\/p>\\n\",\"2\":\"\"},\"text_align\":\"center\",\"icon_status\":\"1\",\"icon_position\":\"top\",\"icon\":{\"options\":{\"font_size\":\"27px\",\"color\":{\"value\":{\"color\":\"rgb(255, 255, 255)\"}},\"top\":\"1\",\"left\":\"-1\"},\"icon_type\":\"icon\",\"icon\":{\"icon\":\"&#xe663;\",\"class\":\"heart3\"}},\"icon_border\":{\"value\":{\"border_rounded\":\"px\",\"border_type\":\"solid\",\"border_radius_unit\":\"%\",\"border\":{\"value\":\"\"},\"border_top\":{\"value\":\"\"},\"border_right\":{\"value\":\"\"},\"border_bottom\":{\"value\":\"\"},\"border_left\":{\"value\":\"\"},\"border_radius\":{\"value\":{\"text\":\"50\"}},\"border_radius_top\":{\"value\":\"\"},\"border_radius_right\":{\"value\":\"\"},\"border_radius_left\":{\"value\":\"\"},\"border_radius_bottom\":{\"value\":\"\"}}},\"icon_bg_color\":{\"value\":{\"color\":\"rgb(68, 67, 73)\"}},\"icon_width\":\"65\",\"icon_height\":\"65\",\"status\":\"1\",\"sort_order\":\"\"},{\"is_open\":false,\"section_title\":[],\"text\":{\"1\":\"<h2>All Google Fonts<\\/h2>\\n\\n<p>We&#39;ve added the entire Google fonts library into an intuitive interface with support for live preview and custom font subsets so you only load what you need and nothing else. Choose from over 650 fonts and apply them to nearly every element on the page.<\\/p>\\n\\n<p><a href=\\\"https:\\/\\/www.google.com\\/fonts\\\" target=\\\"_blank\\\"><strong>Google Fonts<\\/strong><\\/a><\\/p>\\n\"},\"text_align\":\"center\",\"icon_status\":\"1\",\"icon_position\":\"top\",\"icon\":{\"options\":{\"font_size\":\"28px\",\"color\":{\"value\":{\"color\":\"rgb(43, 176, 227)\"}},\"left\":\"1\",\"top\":\"1\"},\"icon_type\":\"icon\",\"icon\":{\"icon\":\"&#xe60d;\",\"class\":\"ampersand\"}},\"icon_border\":{\"value\":{\"border_rounded\":\"px\",\"border_type\":\"solid\",\"border_radius_unit\":\"%\",\"border\":{\"value\":\"\"},\"border_top\":{\"value\":\"\"},\"border_right\":{\"value\":\"\"},\"border_bottom\":{\"value\":\"\"},\"border_left\":{\"value\":\"\"},\"border_radius\":{\"value\":{\"text\":\"50\"}},\"border_radius_top\":{\"value\":\"\"},\"border_radius_right\":{\"value\":\"\"},\"border_radius_left\":{\"value\":\"\"},\"border_radius_bottom\":{\"value\":\"\"}}},\"icon_bg_color\":{\"value\":{\"color\":\"rgb(68, 67, 73)\"}},\"icon_width\":\"65\",\"icon_height\":\"65\",\"status\":\"0\",\"sort_order\":\"\"},{\"is_open\":false,\"section_title\":[],\"text\":{\"1\":\"<h2>Unlimited Colors<\\/h2>\\n\\n<p>The most advanced color picker is built into the Journal admin. You can apply full or semi-transparency to any element. The color picker widget also offers a handy color palette which allows you to quickly access pre-saved colors with a single click.&nbsp;<\\/p>\\n\\n<p><a href=\\\"#\\\"><strong>See theme features<\\/strong><\\/a><\\/p>\\n\"},\"text_align\":\"center\",\"icon_status\":\"1\",\"icon_position\":\"top\",\"icon\":{\"options\":{\"font_size\":\"27px\",\"color\":{\"value\":{\"color\":\"rgb(241, 196, 15)\"}},\"top\":\"-1\",\"left\":\"-1\"},\"icon_type\":\"icon\",\"icon\":{\"icon\":\"&#xe656;\",\"class\":\"leaf\"}},\"icon_border\":{\"value\":{\"border_rounded\":\"px\",\"border_type\":\"solid\",\"border_radius_unit\":\"%\",\"border\":{\"value\":\"\"},\"border_top\":{\"value\":\"\"},\"border_right\":{\"value\":\"\"},\"border_bottom\":{\"value\":\"\"},\"border_left\":{\"value\":\"\"},\"border_radius\":{\"value\":{\"text\":\"50\"}},\"border_radius_top\":{\"value\":\"\"},\"border_radius_right\":{\"value\":\"\"},\"border_radius_left\":{\"value\":\"\"},\"border_radius_bottom\":{\"value\":\"\"}}},\"icon_bg_color\":{\"value\":{\"color\":\"rgb(68, 67, 73)\"}},\"icon_width\":\"65\",\"icon_height\":\"65\",\"status\":\"0\",\"sort_order\":\"\"},{\"is_open\":false,\"section_title\":[],\"text\":{\"1\":\"<h2>Out-of-this-world Admin<\\/h2>\\n\\n<p>Nowadays every theme claims to have the best and most powerful admin. Truth is, no other theme can come even close to the <strong><a href=\\\"https:\\/\\/journal.digital-atelier.com\\/v2\\/1\\/admin\\/index.php?route=module\\/journal2\\\" target=\\\"_blank\\\">Journal Admin<\\/a><\\/strong>. Over 1000 customizable options, 16 multi-purpose modules built in and powerful fluid grid layouts are just the tip of the iceberg.<\\/p>\\n\\n<p><span style=\\\"line-height: 1.6;\\\"><a href=\\\"#\\\" style=\\\"font-weight: bold; line-height: 1.6;\\\">See theme features<\\/a><\\/span><\\/p>\\n\"},\"text_align\":\"center\",\"icon_status\":\"1\",\"icon_position\":\"top\",\"icon\":{\"options\":{\"font_size\":\"28px\",\"color\":{\"value\":{\"color\":\"rgb(76, 179, 86)\"}},\"top\":\"-1\",\"left\":\"\"},\"icon_type\":\"icon\",\"icon\":{\"icon\":\"&#xe6a7;\",\"class\":\"settings\"}},\"icon_border\":{\"value\":{\"border_rounded\":\"px\",\"border_type\":\"solid\",\"border_radius_unit\":\"%\",\"border\":{\"value\":\"\"},\"border_top\":{\"value\":\"\"},\"border_right\":{\"value\":\"\"},\"border_bottom\":{\"value\":\"\"},\"border_left\":{\"value\":\"\"},\"border_radius\":{\"value\":{\"text\":\"50\"}},\"border_radius_top\":{\"value\":\"\"},\"border_radius_right\":{\"value\":\"\"},\"border_radius_left\":{\"value\":\"\"},\"border_radius_bottom\":{\"value\":\"\"}}},\"icon_bg_color\":{\"value\":{\"color\":\"rgb(68, 67, 73)\"}},\"icon_width\":\"65\",\"icon_height\":\"65\",\"status\":\"0\",\"sort_order\":\"\"}],\"general_is_open\":false,\"top_bottom_is_open\":false,\"content_align\":\"center\",\"margin\":\"none\",\"close_others\":true}'),(76,'journal2_product_tabs','{\"module_name\":\"Free Shipping\",\"name\":{\"value\":{\"1\":\"Free Shipping\",\"2\":\"\"}},\"icon_status\":\"1\",\"icon\":{\"options\":{\"font_size\":\"18px\",\"color\":{\"value\":{\"color\":\"rgb(255, 255, 255)\"}},\"left\":\"\"},\"icon_type\":\"icon\",\"icon\":{\"icon\":\"&#xe659;\",\"class\":\"airplane\"}},\"icon_border\":{\"value\":{\"border_rounded\":\"px\",\"border_type\":\"solid\",\"border_radius_unit\":\"px\",\"border\":{\"value\":\"\"},\"border_top\":{\"value\":\"\"},\"border_right\":{\"value\":\"\"},\"border_bottom\":{\"value\":\"\"},\"border_left\":{\"value\":\"\"},\"border_radius\":{\"value\":{\"text\":\"50\"}},\"border_radius_top\":{\"value\":\"\"},\"border_radius_right\":{\"value\":\"\"},\"border_radius_left\":{\"value\":\"\"},\"border_radius_bottom\":{\"value\":\"\"}}},\"icon_bg_color\":{\"value\":{\"color\":\"rgb(176, 158, 102)\"}},\"icon_width\":\"40\",\"icon_height\":\"40\",\"content\":{\"1\":\"<p>This product qualifies for free air shipping.<\\/p>\\n\"},\"global\":\"1\",\"products\":[],\"status\":\"1\",\"sort_order\":\"1\",\"position\":\"desc\",\"option_position\":\"top\"}'),(33,'journal2_headline_rotator','{\"module_name\":\"Main Title Under Slider\",\"transition_delay\":\"5000\",\"headline_rotator_height\":\"\",\"pause_on_hover\":\"1\",\"text_font\":{\"value\":{\"font_type\":\"google\",\"font_size\":\"28px\",\"font_name\":\"Playfair Display\",\"font_weight\":\"regular\",\"font_style\":\"normal\",\"text_transform\":\"none\",\"color\":{\"value\":{\"color\":\"rgb(255, 255, 255)\"}},\"font_subset\":[\"latin\"],\"font_family\":\"Helvetica, Arial, sans-serif\",\"v\":\"2\",\"font_size_mobile\":\"20px\"}},\"text_background\":{\"value\":{\"bgimage_attach\":\"scroll\",\"bgimage_repeat\":\"repeat\",\"bgimage_position\":\"center top\",\"bgcolor\":{\"value\":{\"color\":\"\"}},\"use_gradient\":0,\"bgimage_size\":\"auto\"}},\"text_align\":\"center\",\"bullets\":\"0\",\"bullets_position\":\"right\",\"top_bottom_placement\":0,\"background\":{\"value\":{\"bgimage\":{\"value\":{\"image\":\"\"}},\"bgimage_attach\":\"scroll\",\"bgcolor\":{\"value\":{\"color\":\"rgb(56, 56, 56)\"}},\"bgimage_repeat\":\"repeat\",\"bgimage_position\":\"center top\",\"use_gradient\":0,\"bgimage_size\":\"auto\"}},\"fullwidth\":\"0\",\"margin_top\":\"10\",\"margin_bottom\":\"15\",\"sections\":[{\"is_open\":true,\"name\":\"\",\"text\":{\"value\":{\"1\":\"Journal 2 is here and it\'s better than ever!\",\"2\":\"\"}},\"icon\":{\"options\":{\"font_size\":\"20px\",\"color\":{\"value\":{\"color\":\"rgb(255, 255, 255)\"}}},\"icon_type\":\"none\",\"icon\":{\"icon\":\"&#xe0ad;\",\"class\":\"truck3\"}},\"cta\":\"1\",\"cta_link\":{\"menu_type\":\"custom\",\"menu_item\":{\"url\":\"http:\\/\\/themeforest.net\\/item\\/journal-premium-responsive-opencart-theme\\/4260361?ref=DigitalAtelier\"}},\"cta_icon\":{\"options\":{\"font_size\":\"17px\",\"color\":{\"value\":{\"color\":\"rgb(255, 255, 255)\"}},\"top\":\"-1\"},\"icon_type\":\"none\",\"icon\":{\"icon\":\"&#xe608;\",\"class\":\"arrow-right\"}},\"cta_icon_position\":\"right\",\"cta_new_window\":\"1\",\"cta_text\":{\"value\":{\"1\":\"Buy Theme\",\"2\":\"\"}},\"cta_position\":\"right\",\"cta_offset_top\":\"2\",\"cta_offset_left\":\"15\",\"status\":\"1\",\"sort_order\":\"\"},{\"is_open\":true,\"name\":\"\",\"text\":{\"value\":{\"1\":\"This is the Headline Rotator, you can put it on any page\",\"2\":\"\"}},\"icon\":{\"options\":{\"font_size\":\"16px\"}},\"cta\":\"1\",\"cta_link\":{\"menu_type\":\"custom\",\"menu_item\":{\"url\":\"http:\\/\\/journal.digital-atelier.com\"}},\"cta_icon\":{\"options\":{\"font_size\":\"17px\",\"color\":{\"value\":{\"color\":\"rgb(255, 255, 255)\"}},\"top\":\"-1\"},\"icon_type\":\"none\",\"icon\":{\"icon\":\"&#xe608;\",\"class\":\"arrow-right\"}},\"cta_icon_position\":\"right\",\"cta_new_window\":\"1\",\"cta_text\":{\"value\":{\"1\":\"See All Demos\",\"2\":\"\"}},\"cta_position\":\"right\",\"cta_offset_top\":\"2\",\"cta_offset_left\":\"15\",\"status\":\"1\",\"sort_order\":\"\"},{\"is_open\":true,\"name\":\"\",\"text\":{\"value\":{\"1\":\"Use it for news, promo messages, etc. Or just remove it.\",\"2\":\"\"}},\"icon\":{\"options\":{\"font_size\":\"16px\"}},\"cta\":\"0\",\"cta_link\":{\"menu_type\":\"custom\",\"menu_item\":[]},\"cta_icon\":{\"options\":{\"font_size\":\"16px\"}},\"cta_icon_position\":\"right\",\"cta_new_window\":\"0\",\"cta_text\":{\"value\":{\"1\":\"\",\"2\":\"\"}},\"cta_position\":\"right\",\"cta_offset_top\":\"\",\"cta_offset_left\":\"\",\"status\":\"1\",\"sort_order\":\"\"}],\"enable_on_phone\":\"0\",\"enable_on_tablet\":\"1\",\"enable_on_desktop\":\"1\",\"general_is_open\":true,\"top_bottom_is_open\":true,\"disable_mobile\":\"1\",\"bullets_color\":\"\",\"bullets_hover_color\":\"\",\"margin\":\"both\"}'),(61,'journal2_custom_sections','{\"module_name\":\"Fashion Categories\",\"module_type\":\"product\",\"items_per_row\":{\"range\":\"1,8\",\"step\":\"1\",\"value\":{\"mobile\":{\"value\":\"2\",\"range\":\"1,8\",\"step\":\"1\"},\"mobile1\":{\"value\":\"3\",\"range\":\"1,8\",\"step\":\"1\"},\"tablet\":{\"value\":\"4\",\"range\":\"1,8\",\"step\":\"1\"},\"tablet1\":{\"value\":\"3\",\"range\":\"1,8\",\"step\":\"1\"},\"tablet2\":{\"value\":\"2\",\"range\":\"1,8\",\"step\":\"1\"},\"desktop\":{\"value\":\"5\",\"range\":\"1,8\",\"step\":\"1\"},\"desktop1\":{\"value\":\"4\",\"range\":\"1,8\",\"step\":\"1\"},\"desktop2\":{\"value\":\"3\",\"range\":\"1,8\",\"step\":\"1\"},\"large_desktop\":{\"value\":\"5\",\"range\":\"1,8\",\"step\":\"1\"},\"large_desktop1\":{\"value\":\"5\",\"range\":\"1,8\",\"step\":\"1\"},\"large_desktop2\":{\"value\":\"4\",\"range\":\"1,8\",\"step\":\"1\"}}},\"top_bottom_placement\":0,\"background\":{\"value\":{\"bgimage_attach\":\"scroll\",\"bgimage_repeat\":\"no-repeat\",\"bgimage_position\":\"center\",\"bgimage\":{\"value\":{\"image\":\"\"}},\"bgcolor\":{\"value\":{\"color\":\"\"}}}},\"disable_mobile\":\"0\",\"fullwidth\":\"0\",\"margin_top\":\"20\",\"margin_bottom\":\"\",\"show_title\":\"1\",\"brand_name\":\"1\",\"image_border\":{\"value\":{\"border_rounded\":\"px\",\"border_type\":\"solid\",\"border_radius_unit\":\"px\",\"border\":{\"value\":\"\"},\"border_top\":{\"value\":\"\"},\"border_right\":{\"value\":\"\"},\"border_bottom\":{\"value\":\"\"},\"border_left\":{\"value\":\"\"},\"border_radius\":{\"value\":{\"text\":\"\"}},\"border_radius_top\":{\"value\":\"\"},\"border_radius_right\":{\"value\":\"\"},\"border_radius_left\":{\"value\":\"\"},\"border_radius_bottom\":{\"value\":\"\"}}},\"image_bgcolor\":{\"value\":{\"color\":\"\"}},\"image_width\":\"\",\"image_height\":\"\",\"image_type\":\"fit\",\"product_sections\":[{\"is_open\":true,\"section_title\":{\"value\":{\"1\":\"Accesories\",\"2\":\"\"}},\"section_type\":\"category\",\"status\":\"1\",\"default_section\":\"1\",\"sort_order\":\"\",\"products\":[],\"category\":{\"data\":{\"id\":\"105\",\"name\":\"Fashion &gt; Accesories\"}},\"items_limit\":\"5\",\"module_type\":\"bestsellers\",\"link\":{\"menu_type\":\"custom\",\"url\":\"\"},\"new_window\":\"0\",\"random_from\":\"all\",\"filter_category\":\"1\"},{\"is_open\":true,\"section_title\":{\"value\":{\"1\":\"Beauty\",\"2\":\"\"}},\"section_type\":\"category\",\"status\":\"1\",\"default_section\":\"0\",\"sort_order\":\"\",\"products\":[],\"category\":{\"data\":{\"id\":\"109\",\"name\":\"Fashion &gt; Beauty\"}},\"items_limit\":\"5\",\"module_type\":\"bestsellers\",\"link\":{\"menu_type\":\"custom\",\"url\":\"\"},\"new_window\":\"0\",\"random_from\":\"all\",\"filter_category\":\"1\"},{\"is_open\":true,\"section_title\":{\"value\":{\"1\":\"Shoes\",\"2\":\"\"}},\"section_type\":\"category\",\"status\":\"1\",\"default_section\":\"0\",\"sort_order\":\"\",\"products\":[],\"category\":{\"data\":{\"id\":\"111\",\"name\":\"Fashion &gt; Shoes\"}},\"items_limit\":\"5\",\"module_type\":\"featured\",\"link\":{\"menu_type\":\"custom\",\"url\":\"\"},\"new_window\":\"0\",\"random_from\":\"all\",\"filter_category\":\"1\"},{\"is_open\":true,\"section_title\":{\"value\":{\"1\":\"Tops\",\"2\":\"\"}},\"section_type\":\"category\",\"status\":\"1\",\"default_section\":\"0\",\"sort_order\":\"\",\"products\":[],\"category\":{\"data\":{\"id\":\"108\",\"name\":\"Tops\"}},\"items_limit\":\"5\",\"module_type\":\"featured\",\"link\":{\"menu_type\":\"custom\",\"url\":\"\"},\"new_window\":\"0\",\"random_from\":\"all\",\"filter_category\":\"1\"},{\"is_open\":true,\"section_title\":{\"value\":{\"1\":\"Custom\",\"2\":\"\"}},\"section_type\":\"custom\",\"status\":\"1\",\"default_section\":\"0\",\"sort_order\":\"\",\"products\":[{\"data\":{\"id\":\"67\",\"name\":\"Floral Top\"}},{\"data\":{\"id\":\"84\",\"name\":\"London Tweed Coat\"}},{\"data\":{\"id\":\"75\",\"name\":\"Jeweled Strapless Dress\"}},{\"data\":{\"id\":\"73\",\"name\":\"Midi Black Dress\"}},{\"data\":{\"id\":\"66\",\"name\":\"Mixed Pearls Necklace\"}}],\"category\":\"\",\"items_limit\":5,\"module_type\":\"featured\",\"link\":{\"menu_type\":\"category\",\"url\":\"\",\"menu_item\":{\"id\":\"59\",\"name\":\"Fashion\"}},\"new_window\":\"0\",\"random_from\":\"all\",\"filter_category\":\"1\"},{\"is_open\":true,\"section_title\":{\"value\":{\"1\":\"View All...\",\"2\":\"\"}},\"section_type\":\"link\",\"status\":\"1\",\"default_section\":\"0\",\"sort_order\":\"\",\"products\":[],\"category\":\"\",\"items_limit\":5,\"module_type\":\"featured\",\"link\":{\"menu_type\":\"category\",\"url\":\"\",\"menu_item\":{\"id\":\"59\",\"name\":\"Fashion\"}},\"new_window\":\"0\",\"random_from\":\"all\",\"filter_category\":\"1\"}],\"category_sections\":[],\"manufacturer_sections\":[],\"general_is_open\":true,\"top_bottom_is_open\":true,\"margin\":\"none\"}'),(37,'journal2_product_tabs','{\"module_name\":\"Video\",\"name\":{\"value\":{\"1\":\"Responsive Video\",\"2\":\"\"}},\"icon_status\":\"0\",\"icon\":{\"options\":{\"font_size\":\"16px\"}},\"icon_border\":{\"value\":{\"border_rounded\":\"px\"}},\"icon_bg_color\":\"\",\"icon_width\":\"\",\"icon_height\":\"\",\"content\":[null,\"<div class=\\\"responsive-video\\\"><iframe allowfullscreen=\\\"\\\" frameborder=\\\"0\\\" height=\\\"315\\\" src=\\\"\\/\\/www.youtube.com\\/embed\\/5CdgftzjMSA\\\" width=\\\"560\\\"><\\/iframe><\\/div>\\n\",\"\"],\"global\":1,\"products\":[],\"status\":1,\"sort_order\":\"\",\"position\":\"tab\",\"option_position\":\"top\"}'),(73,'journal2_product_tabs','{\"module_name\":\"Tabs\",\"name\":{\"value\":{\"1\":\"Custom Tab\",\"2\":\"\"}},\"content\":{\"1\":\"<p>Lorem ipsum dolor sit amet, consectetur adipiscing elit. Aliquam iaculis egestas laoreet. Etiam faucibus massa sed risus lacinia in vulputate dolor imperdiet. Curabitur pharetra, purus a commodo dignissim, sapien nulla tempus nisi, et varius nulla urna at arcu.Lorem ipsum dolor sit amet, consectetur adipiscing elit. Aliquam iaculis egestas laoreet. Etiam faucibus massa sed risus lacinia in vulputate dolor imperdiet. Curabitur pharetra, purus a commodo dignissim, sapien nulla tempus nisi, et varius nulla urna at arcuLorem ipsum dolor sit amet, consectetur adipiscing elit. Aliquam iaculis egestas laoreet. Etiam faucibus massa sed risus lacinia in vulputate dolor imperdiet. Curabitur pharetra, purus a commodo dignissim, sapien nulla tempus nisi, et varius nulla urna at arcu.&nbsp;<\\/p>\\n\"},\"global\":1,\"products\":[],\"status\":1,\"sort_order\":\"\",\"position\":\"tab\",\"option_position\":\"top\"}'),(95,'journal2_headline_rotator','{\"module_name\":\"Shop by Category\",\"transition_delay\":\"4000\",\"headline_rotator_height\":\"\",\"pause_on_hover\":\"1\",\"text_font\":{\"value\":{\"font_type\":\"google\",\"font_size\":\"30px\",\"font_family\":\"Helvetica, Arial, sans-serif\",\"font_name\":\"Playfair Display\",\"font_weight\":\"italic\",\"font_style\":\"italic\",\"letter_spacing\":\"\",\"text_transform\":\"none\",\"font_subset\":[\"latin\"]}},\"text_background\":{\"value\":{\"bgimage_attach\":\"scroll\",\"bgimage_repeat\":\"repeat\",\"bgimage_position\":\"center top\",\"use_gradient\":0,\"bgimage_size\":\"auto\"}},\"text_align\":\"center\",\"bullets\":\"0\",\"bullets_position\":\"center\",\"top_bottom_placement\":0,\"background\":{\"value\":{\"bgimage_attach\":\"scroll\",\"use_gradient\":0,\"bgimage_size\":\"auto\",\"bgimage_position\":\"center top\"}},\"fullwidth\":\"0\",\"margin_top\":\"20\",\"margin_bottom\":\"\",\"sections\":[{\"is_open\":true,\"name\":\"\",\"text\":{\"value\":{\"1\":\"Shop by Category\",\"2\":\"\"}},\"icon\":{\"options\":{\"font_size\":\"16px\"}},\"cta\":\"0\",\"cta_link\":{\"menu_type\":\"custom\",\"menu_item\":[]},\"cta_icon\":{\"options\":{\"font_size\":\"16px\"}},\"cta_icon_position\":\"right\",\"cta_new_window\":\"0\",\"cta_text\":{\"value\":{\"1\":\"\",\"2\":\"\",\"4\":\"\"}},\"cta_position\":\"center\",\"cta_offset_top\":\"\",\"cta_offset_left\":\"\",\"status\":\"1\",\"sort_order\":\"\"}],\"enable_on_phone\":\"1\",\"enable_on_tablet\":\"1\",\"enable_on_desktop\":\"1\",\"general_is_open\":true,\"top_bottom_is_open\":true,\"disable_mobile\":\"1\"}'),(74,'journal2_product_tabs','{\"module_name\":\"Image\",\"name\":{\"value\":{\"1\":\"Custom Blocks\",\"2\":\"\"}},\"icon_status\":\"0\",\"icon\":{\"options\":{\"font_size\":\"16px\"}},\"icon_border\":{\"value\":{\"border_rounded\":\"px\"}},\"icon_bg_color\":\"\",\"icon_width\":\"\",\"icon_height\":\"\",\"content\":{\"1\":\"<p>Create unlimited custom blocks with any HTML content. You can add blocks to ALL products at once or individually on just the ones you need.<\\/p>\\n\"},\"global\":1,\"products\":[],\"status\":1,\"sort_order\":\"\",\"position\":\"image\",\"option_position\":\"bottom\"}'),(112,'journal2_simple_slider','{\"module_name\":\"side-banner\",\"height\":\"320\",\"transition\":\"coverflow\",\"transition_speed\":\"700\",\"autoplay\":\"1\",\"pause_on_hover\":\"1\",\"transition_delay\":3000,\"touch_drag\":\"1\",\"preload_images\":\"1\",\"arrows\":\"0\",\"bullets\":\"1\",\"show_on_hover\":\"1\",\"background\":{\"value\":{\"bgimage_attach\":\"scroll\",\"use_gradient\":0,\"bgimage_size\":\"auto\",\"bgimage_position\":\"center top\"}},\"margin_top\":\"\",\"margin_bottom\":\"\",\"slides\":[{\"is_open\":true,\"slide_name\":\"\",\"image\":{\"1\":\"data\\/journal2\\/banners\\/side-1.jpg\"},\"link\":{\"menu_type\":\"custom\",\"menu_item\":[]},\"link_new_window\":\"0\",\"status\":1,\"sort_order\":\"\"},{\"is_open\":true,\"slide_name\":\"\",\"image\":{\"1\":\"data\\/journal2\\/banners\\/side-2.jpg\"},\"link\":{\"menu_type\":\"custom\",\"menu_item\":[]},\"link_new_window\":\"0\",\"status\":1,\"sort_order\":\"\"}],\"enable_on_phone\":\"1\",\"enable_on_tablet\":\"1\",\"enable_on_desktop\":\"1\",\"general_is_open\":true,\"navigation_is_open\":true,\"hideonmobile\":\"0\"}'),(79,'journal2_static_banners','{\"module_name\":\"Demo 4 - Mid\",\"module_title\":{\"value\":{\"1\":\"\",\"2\":\"\"}},\"items_per_row\":{\"range\":\"1,8\",\"step\":\"1\",\"value\":{\"mobile\":{\"value\":\"1\",\"range\":\"1,8\",\"step\":\"1\"},\"mobile1\":{\"value\":\"1\",\"range\":\"1,8\",\"step\":\"1\"},\"tablet\":{\"value\":\"1\",\"range\":\"1,8\",\"step\":\"1\"},\"tablet1\":{\"value\":\"1\",\"range\":\"1,8\",\"step\":\"1\"},\"tablet2\":{\"value\":\"1\",\"range\":\"1,8\",\"step\":\"1\"},\"desktop\":{\"value\":\"1\",\"range\":\"1,8\",\"step\":\"1\"},\"desktop1\":{\"value\":\"1\",\"range\":\"1,8\",\"step\":\"1\"},\"desktop2\":{\"value\":\"1\",\"range\":\"1,8\",\"step\":\"1\"},\"large_desktop\":{\"value\":\"1\",\"range\":\"1,8\",\"step\":\"1\"},\"large_desktop1\":{\"value\":\"1\",\"range\":\"1,8\",\"step\":\"1\"},\"large_desktop2\":{\"value\":\"1\",\"range\":\"1,8\",\"step\":\"1\"}}},\"background\":{\"value\":{\"bgimage_attach\":\"scroll\"}},\"bgcolor\":{\"value\":{\"color\":\"rgba(0, 0, 0, 0.4)\"}},\"icon\":{\"options\":{\"font_size\":\"35px\",\"color\":{\"value\":{\"color\":\"rgb(255, 255, 255)\"}}},\"icon_type\":\"icon\",\"icon\":{\"icon\":\"&#xe648;\",\"class\":\"link\"}},\"disable_mobile\":\"0\",\"fullwidth\":\"0\",\"margin_top\":\"\",\"margin_bottom\":\"\",\"image_border\":{\"value\":{\"border_rounded\":\"px\"}},\"sections\":[{\"is_open\":true,\"image\":\"data\\/journal2\\/misc\\/med.jpg\",\"link\":{\"menu_type\":\"category\",\"menu_item\":{\"id\":\"59\",\"name\":\"Fashion\"}},\"link_new_window\":\"0\",\"status\":\"1\",\"sort_order\":\"\"}],\"general_is_open\":true,\"top_bottom_is_open\":true}'),(105,'journal2_static_banners','{\"module_name\":\"Left 1\",\"module_title\":{\"value\":{\"1\":\"\",\"2\":\"\"}},\"items_per_row\":{\"range\":\"1,10\",\"step\":\"1\",\"value\":{\"mobile\":{\"value\":\"1\",\"range\":\"1,10\",\"step\":\"1\"},\"mobile1\":{\"value\":\"1\",\"range\":\"1,10\",\"step\":\"1\"},\"tablet\":{\"value\":\"1\",\"range\":\"1,10\",\"step\":\"1\"},\"tablet1\":{\"value\":\"1\",\"range\":\"1,10\",\"step\":\"1\"},\"tablet2\":{\"value\":\"1\",\"range\":\"1,10\",\"step\":\"1\"},\"desktop\":{\"value\":\"1\",\"range\":\"1,10\",\"step\":\"1\"},\"desktop1\":{\"value\":\"1\",\"range\":\"1,10\",\"step\":\"1\"},\"desktop2\":{\"value\":\"1\",\"range\":\"1,10\",\"step\":\"1\"},\"large_desktop\":{\"value\":\"1\",\"range\":\"1,10\",\"step\":\"1\"},\"large_desktop1\":{\"value\":\"1\",\"range\":\"1,10\",\"step\":\"1\"},\"large_desktop2\":{\"value\":\"1\",\"range\":\"1,10\",\"step\":\"1\"}}},\"background\":{\"value\":{\"bgimage_attach\":\"scroll\"}},\"bgcolor\":{\"value\":{\"color\":\"rgba(0, 0, 0, 0.4)\"}},\"icon\":{\"options\":{\"font_size\":\"30px\",\"color\":{\"value\":{\"color\":\"rgb(255, 255, 255)\"}}},\"icon_type\":\"icon\",\"icon\":{\"icon\":\"&#xe094;\",\"class\":\"circle-arrow-right2\"}},\"disable_mobile\":\"0\",\"fullwidth\":\"0\",\"margin_top\":\"\",\"margin_bottom\":\"\",\"image_border\":{\"value\":{\"border_rounded\":\"px\"}},\"sections\":[{\"is_open\":true,\"image\":\"data\\/journal2\\/misc\\/bl-1.jpg\",\"link\":{\"menu_type\":\"category\",\"menu_item\":{\"id\":\"105\",\"name\":\"Fashion &gt; Accesories\"}},\"link_new_window\":\"0\",\"status\":\"1\",\"sort_order\":\"\"}],\"general_is_open\":true,\"top_bottom_is_open\":true}'),(116,'journal2_static_banners','{\"module_name\":\"Right\",\"module_title\":{\"value\":{\"1\":\"\",\"2\":\"\"}},\"items_per_row\":{\"range\":\"1,10\",\"step\":\"1\",\"value\":{\"mobile\":{\"value\":\"1\",\"range\":\"1,10\",\"step\":\"1\"},\"mobile1\":{\"value\":\"1\",\"range\":\"1,10\",\"step\":\"1\"},\"tablet\":{\"value\":\"1\",\"range\":\"1,10\",\"step\":\"1\"},\"tablet1\":{\"value\":\"1\",\"range\":\"1,10\",\"step\":\"1\"},\"tablet2\":{\"value\":\"1\",\"range\":\"1,10\",\"step\":\"1\"},\"desktop\":{\"value\":\"1\",\"range\":\"1,10\",\"step\":\"1\"},\"desktop1\":{\"value\":\"1\",\"range\":\"1,10\",\"step\":\"1\"},\"desktop2\":{\"value\":\"1\",\"range\":\"1,10\",\"step\":\"1\"},\"large_desktop\":{\"value\":\"1\",\"range\":\"1,10\",\"step\":\"1\"},\"large_desktop1\":{\"value\":\"1\",\"range\":\"1,10\",\"step\":\"1\"},\"large_desktop2\":{\"value\":\"1\",\"range\":\"1,10\",\"step\":\"1\"}}},\"background\":{\"value\":{\"bgimage_attach\":\"scroll\"}},\"bgcolor\":{\"value\":{\"color\":\"rgba(0, 0, 0, 0.4)\"}},\"icon\":{\"options\":{\"font_size\":\"40px\",\"color\":{\"value\":{\"color\":\"rgb(255, 255, 255)\"}}},\"icon_type\":\"icon\",\"icon\":{\"icon\":\"&#xe094;\",\"class\":\"circle-arrow-right2\"}},\"disable_mobile\":\"0\",\"fullwidth\":\"0\",\"margin_top\":\"\",\"margin_bottom\":\"\",\"image_border\":{\"value\":{\"border_rounded\":\"px\"}},\"sections\":[{\"is_open\":true,\"image\":\"data\\/journal2\\/misc\\/br.jpg\",\"link\":{\"menu_type\":\"custom\",\"menu_item\":{\"url\":\"#\"}},\"link_new_window\":\"0\",\"status\":\"1\",\"sort_order\":\"\"}],\"general_is_open\":true,\"top_bottom_is_open\":true}'),(225,'journal2_carousel','{\"module_name\":\"New Arrivals\",\"module_type\":\"product\",\"items_per_row\":{\"range\":\"1,10\",\"step\":\"1\",\"value\":{\"mobile\":{\"value\":\"2\",\"range\":\"1,10\",\"step\":\"1\"},\"mobile1\":{\"value\":\"2\",\"range\":\"1,10\",\"step\":\"1\"},\"tablet\":{\"value\":\"3\",\"range\":\"1,10\",\"step\":\"1\"},\"tablet1\":{\"value\":\"2\",\"range\":\"1,10\",\"step\":\"1\"},\"tablet2\":{\"value\":\"1\",\"range\":\"1,10\",\"step\":\"1\"},\"desktop\":{\"value\":\"4\",\"range\":\"1,10\",\"step\":\"1\"},\"desktop1\":{\"value\":\"3\",\"range\":\"1,10\",\"step\":\"1\"},\"desktop2\":{\"value\":\"2\",\"range\":\"1,10\",\"step\":\"1\"},\"large_desktop\":{\"value\":\"5\",\"range\":\"1,10\",\"step\":\"1\"},\"large_desktop1\":{\"value\":\"4\",\"range\":\"1,10\",\"step\":\"1\"},\"large_desktop2\":{\"value\":\"4\",\"range\":\"1,10\",\"step\":\"1\"}}},\"module_background\":{\"value\":{\"bgimage_attach\":\"scroll\",\"use_gradient\":0,\"bgimage_size\":\"auto\",\"bgimage_position\":\"center top\"}},\"module_padding\":\"0\",\"arrows\":\"top\",\"bullets\":1,\"top_bottom_placement\":0,\"background\":{\"value\":{\"bgimage_attach\":\"scroll\",\"use_gradient\":0,\"bgimage_size\":\"auto\",\"bgimage_position\":\"center top\"}},\"fullwidth\":\"0\",\"margin_top\":\"\",\"margin_bottom\":\"\",\"spacing\":\"\",\"show_title\":\"1\",\"brand_name\":\"1\",\"autoplay\":\"0\",\"pause_on_hover\":\"1\",\"transition_speed\":\"400\",\"transition_delay\":\"3000\",\"touch_drag\":\"0\",\"image_border\":{\"value\":{\"border_rounded\":\"px\"}},\"image_bgcolor\":\"\",\"image_width\":\"\",\"image_height\":\"\",\"image_type\":\"fit\",\"product_sections\":[{\"is_open\":true,\"section_title\":{\"value\":{\"1\":\"New Arrivals\",\"2\":\"\"}},\"section_type\":\"module\",\"status\":\"1\",\"default_section\":\"0\",\"sort_order\":\"\",\"products\":[],\"category\":\"\",\"items_limit\":\"6\",\"module_type\":\"latest\",\"filter_category\":\"0\",\"link\":{\"menu_type\":\"custom\",\"url\":\"\",\"menu_item\":[]},\"new_window\":\"0\",\"random_from\":\"all\"}],\"category_sections\":[],\"manufacturer_sections\":[],\"enable_on_phone\":\"1\",\"enable_on_tablet\":\"1\",\"enable_on_desktop\":\"1\",\"general_is_open\":true,\"top_bottom_is_open\":true,\"disable_mobile\":\"0\"}'),(111,'journal2_carousel','{\"module_name\":\"Related Products\",\"module_type\":\"product\",\"items_per_row\":{\"range\":\"1,10\",\"step\":\"1\",\"value\":{\"mobile\":{\"value\":\"2\",\"range\":\"1,10\",\"step\":\"1\"},\"mobile1\":{\"value\":\"2\",\"range\":\"1,10\",\"step\":\"1\"},\"tablet\":{\"value\":\"3\",\"range\":\"1,10\",\"step\":\"1\"},\"tablet1\":{\"value\":\"2\",\"range\":\"1,10\",\"step\":\"1\"},\"tablet2\":{\"value\":\"1\",\"range\":\"1,10\",\"step\":\"1\"},\"desktop\":{\"value\":\"4\",\"range\":\"1,10\",\"step\":\"1\"},\"desktop1\":{\"value\":\"3\",\"range\":\"1,10\",\"step\":\"1\"},\"desktop2\":{\"value\":\"2\",\"range\":\"1,10\",\"step\":\"1\"},\"large_desktop\":{\"value\":\"5\",\"range\":\"1,10\",\"step\":\"1\"},\"large_desktop1\":{\"value\":\"4\",\"range\":\"1,10\",\"step\":\"1\"},\"large_desktop2\":{\"value\":\"4\",\"range\":\"1,10\",\"step\":\"1\"}}},\"module_background\":{\"value\":{\"bgimage_attach\":\"scroll\",\"use_gradient\":0,\"bgimage_size\":\"auto\",\"bgimage_position\":\"center top\"}},\"module_padding\":\"0\",\"arrows\":\"top\",\"bullets\":1,\"top_bottom_placement\":0,\"background\":{\"value\":{\"bgimage_attach\":\"scroll\",\"use_gradient\":0,\"bgimage_size\":\"auto\",\"bgimage_position\":\"center top\"}},\"fullwidth\":\"0\",\"margin_top\":\"10\",\"margin_bottom\":\"\",\"spacing\":\"\",\"show_title\":\"1\",\"brand_name\":\"1\",\"autoplay\":\"1\",\"pause_on_hover\":\"1\",\"transition_speed\":\"400\",\"transition_delay\":\"3000\",\"touch_drag\":\"1\",\"image_border\":{\"value\":{\"border_rounded\":\"px\"}},\"image_bgcolor\":\"\",\"image_width\":\"\",\"image_height\":\"\",\"image_type\":\"fit\",\"product_sections\":[{\"is_open\":true,\"section_title\":{\"value\":{\"1\":\"Related Products\",\"2\":\"\"}},\"section_type\":\"module\",\"status\":\"1\",\"default_section\":\"0\",\"sort_order\":\"\",\"products\":[],\"category\":{\"data\":{\"id\":\"111\",\"name\":\"Fashion &gt; Shoes\"}},\"items_limit\":\"10\",\"module_type\":\"related\",\"link\":{\"menu_type\":\"custom\",\"url\":\"\",\"menu_item\":[]},\"new_window\":\"0\",\"random_from\":\"all\",\"filter_category\":\"1\"}],\"category_sections\":[],\"manufacturer_sections\":[],\"enable_on_phone\":\"1\",\"enable_on_tablet\":\"1\",\"enable_on_desktop\":\"1\",\"general_is_open\":true,\"top_bottom_is_open\":true,\"disable_mobile\":\"0\"}'),(211,'journal2_product_tabs','{\"module_name\":\"Options 3\",\"name\":{\"value\":{\"1\":\"Unlimited Blocks\",\"2\":\"\"}},\"icon_status\":\"1\",\"icon\":{\"options\":{\"font_size\":\"22px\",\"color\":{\"value\":{\"color\":\"rgb(255, 255, 255)\"}}},\"icon_type\":\"icon\",\"icon\":{\"icon\":\"&#xe07d;\",\"class\":\"trophy2\"}},\"icon_border\":{\"value\":{\"border_rounded\":\"px\",\"border_type\":\"solid\",\"border_radius_unit\":\"%\",\"border\":{\"value\":\"\"},\"border_top\":{\"value\":\"\"},\"border_right\":{\"value\":\"\"},\"border_bottom\":{\"value\":\"\"},\"border_left\":{\"value\":\"\"},\"border_radius\":{\"value\":{\"text\":\"50\"}},\"border_radius_top\":{\"value\":\"\"},\"border_radius_right\":{\"value\":\"\"},\"border_radius_left\":{\"value\":\"\"},\"border_radius_bottom\":{\"value\":\"\"}}},\"icon_bg_color\":{\"value\":{\"color\":\"rgb(176, 158, 102)\"}},\"icon_width\":\"40\",\"icon_height\":\"40\",\"content\":{\"1\":\"<p>There&#39;s no limit to how many blocks you can create.<\\/p>\\n\"},\"global\":1,\"products\":[],\"status\":1,\"sort_order\":\"3\",\"position\":\"desc\",\"option_position\":\"top\"}'),(100,'journal2_product_tabs','{\"module_name\":\"Coupon\",\"name\":{\"value\":{\"1\":\"\",\"2\":\"\"}},\"icon_status\":\"1\",\"icon\":{\"options\":{\"font_size\":\"22px\",\"color\":{\"value\":{\"color\":\"rgb(255, 255, 255)\"}},\"top\":\"-1\",\"left\":\"\"},\"icon_type\":\"icon\",\"icon\":{\"icon\":\"&#xe64e;\",\"class\":\"dollar\"}},\"icon_border\":{\"value\":{\"border_rounded\":\"px\",\"border_type\":\"solid\",\"border_radius_unit\":\"%\",\"border\":{\"value\":\"\"},\"border_top\":{\"value\":\"\"},\"border_right\":{\"value\":\"\"},\"border_bottom\":{\"value\":\"\"},\"border_left\":{\"value\":\"\"},\"border_radius\":{\"value\":{\"text\":\"50\"}},\"border_radius_top\":{\"value\":\"\"},\"border_radius_right\":{\"value\":\"\"},\"border_radius_left\":{\"value\":\"\"},\"border_radius_bottom\":{\"value\":\"\"}}},\"icon_bg_color\":{\"value\":{\"color\":\"rgb(51, 153, 101)\"}},\"icon_width\":\"40\",\"icon_height\":\"40\",\"content\":{\"1\":\"<h3>Additional Savings<\\/h3>\\n\\n<p>Enjoy an additional 30% off. Use code <strong>JOURNAL30<\\/strong>&nbsp;at checkout.<\\/p>\\n\"},\"global\":\"1\",\"products\":[],\"status\":\"0\",\"sort_order\":\"2\",\"position\":\"desc\",\"option_position\":\"top\"}'),(115,'journal2_advanced_grid','{\"module_name\":\"4 piece - skin4\",\"height\":\"250\",\"module_background\":{\"value\":{\"bgimage_attach\":\"scroll\",\"use_gradient\":0,\"bgimage_size\":\"auto\",\"bgimage_position\":\"center top\"}},\"module_padding\":\"0\",\"background\":{\"value\":{\"bgimage_attach\":\"scroll\",\"bgimage_repeat\":\"repeat\",\"bgimage_position\":\"center top\",\"bgcolor\":{\"value\":{\"color\":\"\"}},\"use_gradient\":0,\"bgimage_size\":\"auto\"}},\"fullwidth\":\"0\",\"margin_top\":\"20\",\"margin_bottom\":\"20\",\"grid_dimensions\":\"1\",\"module_spacing\":\"20\",\"columns\":[{\"is_open\":false,\"width\":\"25\",\"status\":1,\"sort_order\":\"\",\"modules\":[{\"is_open\":true,\"height\":\"50\",\"module_id\":\"105\",\"status\":1,\"sort_order\":\"\",\"enable_on_phone\":\"1\",\"enable_on_tablet\":\"1\",\"enable_on_desktop\":\"1\",\"disable_mobile\":\"1\"},{\"is_open\":true,\"height\":\"50\",\"module_id\":\"121\",\"status\":1,\"sort_order\":\"\",\"enable_on_phone\":\"1\",\"enable_on_tablet\":\"1\",\"enable_on_desktop\":\"1\",\"disable_mobile\":\"1\"}]},{\"is_open\":false,\"width\":\"50\",\"status\":1,\"sort_order\":\"\",\"modules\":[{\"is_open\":true,\"height\":\"100\",\"module_id\":\"79\",\"status\":1,\"sort_order\":\"\",\"enable_on_phone\":\"1\",\"enable_on_tablet\":\"1\",\"enable_on_desktop\":\"1\",\"disable_mobile\":\"0\"}]},{\"is_open\":false,\"width\":\"25\",\"status\":1,\"sort_order\":\"\",\"modules\":[{\"is_open\":true,\"height\":\"100\",\"module_id\":\"116\",\"status\":1,\"sort_order\":\"\",\"enable_on_phone\":\"1\",\"enable_on_tablet\":\"1\",\"enable_on_desktop\":\"1\",\"disable_mobile\":\"1\"}]}],\"enable_on_phone\":\"0\",\"enable_on_tablet\":\"1\",\"enable_on_desktop\":\"1\",\"general_is_open\":false,\"top_bottom_is_open\":true,\"disable_mobile\":\"0\",\"close_others\":true}'),(237,'journal2_photo_gallery','{\"module_name\":\"Photo Gallery\",\"gallery_name\":{\"value\":{\"1\":\"\",\"2\":\"\"}},\"thumbs_limit\":\"9\",\"thumbs_width\":\"\",\"thumbs_height\":\"\",\"thumbs_type\":\"crop\",\"items_per_row\":{\"range\":\"1,10\",\"step\":\"1\",\"value\":{\"mobile\":{\"value\":\"3\",\"range\":\"1,10\",\"step\":\"1\"},\"mobile1\":{\"value\":\"3\",\"range\":\"1,10\",\"step\":\"1\"},\"tablet\":{\"value\":\"5\",\"range\":\"1,10\",\"step\":\"1\"},\"tablet1\":{\"value\":\"5\",\"range\":\"1,10\",\"step\":\"1\"},\"tablet2\":{\"value\":\"4\",\"range\":\"1,10\",\"step\":\"1\"},\"desktop\":{\"value\":\"7\",\"range\":\"1,10\",\"step\":\"1\"},\"desktop1\":{\"value\":\"7\",\"range\":\"1,10\",\"step\":\"1\"},\"desktop2\":{\"value\":\"5\",\"range\":\"1,10\",\"step\":\"1\"},\"large_desktop\":{\"value\":\"7\",\"range\":\"1,10\",\"step\":\"1\"},\"large_desktop1\":{\"value\":\"7\",\"range\":\"1,10\",\"step\":\"1\"},\"large_desktop2\":{\"value\":\"5\",\"range\":\"1,10\",\"step\":\"1\"}}},\"carousel\":\"1\",\"carousel_arrows\":\"side\",\"carousel_buttons\":1,\"top_bottom_placement\":0,\"background\":{\"value\":{\"bgimage_attach\":\"scroll\",\"bgimage_repeat\":\"repeat\",\"bgimage_position\":\"center top\",\"bgcolor\":{\"value\":{\"color\":\"\"}},\"use_gradient\":0,\"bgimage_size\":\"auto\"}},\"autoplay\":\"1\",\"pause_on_hover\":\"1\",\"transition_speed\":\"400\",\"transition_delay\":\"3000\",\"touch_drag\":\"1\",\"fullwidth\":\"0\",\"margin_top\":\"20\",\"margin_bottom\":\"20\",\"image_border\":{\"value\":{\"border_rounded\":\"px\",\"border_type\":\"solid\",\"border_radius_unit\":\"%\",\"border\":{\"value\":\"\"},\"border_top\":{\"value\":\"\"},\"border_right\":{\"value\":\"\"},\"border_bottom\":{\"value\":\"\"},\"border_left\":{\"value\":\"\"},\"border_radius\":{\"value\":{\"text\":\"\"}},\"border_radius_top\":{\"value\":\"\"},\"border_radius_right\":{\"value\":\"\"},\"border_radius_left\":{\"value\":\"\"},\"border_radius_bottom\":{\"value\":\"\"}}},\"images\":[{\"is_open\":false,\"status\":\"1\",\"name\":{\"value\":{\"1\":\"Sample Caption\",\"2\":\"\",\"4\":\"\"}},\"image\":\"data\\/journal2\\/gallery\\/1.jpg\"},{\"is_open\":false,\"status\":\"1\",\"name\":{\"value\":{\"1\":\"Sample Caption\",\"2\":\"\",\"4\":\"\"}},\"image\":\"data\\/journal2\\/gallery\\/10.jpg\"},{\"is_open\":false,\"status\":\"1\",\"name\":{\"value\":{\"1\":\"Sample Caption\",\"2\":\"\",\"4\":\"\"}},\"image\":\"data\\/journal2\\/gallery\\/1sxajip0lis-demetrius-washington.jpg\"},{\"is_open\":false,\"status\":\"1\",\"name\":{\"value\":{\"1\":\"Sample Caption\",\"2\":\"\",\"4\":\"\"}},\"image\":\"data\\/journal2\\/gallery\\/4.jpg\"},{\"is_open\":false,\"status\":\"1\",\"name\":{\"value\":{\"1\":\"Sample Caption\",\"2\":\"\",\"4\":\"\"}},\"image\":\"data\\/journal2\\/gallery\\/5.jpg\"},{\"is_open\":false,\"status\":\"1\",\"name\":{\"value\":{\"1\":\"Sample Caption\",\"2\":\"\",\"4\":\"\"}},\"image\":\"data\\/journal2\\/gallery\\/6.jpg\"},{\"is_open\":false,\"status\":\"1\",\"name\":{\"value\":{\"1\":\"\",\"2\":\"\",\"4\":\"\"}},\"image\":\"data\\/journal2\\/gallery\\/7.jpg\"},{\"is_open\":false,\"status\":\"1\",\"name\":{\"value\":{\"1\":\"\",\"2\":\"\",\"4\":\"\"}},\"image\":\"data\\/journal2\\/gallery\\/9.jpg\"},{\"is_open\":false,\"status\":\"1\",\"name\":{\"value\":{\"1\":\"\",\"2\":\"\",\"4\":\"\"}},\"image\":\"data\\/journal2\\/gallery\\/3.jpg\"},{\"is_open\":false,\"status\":\"1\",\"name\":{\"value\":{\"1\":\"\",\"2\":\"\",\"4\":\"\"}},\"image\":\"data\\/journal2\\/gallery\\/e5imvsjz1da-anna-hamilton.jpg\"}],\"enable_on_phone\":\"1\",\"enable_on_tablet\":\"1\",\"enable_on_desktop\":\"1\",\"general_is_open\":false,\"top_bottom_is_open\":true,\"disable_mobile\":\"0\",\"carousel_bullets\":\"0\",\"close_others\":true}'),(119,'journal2_carousel','{\"module_name\":\"Featured\",\"module_type\":\"product\",\"items_per_row\":{\"range\":\"1,10\",\"step\":\"1\",\"value\":{\"mobile\":{\"value\":\"2\",\"range\":\"1,10\",\"step\":\"1\"},\"mobile1\":{\"value\":\"2\",\"range\":\"1,10\",\"step\":\"1\"},\"tablet\":{\"value\":\"4\",\"range\":\"1,10\",\"step\":\"1\"},\"tablet1\":{\"value\":\"2\",\"range\":\"1,10\",\"step\":\"1\"},\"tablet2\":{\"value\":\"1\",\"range\":\"1,10\",\"step\":\"1\"},\"desktop\":{\"value\":\"5\",\"range\":\"1,10\",\"step\":\"1\"},\"desktop1\":{\"value\":\"3\",\"range\":\"1,10\",\"step\":\"1\"},\"desktop2\":{\"value\":\"2\",\"range\":\"1,10\",\"step\":\"1\"},\"large_desktop\":{\"value\":\"6\",\"range\":\"1,10\",\"step\":\"1\"},\"large_desktop1\":{\"value\":\"4\",\"range\":\"1,10\",\"step\":\"1\"},\"large_desktop2\":{\"value\":\"4\",\"range\":\"1,10\",\"step\":\"1\"}}},\"module_background\":{\"value\":{\"bgimage_attach\":\"scroll\",\"use_gradient\":0,\"bgimage_size\":\"auto\",\"bgimage_position\":\"center top\"}},\"module_padding\":\"0\",\"arrows\":\"top\",\"bullets\":1,\"top_bottom_placement\":0,\"background\":{\"value\":{\"bgimage_attach\":\"scroll\",\"use_gradient\":0,\"bgimage_size\":\"auto\",\"bgimage_position\":\"center top\"}},\"fullwidth\":\"0\",\"margin_top\":\"\",\"margin_bottom\":\"\",\"spacing\":\"\",\"show_title\":\"1\",\"brand_name\":\"1\",\"autoplay\":\"1\",\"pause_on_hover\":\"1\",\"transition_speed\":\"400\",\"transition_delay\":\"3000\",\"touch_drag\":\"0\",\"image_border\":{\"value\":{\"border_rounded\":\"px\",\"border_type\":\"solid\",\"border_radius_unit\":\"px\",\"border\":{\"value\":{\"text\":\"\"}},\"border_top\":{\"value\":\"\"},\"border_right\":{\"value\":\"\"},\"border_bottom\":{\"value\":\"\"},\"border_left\":{\"value\":\"\"},\"border_radius\":{\"value\":{\"text\":\"\"}},\"border_radius_top\":{\"value\":\"\"},\"border_radius_right\":{\"value\":\"\"},\"border_radius_left\":{\"value\":\"\"},\"border_radius_bottom\":{\"value\":\"\"},\"border_color\":{\"value\":{\"color\":\"\"}}}},\"image_bgcolor\":{\"value\":{\"color\":\"\"}},\"image_width\":\"\",\"image_height\":\"\",\"image_type\":\"fit\",\"product_sections\":[{\"is_open\":true,\"section_title\":{\"value\":{\"1\":\"Featured Products\",\"2\":\"\"}},\"section_type\":\"custom\",\"status\":\"1\",\"default_section\":\"0\",\"sort_order\":\"\",\"products\":[{\"data\":{\"id\":\"57\",\"name\":\"Beige Prom Dress\"}},{\"data\":{\"id\":\"74\",\"name\":\"Beige Ruffle Dress\"}},{\"data\":{\"id\":\"60\",\"name\":\"Bell Sleeve Dress\"}},{\"data\":{\"id\":\"179\",\"name\":\"Black &amp; White Straw Hat\"}}],\"category\":\"\",\"items_limit\":\"10\",\"module_type\":\"featured\",\"link\":{\"menu_type\":\"custom\",\"url\":\"\",\"menu_item\":[]},\"new_window\":\"0\",\"random_from\":\"all\",\"filter_category\":\"1\",\"todays_specials_only\":\"1\",\"countdown_visibility\":\"1\",\"featured_module_id\":\"1\"}],\"category_sections\":[],\"manufacturer_sections\":[],\"enable_on_phone\":\"1\",\"enable_on_tablet\":\"1\",\"enable_on_desktop\":\"1\",\"general_is_open\":true,\"top_bottom_is_open\":true,\"disable_mobile\":\"0\",\"disable_desktop\":\"0\"}'),(121,'journal2_static_banners','{\"module_name\":\"Left 2\",\"module_title\":{\"value\":{\"1\":\"\",\"2\":\"\"}},\"items_per_row\":{\"range\":\"1,10\",\"step\":\"1\",\"value\":{\"mobile\":{\"value\":\"1\",\"range\":\"1,10\",\"step\":\"1\"},\"mobile1\":{\"value\":\"1\",\"range\":\"1,10\",\"step\":\"1\"},\"tablet\":{\"value\":\"1\",\"range\":\"1,10\",\"step\":\"1\"},\"tablet1\":{\"value\":\"1\",\"range\":\"1,10\",\"step\":\"1\"},\"tablet2\":{\"value\":\"1\",\"range\":\"1,10\",\"step\":\"1\"},\"desktop\":{\"value\":\"1\",\"range\":\"1,10\",\"step\":\"1\"},\"desktop1\":{\"value\":\"1\",\"range\":\"1,10\",\"step\":\"1\"},\"desktop2\":{\"value\":\"1\",\"range\":\"1,10\",\"step\":\"1\"},\"large_desktop\":{\"value\":\"1\",\"range\":\"1,10\",\"step\":\"1\"},\"large_desktop1\":{\"value\":\"1\",\"range\":\"1,10\",\"step\":\"1\"},\"large_desktop2\":{\"value\":\"1\",\"range\":\"1,10\",\"step\":\"1\"}}},\"background\":{\"value\":{\"bgimage_attach\":\"scroll\"}},\"bgcolor\":{\"value\":{\"color\":\"rgba(0, 0, 0, 0.4)\"}},\"icon\":{\"options\":{\"font_size\":\"30px\",\"color\":{\"value\":{\"color\":\"rgb(255, 255, 255)\"}}},\"icon_type\":\"icon\",\"icon\":{\"icon\":\"&#xe094;\",\"class\":\"circle-arrow-right2\"}},\"disable_mobile\":\"0\",\"fullwidth\":\"0\",\"margin_top\":\"\",\"margin_bottom\":\"\",\"image_border\":{\"value\":{\"border_rounded\":\"px\",\"border_type\":\"solid\",\"border_radius_unit\":\"px\",\"border\":{\"value\":\"\"},\"border_top\":{\"value\":\"\"},\"border_right\":{\"value\":\"\"},\"border_bottom\":{\"value\":\"\"},\"border_left\":{\"value\":\"\"},\"border_radius\":{\"value\":\"\"},\"border_radius_top\":{\"value\":\"\"},\"border_radius_right\":{\"value\":\"\"},\"border_radius_left\":{\"value\":\"\"},\"border_radius_bottom\":{\"value\":\"\"}}},\"sections\":[{\"is_open\":true,\"image\":\"data\\/journal2\\/misc\\/bl-2.jpg\",\"link\":{\"menu_type\":\"custom\",\"menu_item\":{\"url\":\"#\"}},\"link_new_window\":\"0\",\"status\":\"1\",\"sort_order\":\"\"}],\"general_is_open\":true,\"top_bottom_is_open\":true}'),(127,'journal2_cms_blocks','{\"module_name\":\"Map\",\"module_title\":{\"value\":{\"1\":\"\",\"2\":\"\"}},\"items_per_row\":{\"range\":\"1,10\",\"step\":\"1\",\"value\":{\"mobile\":{\"value\":\"1\",\"range\":\"1,10\",\"step\":\"1\"},\"mobile1\":{\"value\":\"1\",\"range\":\"1,10\",\"step\":\"1\"},\"tablet\":{\"value\":\"1\",\"range\":\"1,10\",\"step\":\"1\"},\"tablet1\":{\"value\":\"1\",\"range\":\"1,10\",\"step\":\"1\"},\"tablet2\":{\"value\":\"1\",\"range\":\"1,10\",\"step\":\"1\"},\"desktop\":{\"value\":\"1\",\"range\":\"1,10\",\"step\":\"1\"},\"desktop1\":{\"value\":\"1\",\"range\":\"1,10\",\"step\":\"1\"},\"desktop2\":{\"value\":\"1\",\"range\":\"1,10\",\"step\":\"1\"},\"large_desktop\":{\"value\":\"1\",\"range\":\"1,10\",\"step\":\"1\"},\"large_desktop1\":{\"value\":\"1\",\"range\":\"1,10\",\"step\":\"1\"},\"large_desktop2\":{\"value\":\"1\",\"range\":\"1,10\",\"step\":\"1\"}}},\"disable_mobile\":\"1\",\"background\":{\"value\":{\"bgimage_attach\":\"scroll\"}},\"fullwidth\":\"0\",\"margin_top\":\"\",\"margin_bottom\":\"\",\"sections\":[{\"is_open\":true,\"section_title\":[],\"text\":{\"1\":\"<p><iframe frameborder=\\\"0\\\" height=\\\"200\\\" src=\\\"https:\\/\\/www.google.com\\/maps\\/embed?pb=!1m18!1m12!1m3!1d2624.745754504347!2d2.3350847999999917!3d48.863058399999964!2m3!1f0!2f0!3f0!3m2!1i1024!2i768!4f13.1!3m3!1m2!1s0x47e66e25967267e3%3A0x72b2a53b90685549!2s174+Rue+de+Rivoli!5e0!3m2!1sen!2s!4v1400359491114\\\" style=\\\"border:0\\\" width=\\\"100%\\\"><\\/iframe><\\/p>\\n\"},\"text_align\":\"left\",\"icon_status\":\"0\",\"icon_position\":\"top\",\"icon\":{\"options\":{\"font_size\":\"16px\"}},\"icon_border\":{\"value\":{\"border_rounded\":\"px\"}},\"icon_bg_color\":\"\",\"icon_width\":\"\",\"icon_height\":\"\",\"status\":\"1\",\"sort_order\":\"\"}],\"general_is_open\":true,\"top_bottom_is_open\":true}'),(126,'journal2_headline_rotator','{\"module_name\":\"View Lookbook\",\"transition_delay\":\"4000\",\"headline_rotator_height\":\"\",\"pause_on_hover\":\"1\",\"text_font\":{\"value\":{\"font_type\":\"google\",\"font_size\":\"30px\",\"font_family\":\"Helvetica, Arial, sans-serif\",\"font_name\":\"Playfair Display\",\"font_weight\":\"regular\",\"font_style\":\"italic\",\"letter_spacing\":\"\",\"text_transform\":\"none\",\"font_subset\":[\"latin\"]}},\"text_background\":{\"value\":{\"bgimage_attach\":\"scroll\",\"use_gradient\":0,\"bgimage_size\":\"auto\",\"bgimage_position\":\"center top\"}},\"text_align\":\"center\",\"bullets\":\"0\",\"bullets_position\":\"center\",\"top_bottom_placement\":0,\"background\":{\"value\":{\"bgimage_attach\":\"scroll\",\"use_gradient\":0,\"bgimage_size\":\"auto\",\"bgimage_position\":\"center top\"}},\"fullwidth\":\"0\",\"margin_top\":\"10\",\"margin_bottom\":\"\",\"sections\":[{\"is_open\":true,\"name\":\"\",\"text\":{\"value\":{\"1\":\"View our Lookbook\",\"2\":\"\"}},\"icon\":{\"options\":{\"font_size\":\"16px\"}},\"cta\":\"0\",\"cta_link\":{\"menu_type\":\"custom\",\"menu_item\":[]},\"cta_icon\":{\"options\":{\"font_size\":\"16px\"}},\"cta_icon_position\":\"right\",\"cta_new_window\":\"0\",\"cta_text\":{\"value\":{\"1\":\"\",\"2\":\"\",\"4\":\"\"}},\"cta_position\":\"center\",\"cta_offset_top\":\"\",\"cta_offset_left\":\"\",\"status\":\"1\",\"sort_order\":\"\"}],\"enable_on_phone\":\"1\",\"enable_on_tablet\":\"1\",\"enable_on_desktop\":\"1\",\"general_is_open\":true,\"top_bottom_is_open\":true,\"disable_mobile\":\"0\"}'),(133,'journal2_newsletter','{\"module_name\":\"Newsletter-footer\",\"module_title\":{\"value\":{\"1\":\"\",\"2\":\"\"}},\"module_text\":{\"value\":{\"1\":\"Stay up to date with news and promotions by signing up for our weekly newsletter.\",\"2\":\"\"}},\"module_text_font\":{\"value\":{\"font_type\":\"google\",\"font_size\":\"15px\",\"font_family\":\"Helvetica, Arial, sans-serif\",\"font_name\":\"Playfair Display\",\"font_weight\":\"regular\",\"font_style\":\"normal\",\"letter_spacing\":\"\",\"text_transform\":\"none\",\"font_subset\":[\"latin\"],\"color\":{\"value\":{\"color\":\"rgb(56, 56, 56)\"}}}},\"module_background\":{\"value\":{\"bgimage_attach\":\"scroll\",\"bgimage_repeat\":\"repeat\",\"bgimage_position\":\"center top\",\"bgimage\":{\"value\":{\"image\":\"\"}},\"bgcolor\":{\"value\":{\"color\":\"\"}},\"use_gradient\":0,\"bgimage_size\":\"auto\"}},\"module_border\":{\"value\":{\"border_rounded\":\"px\"}},\"module_padding_top\":\"\",\"module_padding_right\":\"\",\"module_padding_bottom\":\"\",\"module_padding_left\":\"\",\"text_position\":\"top\",\"input_height\":\"39\",\"input_placeholder\":{\"value\":{\"1\":\"Email Address...\",\"2\":\"\"}},\"input_bg_color\":[],\"input_font\":{\"value\":{\"font_type\":\"none\",\"font_size\":\"\",\"font_size_mobile\":\"---\",\"font_family\":\"Helvetica, Arial, sans-serif\",\"font_name\":\"ABeeZee\",\"font_weight\":\"\",\"font_style\":\"\",\"font_subset\":[\"latin\"],\"letter_spacing\":\"\",\"text_transform\":\"\"}},\"input_border\":{\"value\":{\"border_rounded\":\"px\",\"border_type\":\"solid\",\"border_radius_unit\":\"px\",\"border\":{\"value\":{\"text\":\"1\"}},\"border_top\":{\"value\":\"\"},\"border_right\":{\"value\":\"\"},\"border_bottom\":{\"value\":\"\"},\"border_left\":{\"value\":\"\"},\"border_radius\":{\"value\":{\"text\":\"\"}},\"border_radius_top\":{\"value\":\"\"},\"border_radius_right\":{\"value\":\"\"},\"border_radius_left\":{\"value\":\"\"},\"border_radius_bottom\":{\"value\":\"\"},\"border_color\":{\"value\":{\"color\":\"rgb(204, 204, 204)\"}}}},\"button_text\":{\"value\":{\"1\":\"Go\",\"2\":\"\"}},\"button_font\":{\"value\":{\"font_type\":\"none\",\"font_size\":\"\",\"font_size_mobile\":\"---\",\"font_family\":\"Helvetica, Arial, sans-serif\",\"font_name\":\"ABeeZee\",\"font_weight\":\"\",\"font_style\":\"\",\"font_subset\":[\"latin\"],\"letter_spacing\":\"\",\"text_transform\":\"\"}},\"button_icon\":{\"options\":{\"font_size\":\"16px\",\"color\":{\"value\":{\"color\":\"rgb(255, 255, 255)\"}}},\"icon_type\":\"none\",\"icon\":{\"icon\":\"&#xe67b;\",\"class\":\"envelope\"}},\"button_border\":{\"value\":{\"border_rounded\":\"px\"}},\"button_offset_top\":\"4\",\"button_offset_left\":\"4\",\"button_shadow\":{\"value\":{\"inner_shadow\":\"0\"}},\"button_shadow_hover\":{\"value\":{\"inner_shadow\":\"0\"}},\"button_shadow_active\":{\"value\":{\"inner_shadow\":\"0\"}},\"button_bg_image\":{\"value\":{\"bgimage_attach\":\"scroll\",\"use_gradient\":0,\"bgimage_size\":\"auto\",\"bgimage_position\":\"center top\",\"bgcolor\":{\"value\":{\"color\":\"rgb(176, 158, 102)\"}}}},\"button_bg_image_hover\":{\"value\":{\"bgimage_attach\":\"scroll\",\"use_gradient\":0,\"bgimage_size\":\"auto\",\"bgimage_position\":\"center top\",\"bgcolor\":{\"value\":{\"color\":\"rgb(56, 56, 56)\"}}}},\"background\":{\"value\":{\"bgimage_attach\":\"scroll\",\"use_gradient\":0,\"bgimage_size\":\"auto\",\"bgimage_position\":\"center top\"}},\"fullwidth\":\"0\",\"margin_top\":\"\",\"margin_bottom\":\"\",\"enable_on_phone\":\"1\",\"enable_on_tablet\":\"1\",\"enable_on_desktop\":\"1\",\"general_is_open\":true,\"input_shadow\":{\"value\":{\"inner_shadow\":\"0\"}},\"top_bottom_is_open\":true,\"module_padding\":\"\",\"disable_mobile\":\"0\"}'),(163,'journal2_side_blocks','{\"module_name\":\"G+\",\"module_type\":\"button\",\"icon\":{\"options\":{\"font_size\":\"24px\",\"color\":{\"value\":{\"color\":\"rgb(255, 255, 255)\"}}},\"icon_type\":\"icon\",\"icon\":{\"icon\":\"&#xe635;\",\"class\":\"google-plus\"}},\"icon_bg_color\":\"rgb(218, 39, 19)\",\"icon_border\":{\"value\":{\"border_rounded\":\"px\",\"border_type\":\"solid\",\"border_radius_unit\":\"%\",\"border\":{\"value\":\"\"},\"border_top\":{\"value\":\"\"},\"border_right\":{\"value\":\"\"},\"border_bottom\":{\"value\":\"\"},\"border_left\":{\"value\":\"\"},\"border_radius\":{\"value\":{\"text\":\"50\"}},\"border_radius_top\":{\"value\":\"\"},\"border_radius_right\":{\"value\":\"\"},\"border_radius_left\":{\"value\":\"\"},\"border_radius_bottom\":{\"value\":\"\"}}},\"icon_bg_hover_color\":\"rgb(155, 89, 182)\",\"content_bg_color\":\"rgb(255, 255, 255)\",\"alignment\":\"right\",\"position\":\"fixed\",\"icon_width\":\"50\",\"icon_height\":\"50\",\"offset_top\":\"435\",\"offset_side\":\"15\",\"content_width\":\"\",\"content_padding\":\"\",\"content\":[],\"link\":{\"menu_type\":\"custom\",\"url\":\"\",\"menu_item\":{\"url\":\"https:\\/\\/plus.google.com\"}},\"new_window\":\"1\"}'),(170,'journal2_product_tabs','{\"module_name\":\"Image 2\",\"name\":{\"value\":{\"1\":\"Another Block\",\"2\":\"\"}},\"icon_status\":\"0\",\"icon\":{\"options\":{\"font_size\":\"16px\"}},\"icon_border\":{\"value\":{\"border_rounded\":\"px\"}},\"icon_bg_color\":\"\",\"icon_width\":\"\",\"icon_height\":\"\",\"content\":{\"1\":\"<p>Another custom block. There&#39;s no limit to how many blocks you can add. There are 4 positions available within the product page alone.<\\/p>\\n\"},\"global\":1,\"products\":[],\"status\":\"0\",\"sort_order\":\"\",\"position\":\"image\",\"option_position\":\"top\"}'),(175,'journal2_side_products','{\"module_name\":\"Specials\",\"section_title\":{\"value\":{\"1\":\"On Sale\",\"2\":\"\"}},\"section_type\":\"module\",\"products\":[],\"category\":\"\",\"items_limit\":\"5\",\"module_type\":\"specials\",\"filter_category\":\"0\",\"random_from\":\"all\"}'),(179,'journal2_side_blocks','{\"module_name\":\"CMS Block\",\"module_type\":\"block\",\"icon\":{\"options\":{\"font_size\":\"28px\",\"color\":{\"value\":{\"color\":\"rgb(255, 255, 255)\"}}},\"icon_type\":\"icon\",\"icon\":{\"icon\":\"&#xe62a;\",\"class\":\"question-sign\"}},\"icon_bg_color\":\"rgb(123, 205, 237)\",\"icon_border\":{\"value\":{\"border_rounded\":\"px\",\"border_type\":\"solid\",\"border_radius_unit\":\"px\",\"border\":{\"value\":\"\"},\"border_top\":{\"value\":\"\"},\"border_right\":{\"value\":\"\"},\"border_bottom\":{\"value\":\"\"},\"border_left\":{\"value\":\"\"},\"border_radius\":{\"value\":\"\"},\"border_radius_top\":{\"value\":{\"text\":\"\"}},\"border_radius_right\":{\"value\":\"\"},\"border_radius_left\":{\"value\":{\"text\":\"\"}},\"border_radius_bottom\":{\"value\":{\"text\":\"\"}}}},\"icon_bg_hover_color\":\"\",\"content_bg_color\":\"rgb(244, 244, 244)\",\"alignment\":\"right\",\"position\":\"fixed\",\"icon_width\":\"50\",\"icon_height\":\"50\",\"offset_top\":\"460\",\"offset_side\":\"\",\"content_width\":\"275\",\"content_padding\":\"15\",\"content\":{\"1\":\"<h3>Multi Purpose Side Blocks<\\/h3>\\n\\n<p><img alt=\\\"\\\" src=\\\"http:\\/\\/127.0.0.1:8080\\/journal2\\/image\\/data\\/journal2\\/misc\\/button-up.jpg\\\" style=\\\"width: 290px; height: 80px; margin-bottom: 10px;\\\" \\/>Put anything in these HTML blocks. Social widgets, images, videos, whatever you want. Create <strong>unlimited blocks<\\/strong>&nbsp;and position them globally on all pages or selectively just on the pages you want.<\\/p>\\n\"},\"link\":{\"menu_type\":\"custom\",\"url\":\"\"},\"new_window\":\"0\"}'),(223,'journal2_carousel','{\"module_name\":\"Also Bought\",\"module_type\":\"product\",\"items_per_row\":{\"range\":\"1,10\",\"step\":\"1\",\"value\":{\"mobile\":{\"value\":\"1\",\"range\":\"1,10\",\"step\":\"1\"},\"mobile1\":{\"value\":\"2\",\"range\":\"1,10\",\"step\":\"1\"},\"tablet\":{\"value\":\"3\",\"range\":\"1,10\",\"step\":\"1\"},\"tablet1\":{\"value\":\"2\",\"range\":\"1,10\",\"step\":\"1\"},\"tablet2\":{\"value\":\"1\",\"range\":\"1,10\",\"step\":\"1\"},\"desktop\":{\"value\":\"4\",\"range\":\"1,10\",\"step\":\"1\"},\"desktop1\":{\"value\":\"3\",\"range\":\"1,10\",\"step\":\"1\"},\"desktop2\":{\"value\":\"2\",\"range\":\"1,10\",\"step\":\"1\"},\"large_desktop\":{\"value\":\"5\",\"range\":\"1,10\",\"step\":\"1\"},\"large_desktop1\":{\"value\":\"4\",\"range\":\"1,10\",\"step\":\"1\"},\"large_desktop2\":{\"value\":\"4\",\"range\":\"1,10\",\"step\":\"1\"}}},\"arrows\":\"top\",\"bullets\":1,\"top_bottom_placement\":0,\"background\":{\"value\":{\"bgimage_attach\":\"scroll\"}},\"fullwidth\":\"0\",\"margin_top\":\"20\",\"margin_bottom\":\"20\",\"show_title\":\"1\",\"brand_name\":\"1\",\"autoplay\":\"0\",\"pause_on_hover\":\"1\",\"transition_speed\":\"400\",\"transition_delay\":\"3000\",\"touch_drag\":\"1\",\"disable_mobile\":\"0\",\"image_border\":{\"value\":{\"border_rounded\":\"px\"}},\"image_bgcolor\":\"\",\"image_width\":\"\",\"image_height\":\"\",\"image_type\":\"fit\",\"product_sections\":[{\"is_open\":true,\"section_title\":{\"value\":{\"1\":\"People Also Bought\",\"2\":\"\"}},\"section_type\":\"module\",\"status\":\"1\",\"default_section\":\"0\",\"sort_order\":\"\",\"products\":[],\"category\":\"\",\"items_limit\":\"6\",\"module_type\":\"people-also-bought\",\"filter_category\":\"0\",\"link\":{\"menu_type\":\"custom\",\"url\":\"\"},\"new_window\":\"0\",\"random_from\":\"all\"}],\"category_sections\":[],\"manufacturer_sections\":[],\"general_is_open\":true,\"top_bottom_is_open\":true}'),(195,'journal2_side_blocks','{\"module_name\":\"FB Block\",\"module_type\":\"block\",\"icon\":{\"options\":{\"font_size\":\"24px\",\"color\":{\"value\":{\"color\":\"rgb(255, 255, 255)\"}}},\"icon_type\":\"icon\",\"icon\":{\"icon\":\"&#xe683;\",\"class\":\"facebook3\"}},\"icon_bg_color\":\"rgb(66, 139, 202)\",\"icon_border\":{\"value\":{\"border_rounded\":\"px\",\"border_type\":\"solid\",\"border_radius_unit\":\"px\",\"border\":{\"value\":\"\"},\"border_top\":{\"value\":\"\"},\"border_right\":{\"value\":\"\"},\"border_bottom\":{\"value\":\"\"},\"border_left\":{\"value\":\"\"},\"border_radius\":{\"value\":\"\"},\"border_radius_top\":{\"value\":\"\"},\"border_radius_right\":{\"value\":\"\"},\"border_radius_left\":{\"value\":\"\"},\"border_radius_bottom\":{\"value\":\"\"}}},\"icon_bg_hover_color\":\"\",\"content_bg_color\":\"rgb(255, 255, 255)\",\"alignment\":\"right\",\"position\":\"fixed\",\"icon_width\":\"50\",\"icon_height\":\"50\",\"offset_top\":\"360\",\"offset_side\":\"\",\"content_width\":\"300\",\"content_padding\":\"\",\"content\":[null,\"<p><iframe allowtransparency=\\\"true\\\" frameborder=\\\"0\\\" scrolling=\\\"no\\\" src=\\\"\\/\\/www.facebook.com\\/plugins\\/likebox.php?href=https%3A%2F%2Fwww.facebook.com%2FFacebookDevelopers&amp;width=300&amp;height=258&amp;colorscheme=light&amp;show_faces=true&amp;header=false&amp;stream=false&amp;show_border=false&amp;appId=117935585037426\\\" style=\\\"border:none; overflow:hidden; width:300px; height:230px;\\\"><\\/iframe><\\/p>\\n\"],\"link\":{\"menu_type\":\"custom\",\"url\":\"\"},\"new_window\":\"0\"}'),(196,'journal2_side_blocks','{\"module_name\":\"Tweets Block\",\"module_type\":\"block\",\"icon\":{\"options\":{\"font_size\":\"24px\",\"color\":{\"value\":{\"color\":\"rgb(255, 255, 255)\"}}},\"icon_type\":\"icon\",\"icon\":{\"icon\":\"&#xe682;\",\"class\":\"twitter3\"}},\"icon_bg_color\":\"rgb(43, 176, 227)\",\"icon_border\":{\"value\":{\"border_rounded\":\"px\"}},\"icon_bg_hover_color\":\"\",\"content_bg_color\":\"\",\"alignment\":\"right\",\"position\":\"fixed\",\"icon_width\":\"50\",\"icon_height\":\"50\",\"offset_top\":\"410\",\"offset_side\":\"\",\"content_width\":\"300\",\"content_padding\":\"\",\"content\":[null,\"<p><a class=\\\"twitter-timeline\\\" data-widget-id=\\\"342636600209068032\\\" href=\\\"https:\\/\\/twitter.com\\/envato\\\">Tweets by @envato<\\/a> <script>!function(d,s,id){var js,fjs=d.getElementsByTagName(s)[0],p=\\/^http:\\/.test(d.location)?\'http\':\'https\';if(!d.getElementById(id)){js=d.createElement(s);js.id=id;js.src=p+\\\":\\/\\/platform.twitter.com\\/widgets.js\\\";fjs.parentNode.insertBefore(js,fjs);}}(document,\\\"script\\\",\\\"twitter-wjs\\\");<\\/script><\\/p>\\n\"],\"link\":{\"menu_type\":\"custom\",\"url\":\"\"},\"new_window\":\"0\"}'),(203,'journal2_side_products','{\"module_name\":\"Recently Viewed\",\"section_title\":{\"value\":{\"1\":\"Recently Viewed\",\"2\":\"\"}},\"section_type\":\"module\",\"products\":[],\"category\":\"\",\"items_limit\":5,\"module_type\":\"recently-viewed\",\"filter_category\":\"0\",\"random_from\":\"all\",\"featured_module_id\":\"\"}'),(217,'journal2_cms_blocks','{\"module_name\":\"Text Block\",\"module_title\":{\"value\":{\"1\":\"CMS Block\",\"2\":\"\"}},\"items_per_row\":{\"range\":\"1,10\",\"step\":\"1\",\"value\":{\"mobile\":{\"value\":\"1\",\"range\":\"1,10\",\"step\":\"1\"},\"mobile1\":{\"value\":\"2\",\"range\":\"1,10\",\"step\":\"1\"},\"tablet\":{\"value\":\"2\",\"range\":\"1,10\",\"step\":\"1\"},\"tablet1\":{\"value\":\"2\",\"range\":\"1,10\",\"step\":\"1\"},\"tablet2\":{\"value\":\"2\",\"range\":\"1,10\",\"step\":\"1\"},\"desktop\":{\"value\":\"4\",\"range\":\"1,10\",\"step\":\"1\"},\"desktop1\":{\"value\":\"4\",\"range\":\"1,10\",\"step\":\"1\"},\"desktop2\":{\"value\":\"2\",\"range\":\"1,10\",\"step\":\"1\"},\"large_desktop\":{\"value\":\"4\",\"range\":\"1,10\",\"step\":\"1\"},\"large_desktop1\":{\"value\":\"4\",\"range\":\"1,10\",\"step\":\"1\"},\"large_desktop2\":{\"value\":\"4\",\"range\":\"1,10\",\"step\":\"1\"}}},\"disable_mobile\":\"0\",\"background\":{\"value\":{\"bgimage_attach\":\"scroll\"}},\"fullwidth\":\"0\",\"margin_top\":\"\",\"margin_bottom\":\"\",\"sections\":[{\"is_open\":true,\"section_title\":[],\"text\":{\"1\":\"<p>You can create unlimited blocks and put them on both side columns or the main center content in any position on any page.<\\/p>\\n\"},\"text_align\":\"left\",\"icon_status\":\"0\",\"icon_position\":\"top\",\"icon\":{\"options\":{\"font_size\":\"16px\"}},\"icon_border\":{\"value\":{\"border_rounded\":\"px\"}},\"icon_bg_color\":\"\",\"icon_width\":\"\",\"icon_height\":\"\",\"status\":\"1\",\"sort_order\":\"\"}],\"general_is_open\":true,\"top_bottom_is_open\":true}'),(228,'journal2_blog_comments','{\"general_is_open\":true,\"close_others\":false,\"module_name\":\"New Module\",\"limit\":5,\"title\":{\"value\":{\"1\":\"Latest Comments\"}}}'),(229,'journal2_blog_search','{\"general_is_open\":true,\"close_others\":false,\"module_name\":\"New Module\",\"title\":{\"value\":{\"1\":\"Blog Search\"}},\"placeholder\":{\"value\":{\"1\":\"Search in Articles\"}}}'),(230,'journal2_blog_tags','{\"general_is_open\":true,\"close_others\":false,\"module_name\":\"New Module\",\"limit\":\"25\",\"title\":{\"value\":{\"1\":\"Article Tags\"}}}'),(231,'journal2_blog_categories','{\"general_is_open\":true,\"close_others\":false,\"module_name\":\"New Module\",\"title\":{\"value\":{\"1\":\"Blog Categories\"}}}'),(232,'journal2_popup','{\"module_name\":\"Blog Style\",\"close_button\":\"1\",\"padding\":\"\",\"title\":{\"value\":{\"1\":\"Did you know you can open custom popups from any link?\"}},\"title_font\":{\"value\":{\"font_type\":\"google\",\"font_size\":\"17px\",\"font_family\":\"Helvetica, Arial, sans-serif\",\"font_name\":\"Playfair Display\",\"font_weight\":\"700\",\"font_style\":\"normal\",\"letter_spacing\":\"\",\"text_transform\":\"uppercase\",\"font_subset\":[\"latin\"]}},\"title_bg_color\":\"\",\"title_height\":\"50\",\"newsletter\":\"0\",\"newsletter_bg_color\":\"\",\"newsletter_height\":80,\"newsletter_id\":\"\",\"footer_height\":60,\"footer_bg_color\":\"\",\"type\":\"text\",\"text\":[null,\"<p><img alt=\\\"\\\" height=\\\"400\\\" src=\\\"http:\\/\\/digital-cdn.net\\/1\\/image\\/data\\/journal2\\/blog\\/blog-style-popup.jpg\\\" width=\\\"600\\\" \\/><\\/p>\\n\"],\"text_font\":[],\"text_height\":\"\",\"image\":\"no_image.jpg\",\"content_overflow\":\"0\",\"disable_mobile\":\"1\",\"status\":\"1\",\"width\":600,\"height\":\"380\",\"background\":{\"value\":{\"bgimage_attach\":\"scroll\"}},\"button_1\":\"0\",\"button_1_link\":{\"menu_type\":\"custom\"},\"button_1_icon\":{\"options\":{\"font_size\":\"16px\"}},\"button_1_new_window\":\"0\",\"button_1_text\":{\"value\":{\"1\":\"\"}},\"button_1_font\":{\"value\":{\"font_type\":\"none\",\"font_size\":\"13px\",\"font_family\":\"Helvetica, Arial, sans-serif\",\"font_name\":\"\",\"font_weight\":\"normal\",\"font_style\":\"normal\",\"letter_spacing\":\"\",\"text_transform\":\"none\"}},\"button_1_bgcolor\":\"\",\"button_1_hover_bgcolor\":\"\",\"button_2\":\"0\",\"button_2_link\":{\"menu_type\":\"custom\"},\"button_2_icon\":{\"options\":{\"font_size\":\"16px\"}},\"button_2_new_window\":\"0\",\"button_2_text\":{\"value\":{\"1\":\"\"}},\"button_2_font\":{\"value\":{\"font_type\":\"none\",\"font_size\":\"13px\",\"font_family\":\"Helvetica, Arial, sans-serif\",\"font_name\":\"\",\"font_weight\":\"normal\",\"font_style\":\"normal\",\"letter_spacing\":\"\",\"text_transform\":\"none\"}},\"button_2_bgcolor\":\"\",\"button_2_hover_bgcolor\":\"\",\"button_submit_icon\":{\"options\":{\"font_size\":\"16px\"}},\"button_submit_text\":{\"value\":{\"1\":\"Send Enquiry\"}},\"button_submit_font\":{\"value\":{\"font_type\":\"none\",\"font_size\":\"13px\",\"font_family\":\"Helvetica, Arial, sans-serif\",\"font_name\":\"\",\"font_weight\":\"normal\",\"font_style\":\"normal\",\"letter_spacing\":\"\",\"text_transform\":\"none\"}},\"button_submit_bgcolor\":\"\",\"button_submit_hover_bgcolor\":\"\",\"button_submit_position\":\"center\",\"do_not_show_again\":\"1\",\"do_not_show_again_text\":{\"value\":{\"1\":\"\"}},\"do_not_show_again_font\":{\"value\":{\"font_type\":\"none\",\"font_size\":\"13px\",\"font_family\":\"Helvetica, Arial, sans-serif\",\"font_name\":\"\",\"font_weight\":\"normal\",\"font_style\":\"normal\",\"letter_spacing\":\"\",\"text_transform\":\"none\"}},\"do_not_show_again_cookie\":\"cn0ybpdgqfr\",\"sort_order\":\"\",\"general_is_open\":true,\"header_is_open\":true,\"newsletter_is_open\":true,\"footer_is_open\":true,\"button_submit_icon_position\":\"left\",\"button_1_icon_position\":\"left\",\"button_2_icon_position\":\"left\",\"content_is_open\":true,\"top_bottom_is_open\":true}'),(233,'journal2_popup','{\"module_name\":\"Contact Form\",\"close_button\":\"1\",\"padding\":\"\",\"title\":{\"value\":{\"1\":\"Send Enquiry\"}},\"title_font\":{\"value\":{\"font_type\":\"none\",\"font_size\":\"13px\",\"font_family\":\"Helvetica, Arial, sans-serif\",\"font_name\":\"\",\"font_weight\":\"normal\",\"font_style\":\"normal\",\"letter_spacing\":\"\",\"text_transform\":\"none\",\"color\":{\"value\":{\"color\":\"rgb(255, 255, 255)\"}}}},\"title_bg_color\":{\"value\":{\"color\":\"rgb(176, 158, 102)\"}},\"title_height\":\"45\",\"newsletter\":\"0\",\"newsletter_bg_color\":\"\",\"newsletter_height\":80,\"newsletter_id\":\"\",\"footer_height\":60,\"footer_bg_color\":\"\",\"type\":\"contact\",\"text\":[],\"text_font\":[],\"text_height\":\"\",\"image\":\"no_image.jpg\",\"content_overflow\":\"1\",\"disable_mobile\":\"1\",\"status\":\"1\",\"width\":600,\"height\":300,\"background\":{\"value\":{\"bgimage_attach\":\"scroll\"}},\"button_1\":\"0\",\"button_1_link\":{\"menu_type\":\"custom\"},\"button_1_icon\":{\"options\":{\"font_size\":\"16px\"}},\"button_1_new_window\":\"0\",\"button_1_text\":{\"value\":{\"1\":\"\"}},\"button_1_font\":{\"value\":{\"font_type\":\"none\",\"font_size\":\"13px\",\"font_family\":\"Helvetica, Arial, sans-serif\",\"font_name\":\"\",\"font_weight\":\"normal\",\"font_style\":\"normal\",\"letter_spacing\":\"\",\"text_transform\":\"none\"}},\"button_1_bgcolor\":\"\",\"button_1_hover_bgcolor\":\"\",\"button_2\":\"0\",\"button_2_link\":{\"menu_type\":\"custom\"},\"button_2_icon\":{\"options\":{\"font_size\":\"16px\"}},\"button_2_new_window\":\"0\",\"button_2_text\":{\"value\":{\"1\":\"\"}},\"button_2_font\":{\"value\":{\"font_type\":\"none\",\"font_size\":\"13px\",\"font_family\":\"Helvetica, Arial, sans-serif\",\"font_name\":\"\",\"font_weight\":\"normal\",\"font_style\":\"normal\",\"letter_spacing\":\"\",\"text_transform\":\"none\"}},\"button_2_bgcolor\":\"\",\"button_2_hover_bgcolor\":\"\",\"button_submit_icon\":{\"options\":{\"font_size\":\"16px\"}},\"button_submit_text\":{\"value\":{\"1\":\"Send\"}},\"button_submit_font\":{\"value\":{\"font_type\":\"google\",\"font_size\":\"15px\",\"font_family\":\"Helvetica, Arial, sans-serif\",\"font_name\":\"Playfair Display\",\"font_weight\":\"700\",\"font_style\":\"normal\",\"letter_spacing\":\"\",\"text_transform\":\"none\",\"font_subset\":[\"latin\"]}},\"button_submit_bgcolor\":\"\",\"button_submit_hover_bgcolor\":\"\",\"button_submit_position\":\"left\",\"do_not_show_again\":\"1\",\"do_not_show_again_text\":{\"value\":{\"1\":\"\"}},\"do_not_show_again_font\":{\"value\":{\"font_type\":\"none\",\"font_size\":\"13px\",\"font_family\":\"Helvetica, Arial, sans-serif\",\"font_name\":\"\",\"font_weight\":\"normal\",\"font_style\":\"normal\",\"letter_spacing\":\"\",\"text_transform\":\"none\"}},\"do_not_show_again_cookie\":\"wjfkpsexw29\",\"sort_order\":\"\",\"general_is_open\":true,\"header_is_open\":true,\"newsletter_is_open\":true,\"footer_is_open\":true,\"button_submit_icon_position\":\"left\",\"button_1_icon_position\":\"left\",\"button_2_icon_position\":\"left\",\"content_is_open\":true,\"top_bottom_is_open\":true}'),(234,'journal2_product_tabs','{\"module_name\":\"Enquiry\",\"name\":{\"value\":{\"1\":\"Send Enquiry\"}},\"icon_status\":\"0\",\"icon\":{\"options\":{\"font_size\":\"16px\"}},\"icon_border\":{\"value\":{\"border_rounded\":\"px\"}},\"icon_bg_color\":\"\",\"icon_width\":\"\",\"icon_height\":\"\",\"content_type\":\"enquiry\",\"out_of_stock_only\":\"0\",\"content\":[],\"popup\":\"233\",\"global\":\"0\",\"products\":[{\"data\":{\"id\":\"160\",\"name\":\"Diamond Earrings\"}}],\"categories\":[],\"manufacturers\":[],\"store_id\":-1,\"status\":1,\"sort_order\":\"\",\"position\":\"tab\",\"option_position\":\"top\"}'),(235,'journal2_popup','{\"module_name\":\"Site Feedback\",\"close_button\":\"1\",\"padding\":\"\",\"title\":{\"value\":{\"1\":\"Send us your Feedback\"}},\"title_font\":{\"value\":{\"font_type\":\"none\",\"font_size\":\"13px\",\"font_family\":\"Helvetica, Arial, sans-serif\",\"font_name\":\"ABeeZee\",\"font_weight\":\"regular\",\"font_style\":\"normal\",\"letter_spacing\":\"\",\"text_transform\":\"none\",\"font_subset\":[],\"color\":{\"value\":{\"color\":\"rgb(255, 255, 255)\"}}}},\"title_bg_color\":{\"value\":{\"color\":\"rgb(176, 158, 102)\"}},\"title_height\":\"45\",\"newsletter\":\"0\",\"newsletter_bg_color\":\"\",\"newsletter_height\":80,\"newsletter_id\":\"\",\"footer_height\":\"65\",\"footer_bg_color\":{\"value\":{\"color\":\"rgb(238, 238, 238)\"}},\"type\":\"contact\",\"text\":[],\"text_font\":[],\"text_height\":\"\",\"image\":\"no_image.jpg\",\"content_overflow\":\"0\",\"disable_mobile\":\"0\",\"status\":\"1\",\"width\":600,\"height\":300,\"background\":{\"value\":{\"bgimage_attach\":\"scroll\"}},\"button_1\":\"0\",\"button_1_link\":{\"menu_type\":\"custom\"},\"button_1_icon\":{\"options\":{\"font_size\":\"16px\"}},\"button_1_new_window\":\"0\",\"button_1_text\":{\"value\":{\"1\":\"\"}},\"button_1_font\":{\"value\":{\"font_type\":\"none\",\"font_size\":\"13px\",\"font_family\":\"Helvetica, Arial, sans-serif\",\"font_name\":\"\",\"font_weight\":\"normal\",\"font_style\":\"normal\",\"letter_spacing\":\"\",\"text_transform\":\"none\"}},\"button_1_bgcolor\":\"\",\"button_1_hover_bgcolor\":\"\",\"button_2\":\"0\",\"button_2_link\":{\"menu_type\":\"custom\"},\"button_2_icon\":{\"options\":{\"font_size\":\"16px\"}},\"button_2_new_window\":\"0\",\"button_2_text\":{\"value\":{\"1\":\"\"}},\"button_2_font\":{\"value\":{\"font_type\":\"none\",\"font_size\":\"13px\",\"font_family\":\"Helvetica, Arial, sans-serif\",\"font_name\":\"\",\"font_weight\":\"normal\",\"font_style\":\"normal\",\"letter_spacing\":\"\",\"text_transform\":\"none\"}},\"button_2_bgcolor\":\"\",\"button_2_hover_bgcolor\":\"\",\"button_submit_icon\":{\"options\":{\"font_size\":\"16px\"}},\"button_submit_text\":{\"value\":{\"1\":\"Send Feedback\"}},\"button_submit_font\":{\"value\":{\"font_type\":\"none\",\"font_size\":\"13px\",\"font_family\":\"Helvetica, Arial, sans-serif\",\"font_name\":\"\",\"font_weight\":\"normal\",\"font_style\":\"normal\",\"letter_spacing\":\"\",\"text_transform\":\"none\"}},\"button_submit_bgcolor\":\"\",\"button_submit_hover_bgcolor\":\"\",\"button_submit_position\":\"left\",\"do_not_show_again\":\"1\",\"do_not_show_again_text\":{\"value\":{\"1\":\"\"}},\"do_not_show_again_font\":{\"value\":{\"font_type\":\"none\",\"font_size\":\"13px\",\"font_family\":\"Helvetica, Arial, sans-serif\",\"font_name\":\"\",\"font_weight\":\"normal\",\"font_style\":\"normal\",\"letter_spacing\":\"\",\"text_transform\":\"none\"}},\"do_not_show_again_cookie\":\"3zztojkbj4i\",\"sort_order\":\"\",\"general_is_open\":true,\"header_is_open\":true,\"newsletter_is_open\":true,\"footer_is_open\":true,\"button_submit_icon_position\":\"left\",\"button_1_icon_position\":\"left\",\"button_2_icon_position\":\"left\",\"content_is_open\":true,\"top_bottom_is_open\":true}'),(238,'journal2_side_products','{\"module_name\":\"Also Bought\",\"section_title\":{\"value\":{\"1\":\"People Also Bought\",\"4\":\"\"}},\"section_type\":\"module\",\"products\":[],\"category\":\"\",\"items_limit\":5,\"module_type\":\"people-also-bought\",\"filter_category\":\"0\",\"featured_module_id\":\"\"}'),(239,'journal2_carousel','{\"module_name\":\"New Module\",\"module_type\":\"product\",\"items_per_row\":{\"range\":\"1,10\",\"step\":\"1\",\"value\":{\"mobile\":{\"value\":\"1\",\"range\":\"1,10\",\"step\":\"1\"},\"mobile1\":{\"value\":\"2\",\"range\":\"1,10\",\"step\":\"1\"},\"tablet\":{\"value\":\"3\",\"range\":\"1,10\",\"step\":\"1\"},\"tablet1\":{\"value\":\"2\",\"range\":\"1,10\",\"step\":\"1\"},\"tablet2\":{\"value\":\"1\",\"range\":\"1,10\",\"step\":\"1\"},\"desktop\":{\"value\":\"4\",\"range\":\"1,10\",\"step\":\"1\"},\"desktop1\":{\"value\":\"3\",\"range\":\"1,10\",\"step\":\"1\"},\"desktop2\":{\"value\":\"2\",\"range\":\"1,10\",\"step\":\"1\"},\"large_desktop\":{\"value\":\"5\",\"range\":\"1,10\",\"step\":\"1\"},\"large_desktop1\":{\"value\":\"4\",\"range\":\"1,10\",\"step\":\"1\"},\"large_desktop2\":{\"value\":\"4\",\"range\":\"1,10\",\"step\":\"1\"}}},\"module_background\":{\"value\":{\"bgimage_attach\":\"scroll\",\"use_gradient\":0,\"bgimage_size\":\"auto\",\"bgimage_position\":\"center top\"}},\"module_padding\":\"0\",\"arrows\":\"top\",\"bullets\":1,\"top_bottom_placement\":0,\"background\":{\"value\":{\"bgimage_attach\":\"scroll\",\"use_gradient\":0,\"bgimage_size\":\"auto\",\"bgimage_position\":\"center top\"}},\"fullwidth\":\"0\",\"margin_top\":\"\",\"margin_bottom\":\"\",\"spacing\":\"\",\"show_title\":\"1\",\"brand_name\":\"1\",\"autoplay\":\"0\",\"pause_on_hover\":\"1\",\"transition_speed\":\"400\",\"transition_delay\":\"3000\",\"touch_drag\":\"0\",\"image_border\":{\"value\":{\"border_rounded\":\"px\"}},\"image_bgcolor\":\"\",\"image_width\":\"\",\"image_height\":\"\",\"image_type\":\"fit\",\"product_sections\":[{\"is_open\":true,\"section_title\":{\"value\":{\"1\":\"Recently Viewed\"}},\"section_type\":\"module\",\"status\":\"1\",\"default_section\":\"0\",\"sort_order\":\"\",\"products\":[],\"category\":\"\",\"items_limit\":5,\"module_type\":\"recently-viewed\",\"todays_specials_only\":\"0\",\"countdown_visibility\":\"0\",\"filter_category\":\"0\",\"link\":{\"menu_type\":\"custom\",\"url\":\"\",\"menu_item\":[]},\"new_window\":\"0\"}],\"category_sections\":[],\"manufacturer_sections\":[],\"enable_on_phone\":\"1\",\"enable_on_tablet\":\"1\",\"enable_on_desktop\":\"1\"}');

--
